{"id":4,"date":"2021-05-21T14:19:47","date_gmt":"2021-05-21T12:19:47","guid":{"rendered":"https:\/\/blogs.univ-jfc.fr\/inscriptions\/?page_id=4"},"modified":"2025-06-10T13:11:13","modified_gmt":"2025-06-10T11:11:13","slug":"faq","status":"publish","type":"page","link":"https:\/\/blogs.univ-jfc.fr\/inscriptions\/faq\/","title":{"rendered":"Foire aux questions"},"content":{"rendered":"\n<div class=\"wp-block-pb-accordion-item c-accordion__item js-accordion-item no-js\" data-initially-open=\"false\" data-click-to-close=\"true\" data-auto-close=\"true\" data-scroll=\"false\" data-scroll-offset=\"0\"><h2 id=\"at-11729\" class=\"c-accordion__title js-accordion-controller\" role=\"button\">La CVEC (Cotisation Vie \u00c9tudiante et de Campus) ?<\/h2><div id=\"ac-11729\" class=\"c-accordion__content\">\n<h3 id=\"h.5c1qac75x4t\">Qu&rsquo;est-ce que la CVEC ?<\/h3>\n\n\n\n<p><a href=\"https:\/\/www.etudiant.gouv.fr\/fr\/cvec-une-demarche-de-rentree-incontournable-955\">La Contribution vie <\/a><a rel=\"noreferrer noopener\" href=\"https:\/\/www.etudiant.gouv.fr\/fr\/cvec-une-demarche-de-rentree-incontournable-955\" target=\"_blank\">\u00e9tudiante <\/a><a href=\"https:\/\/www.etudiant.gouv.fr\/fr\/cvec-une-demarche-de-rentree-incontournable-955\">et de campus<\/a> est destin\u00e9e \u00e0 favoriser l\u2019accueil et l\u2019accompagnement social, sanitaire, culturel et sportif des \u00e9tudiants et \u00e0 conforter les actions de pr\u00e9vention et d\u2019\u00e9ducation \u00e0 la sant\u00e9, \u00e0 l&rsquo;universit\u00e9.<\/p>\n\n\n\n<p><strong>TOUT<\/strong> \u00e9tudiant doit se la procurer, pour s&rsquo;inscrire \u00e0 l&rsquo;universit\u00e9. Pour cela, vous devez vous connecter sur le site du CROUS <a rel=\"noreferrer noopener\" href=\"https:\/\/www.google.com\/url?q=https%3A%2F%2Fcvec.etudiant.gouv.fr%2F&amp;sa=D&amp;sntz=1&amp;usg=AFQjCNEzkYJcqmPLcXUcPAdTHGLCdUo5sg\" target=\"_blank\">www.cvec.etudiant.gouv.fr<\/a><\/p>\n\n\n\n<h3>Comment m&rsquo;en acquitter ?<\/h3>\n\n\n\n<ul><li>Si vous n&rsquo;\u00eates pas boursier, vous devrez vous acquitter de cette contribution. Cette cotisation d&rsquo;un montant de<span class=\"has-inline-color has-black-color\"> <\/span><strong><span class=\"has-inline-color has-black-color\">105 euros <\/span>est obligatoire<\/strong>. Elle doit \u00eatre r\u00e9gl\u00e9e en ligne. Vous devrez t\u00e9l\u00e9charger votre attestation de paiement et nous l&rsquo;envoyer par courrier postal, avec le reste des pi\u00e8ces justificatives.<\/li><li>Si vous \u00eates boursier, vous ne paierez pas cette cotisation. Mais vous devrez tout de m\u00eame nous envoyer, par courrier postal, l<strong>&lsquo;attestation d&rsquo;exon\u00e9ration<\/strong> pour finaliser votre inscription, avec le reste des pi\u00e8ces justificatives.<\/li><\/ul>\n<\/div><\/div>\n\n\n\n<div class=\"wp-block-pb-accordion-item c-accordion__item js-accordion-item no-js\" data-initially-open=\"false\" data-click-to-close=\"true\" data-auto-close=\"true\" data-scroll=\"false\" data-scroll-offset=\"0\"><h2 id=\"at-28046\" class=\"c-accordion__title js-accordion-controller\" role=\"button\">\u00c9tudiants boursiers ?<\/h2><div id=\"ac-28046\" class=\"c-accordion__content\">\n<h3>Je viens d&rsquo;une autre acad\u00e9mie. Suis-je consid\u00e9r\u00e9 comme boursier ?<\/h3>\n\n\n\n<p>Oui, vous serez consid\u00e9r\u00e9 comme boursier, m\u00eame si votre notification de bourse provient d&rsquo;un autre CROUS. La scolarit\u00e9 g\u00e9n\u00e9rale se chargera ensuite du transfert de votre dossier.<\/p>\n\n\n\n<p><strong><em>Remarque :<\/em> <\/strong>Pour \u00eatre boursier, le v\u0153u Champollion doit <strong>obligatoirement<\/strong> appara\u00eetre sur votre notification.<\/p>\n\n\n\n<h3>J&rsquo;ai pay\u00e9 mes droits d&rsquo;inscription, ainsi que ma CVEC, mais je suis finalement boursier, puis-je me faire rembourser ?<\/h3>\n\n\n\n<p>Oui, le remboursement est possible, <strong>vous devez faire la demande au plus tard un mois apr\u00e8s la r\u00e9ception de la notification d&rsquo;attribution de bourses<\/strong>.<\/p>\n\n\n\n<p>Pour les droits d&rsquo;inscription (Licence <span class=\"has-inline-color has-black-color\">178<\/span><span class=\"has-inline-color has-vivid-red-color\"> <\/span>\u20ac, Master <span class=\"has-inline-color has-black-color\">254<\/span> \u20ac) il vous faut r\u00e9cup\u00e9rer la demande de remboursement au guichet unique d\u00e8s la rentr\u00e9e. Une fois la demande compl\u00e8te et d\u00e9pos\u00e9e au guichet unique, comptez au moins 1 mois, pour que le remboursement soit effectif.<\/p>\n\n\n\n<p>Pour la CVEC (<span class=\"has-inline-color has-black-color\">105 \u20ac<\/span>), il vous faut faire la demande de remboursement directement sur le site internet du <a rel=\"noreferrer noopener\" href=\"https:\/\/www.google.com\/url?q=https%3A%2F%2Fcvec.etudiant.gouv.fr%2F&amp;sa=D&amp;sntz=1&amp;usg=AFQjCNEzkYJcqmPLcXUcPAdTHGLCdUo5sg\" target=\"_blank\">CROUS<\/a>.<\/p>\n<\/div><\/div>\n\n\n\n<div class=\"wp-block-pb-accordion-item c-accordion__item js-accordion-item no-js\" data-initially-open=\"false\" data-click-to-close=\"true\" data-auto-close=\"true\" data-scroll=\"false\" data-scroll-offset=\"0\"><h2 id=\"at-19445\" class=\"c-accordion__title js-accordion-controller\" role=\"button\">Quels sont les tarifs d&rsquo;inscription ?<\/h2><div id=\"ac-19445\" class=\"c-accordion__content\">\n<p>Les droits d\u2019inscription pour cette ann\u00e9e, sont de :<\/p>\n\n\n\n<ul><li><span class=\"has-inline-color has-black-color\">178 \u20ac en licence<\/span><\/li><li><span class=\"has-inline-color has-black-color\">178 \u20ac en licence pro.<\/span><\/li><li><span class=\"has-inline-color has-black-color\">254 \u20ac en master<\/span><\/li><li><span class=\"has-inline-color has-black-color\">C\u00e9sures annuelles licences\/licences pro : 118 \u20ac<\/span><\/li><li><span class=\"has-inline-color has-black-color\">C\u00e9sures annuelles masters : 166 \u20ac<\/span><\/li><\/ul>\n\n\n\n<p>Les \u00e9tudiants doivent par ailleurs s\u2019acquitter de la CVEC (Contribution de vie \u00e9tudiante et de campus), d\u2019un montant de<span class=\"has-inline-color has-vivid-red-color\"> <\/span><span class=\"has-inline-color has-black-color\">105 \u20ac<\/span> (voir question ci-dessus).<\/p>\n\n\n\n<p><strong>Les \u00e9tudiants boursiers sont exon\u00e9r\u00e9s des droits d\u2019inscription.<\/strong><\/p>\n<\/div><\/div>\n\n\n\n<div class=\"wp-block-pb-accordion-item c-accordion__item js-accordion-item no-js\" data-initially-open=\"false\" data-click-to-close=\"true\" data-auto-close=\"true\" data-scroll=\"false\" data-scroll-offset=\"0\"><h2 id=\"at-53359\" class=\"c-accordion__title js-accordion-controller\" role=\"button\">O\u00f9 trouver mon identifiant P\u00e9gase?<\/h2><div id=\"ac-53359\" class=\"c-accordion__content\">\n<p><span class=\"has-inline-color has-black-color\">Vous trouverez votre identifiant en cliquant sur le lien de l&rsquo;application P\u00e9gase et en cliquant sur \u00ab\u00a0Identifiant oubli\u00e9 ou premi\u00e8re connexion\u00a0\u00bb<\/span><\/p>\n<\/div><\/div>\n\n\n\n<div class=\"wp-block-pb-accordion-item c-accordion__item js-accordion-item no-js\" data-initially-open=\"false\" data-click-to-close=\"true\" data-auto-close=\"true\" data-scroll=\"false\" data-scroll-offset=\"0\"><h2 id=\"at-46930\" class=\"c-accordion__title js-accordion-controller\" role=\"button\">O\u00f9 trouver mon num\u00e9ro INE ?<\/h2><div id=\"ac-46930\" class=\"c-accordion__content\">\n<p><span class=\"has-inline-color has-black-color\">Vous trouverez votre num\u00e9ro INE sur votre relev\u00e9 de notes du baccalaur\u00e9at, BTS ou relev\u00e9 de notes du sup\u00e9rieur (num\u00e9ro comportant <strong>11 caract\u00e8res<\/strong>). <\/span><\/p>\n<\/div><\/div>\n\n\n\n<div class=\"wp-block-pb-accordion-item c-accordion__item js-accordion-item no-js\" data-initially-open=\"false\" data-click-to-close=\"true\" data-auto-close=\"true\" data-scroll=\"false\" data-scroll-offset=\"0\"><h2 id=\"at-79500\" class=\"c-accordion__title js-accordion-controller\" role=\"button\">Comment s&rsquo;inscrire en auditeur libre ?<\/h2><div id=\"ac-79500\" class=\"c-accordion__content\">\n<p>Envie d&rsquo;assister \u00e0 des cours, d&rsquo;avoir un acc\u00e8s \u00e0 la biblioth\u00e8que universitaire, sans conditions d&rsquo;examens ? Le statut d&rsquo;auditeur libre est fait pour vous !<\/p>\n\n\n\n<p>Pour s&rsquo;inscrire, merci d&rsquo;adresser un mail \u00e0<span class=\"has-inline-color has-vivid-purple-color\"> <a href=\"mailto:inscription.champollion@univ-jfc.fr\">inscription.champollion@univ-jfc.fr<\/a><\/span><a href=\"mailto:inscription.champollion@univ-jfc.fr\"> <\/a>. Vous recevrez alors un dossier d\u2019inscription administrative et la liste des pi\u00e8ces justificatives.<\/p>\n\n\n\n<p><em><strong>R<\/strong><\/em><strong><em>emarque<\/em> :<\/strong> les auditeurs libres sont exempt\u00e9s de la CVEC, mais doivent s&rsquo;acquitter des droits de scolarit\u00e9 <span class=\"has-inline-color has-black-color\">(178 e<\/span>uros).<\/p>\n<\/div><\/div>\n\n\n\n<div class=\"wp-block-pb-accordion-item c-accordion__item js-accordion-item no-js\" data-initially-open=\"false\" data-click-to-close=\"true\" data-auto-close=\"true\" data-scroll=\"false\" data-scroll-offset=\"0\"><h2 id=\"at-62400\" class=\"c-accordion__title js-accordion-controller\" role=\"button\">Ma carte d&rsquo;\u00e9tudiant Izly ?<\/h2><div id=\"ac-62400\" class=\"c-accordion__content\">\n<h3>Quand me sera t-elle remise ?<\/h3>\n\n\n\n<p>La carte \u00e9tudiant (uniquement pour les nouveaux entrants) ou l\u2019\u00e9tiquette 2025\/2026 (pour les r\u00e9inscriptions), vous sera d\u00e9livr\u00e9e \u00e0 la rentr\u00e9e de septembre, \u00e0 une date communiqu\u00e9e ult\u00e9rieurement.<\/p>\n\n\n\n<h3>\u00c0 quoi sert la carte d&rsquo;\u00e9tudiant Izly ?<\/h3>\n\n\n\n<p>Elle permet :<br>\u2022 l\u2019identification de l&rsquo;\u00e9tudiant (indispensable pour les examens),<br>\u2022 l\u2019acc\u00e8s aux restaurants universitaires,<br>\u2022 l\u2019acc\u00e8s au r\u00e9seau des biblioth\u00e8ques,<br>\u2022 l\u2019acc\u00e8s au service de location Vel\u00f4Toulouse,<br>\u2022 l\u2019acc\u00e8s au transport TISSEO.<\/p>\n\n\n\n<p>Bien que les deux derniers acc\u00e8s se trouvent \u00e0 Toulouse, en tant qu&rsquo;\u00e9tudiant de l&rsquo;INU Champollion, vous y avez acc\u00e8s, sur pr\u00e9sentation de votre carte Izly.<br>Pour en savoir plus sur les services associ\u00e9s, vous pouvez consulter ce site : <a href=\"https:\/\/help.izly.fr\/\" target=\"_blank\" rel=\"noreferrer noopener\"><u>https:\/\/help.izly.fr<\/u><\/a><\/p>\n\n\n\n<h3>J&rsquo;ai perdu ma carte \u00e9tudiant, que faire ?<\/h3>\n\n\n\n<p>Si vous perdez ou que vous vous faites voler votre carte IZLY, vous pouvez demander un duplicata en compl\u00e9tant l\u2019imprim\u00e9 \u00ab Formulaire de d\u00e9claration de perte \u00bb (disponible sur l\u2019ENT et au guichet un<span class=\"has-inline-color has-black-color\">ique).<\/span><\/p>\n\n\n\n<h3>Comment faire fonctionner mon compte Izly ?<\/h3>\n\n\n\n<p>Vous recevrez fin juillet, le mail d&rsquo;activation de votre compte Izly sur l&rsquo;adresse mail que vous avez renseign\u00e9e sur le site \u00ab Mes services \u00e9tudiants \u00bb, ou le cas \u00e9ch\u00e9ant, votre messagerie Champollion.<\/p>\n\n\n\n<p>Une fois activ\u00e9 et votre compte cr\u00e9\u00e9, il vous suffit de renseigner un RIB, pour pouvoir ensuite payer le restaurant universitaire, ou des photocopies, avec votre carte \u00e9tudiante Izly.<br>Pour conna\u00eetre la proc\u00e9dure : <a href=\"https:\/\/www.izly.fr\/\" target=\"_blank\" rel=\"noreferrer noopener\"><u>https:\/\/www.izly.fr<\/u><\/a><\/p>\n<\/div><\/div>\n\n\n\n<div class=\"wp-block-pb-accordion-item c-accordion__item js-accordion-item no-js\" data-initially-open=\"false\" data-click-to-close=\"true\" data-auto-close=\"true\" data-scroll=\"false\" data-scroll-offset=\"0\"><h2 id=\"at-71018\" class=\"c-accordion__title js-accordion-controller\" role=\"button\">Comment fonctionne mon ENT (Espace Num\u00e9rique de Travail) ?<\/h2><div id=\"ac-71018\" class=\"c-accordion__content\">\n<h3>Qu&rsquo;est-ce que l&rsquo;ENT ?<\/h3>\n\n\n\n<p><strong>L\u2019Environnement Num\u00e9rique de Travail<\/strong> (<strong>ENT<\/strong>) regroupe tous les services et informations destin\u00e9s aux \u00e9tudiants de l\u2019<strong>INU Champollion<\/strong>. <br>Vous y trouverez des applis utilis\u00e9es dans le cadre de la formation comme la plateforme d\u2019enseignement <strong>Moodle <\/strong>ou le syst\u00e8me de visioconf\u00e9rence <strong>Zoom<\/strong> ; votre emploi du temps et toutes les informations utiles \u00e0 votre scolarit\u00e9 ; les ressources num\u00e9riques des biblioth\u00e8ques ; votre webmail \u00e9tudiant et tout un ensemble d\u2019applis utiles.<\/p>\n\n\n\n<h3>O\u00f9 puis-je trouver mes identifiants ?<\/h3>\n\n\n\n<p>Une fois votre inscription administrative termin\u00e9e, vous recevrez sur votre mail renseign\u00e9 lors de l\u2019inscription, vos identifiants de connexion \u00e0 l\u2019ENT. Vous pourrez activer votre compte et modifier votre mot de passe. <\/p>\n\n\n\n<p>Pour vous connecter, voici l&rsquo;adresse : <a href=\"https:\/\/ent.univ-jfc.fr\/uPortal\/f\/welcome\/normal\/render.uP\" target=\"_blank\" rel=\"noreferrer noopener\"><u>https:\/\/ent.univ-jfc.fr\/uPortal\/f\/welcome\/normal\/render.uP<\/u><\/a><\/p>\n\n\n\n<p><strong><em><em>\u00c0<\/em> noter : <\/em><\/strong>vous pouvez changer votre mot de passe, en vous rendant dans la rubrique \u00ab Votre compte \u00bb, accessible depuis la page d&rsquo;accueil de l&rsquo;ENT, puis cliquez sur \u00ab Changer son mot de passe \u00bb.<\/p>\n\n\n\n<h3>Comment avoir acc\u00e8s \u00e0 mes certificats de scolarit\u00e9 et ma quittance des droits pay\u00e9s ?<\/h3>\n\n\n\n<p>Rendez-vous sur la rubrique \u00ab Mon dossier \u00bb de votre ENT, puis cliquez sur l&rsquo;onglet \u00ab Scolarit\u00e9 \u00bb. Vous aurez alors acc\u00e8s \u00e0 vos moyennes de chaque semestre, mais vous aurez aussi la possibilit\u00e9 d&rsquo;\u00e9diter vos certificats de scolarit\u00e9 et votre quittance des frais d\u2019inscription pay\u00e9s.<\/p>\n<\/div><\/div>\n\n\n\n<div class=\"wp-block-pb-accordion-item c-accordion__item js-accordion-item no-js\" data-initially-open=\"false\" data-click-to-close=\"true\" data-auto-close=\"true\" data-scroll=\"false\" data-scroll-offset=\"0\"><h2 id=\"at-57900\" class=\"c-accordion__title js-accordion-controller\" role=\"button\">\u00c9tudiants en situation de handicap ?<\/h2><div id=\"ac-57900\" class=\"c-accordion__content\">\n<h3>Comment signaler ma situation ?<\/h3>\n\n\n\n<p>Sur le mail de confirmation d&rsquo;inscription que vous recevrez, figurera l&rsquo;adresse mail du service Vie \u00c9tudiante \u00e0 contacter. Vous recevrez ensuite un imprim\u00e9 de d\u00e9claration accompagn\u00e9 de toutes les informations n\u00e9cessaires \u00e0 la mise en place de mesures sp\u00e9cifiques.<\/p>\n<\/div><\/div>\n\n\n\n<div class=\"wp-block-pb-accordion-item c-accordion__item js-accordion-item no-js\" data-initially-open=\"false\" data-click-to-close=\"true\" data-auto-close=\"true\" data-scroll=\"false\" data-scroll-offset=\"0\"><h2 id=\"at-62239\" class=\"c-accordion__title js-accordion-controller\" role=\"button\">Et la rentr\u00e9e ?<\/h2><div id=\"ac-62239\" class=\"c-accordion__content\">\n<h3>O\u00f9 puis-je trouver mes informations de rentr\u00e9e ?<\/h3>\n\n\n\n<p>Vous trouverez toutes vos informations li\u00e9es \u00e0 la rentr\u00e9e, sur votre ENT.<\/p>\n\n\n\n<p><\/p>\n<\/div><\/div>\n\n\n\n<p><\/p>\n","protected":false},"excerpt":{"rendered":"","protected":false},"author":816,"featured_media":0,"parent":0,"menu_order":0,"comment_status":"closed","ping_status":"closed","template":"","meta":[],"_links":{"self":[{"href":"https:\/\/blogs.univ-jfc.fr\/inscriptions\/wp-json\/wp\/v2\/pages\/4"}],"collection":[{"href":"https:\/\/blogs.univ-jfc.fr\/inscriptions\/wp-json\/wp\/v2\/pages"}],"about":[{"href":"https:\/\/blogs.univ-jfc.fr\/inscriptions\/wp-json\/wp\/v2\/types\/page"}],"author":[{"embeddable":true,"href":"https:\/\/blogs.univ-jfc.fr\/inscriptions\/wp-json\/wp\/v2\/users\/816"}],"replies":[{"embeddable":true,"href":"https:\/\/blogs.univ-jfc.fr\/inscriptions\/wp-json\/wp\/v2\/comments?post=4"}],"version-history":[{"count":105,"href":"https:\/\/blogs.univ-jfc.fr\/inscriptions\/wp-json\/wp\/v2\/pages\/4\/revisions"}],"predecessor-version":[{"id":1715,"href":"https:\/\/blogs.univ-jfc.fr\/inscriptions\/wp-json\/wp\/v2\/pages\/4\/revisions\/1715"}],"wp:attachment":[{"href":"https:\/\/blogs.univ-jfc.fr\/inscriptions\/wp-json\/wp\/v2\/media?parent=4"}],"curies":[{"name":"wp","href":"https:\/\/api.w.org\/{rel}","templated":true}]}}