{"id":48,"date":"2021-06-04T13:23:42","date_gmt":"2021-06-04T11:23:42","guid":{"rendered":"https:\/\/blogs.univ-jfc.fr\/inscriptions\/?page_id=48"},"modified":"2025-06-07T14:30:09","modified_gmt":"2025-06-07T12:30:09","slug":"je-suis-etudiant-etranger-hors-union-europeenne","status":"publish","type":"page","link":"https:\/\/blogs.univ-jfc.fr\/inscriptions\/premiere-fois\/je-suis-etudiant-etranger-hors-union-europeenne\/","title":{"rendered":"Je suis \u00e9tudiant \u00e9tranger hors Union europ\u00e9enne"},"content":{"rendered":"\n<p>Merci de prendre contact avec le service des relations internationales afin de r\u00e9cup\u00e9rer le dossier d\u2019inscription.<\/p>\n\n\n\n<p>Une fois compl\u00e9t\u00e9 par vos soins, vous devrez le d\u00e9poser au bureau des Relations Internationales avec les pi\u00e8ces demand\u00e9es.<br><br>Relations internationales \u2013 Campus d\u2019Albi &#8211; b\u00e2timent administratif &#8211; rez-de-chauss\u00e9e<br><a href=\"mailto:ri-etudiants@univ-jfc.fr\">ri-etudiants@univ-jfc.fr<\/a><br>05 63 48 17 87<\/p>\n","protected":false},"excerpt":{"rendered":"<p>Merci de prendre contact avec le service des relations internationales afin de r\u00e9cup\u00e9rer le dossier d\u2019inscription. Une fois compl\u00e9t\u00e9 par vos soins, vous devrez le d\u00e9poser au bureau des Relations Internationales avec les pi\u00e8ces demand\u00e9es. Relations internationales \u2013 Campus d\u2019Albi &#8211; b\u00e2timent administratif &#8211; rez-de-chauss\u00e9eri-etudiants@univ-jfc.fr05 63 48 17 87<\/p>\n","protected":false},"author":799,"featured_media":0,"parent":16,"menu_order":3,"comment_status":"closed","ping_status":"closed","template":"","meta":[],"_links":{"self":[{"href":"https:\/\/blogs.univ-jfc.fr\/inscriptions\/wp-json\/wp\/v2\/pages\/48"}],"collection":[{"href":"https:\/\/blogs.univ-jfc.fr\/inscriptions\/wp-json\/wp\/v2\/pages"}],"about":[{"href":"https:\/\/blogs.univ-jfc.fr\/inscriptions\/wp-json\/wp\/v2\/types\/page"}],"author":[{"embeddable":true,"href":"https:\/\/blogs.univ-jfc.fr\/inscriptions\/wp-json\/wp\/v2\/users\/799"}],"replies":[{"embeddable":true,"href":"https:\/\/blogs.univ-jfc.fr\/inscriptions\/wp-json\/wp\/v2\/comments?post=48"}],"version-history":[{"count":18,"href":"https:\/\/blogs.univ-jfc.fr\/inscriptions\/wp-json\/wp\/v2\/pages\/48\/revisions"}],"predecessor-version":[{"id":1701,"href":"https:\/\/blogs.univ-jfc.fr\/inscriptions\/wp-json\/wp\/v2\/pages\/48\/revisions\/1701"}],"up":[{"embeddable":true,"href":"https:\/\/blogs.univ-jfc.fr\/inscriptions\/wp-json\/wp\/v2\/pages\/16"}],"wp:attachment":[{"href":"https:\/\/blogs.univ-jfc.fr\/inscriptions\/wp-json\/wp\/v2\/media?parent=48"}],"curies":[{"name":"wp","href":"https:\/\/api.w.org\/{rel}","templated":true}]}}