{"id":105,"date":"2020-01-29T19:11:15","date_gmt":"2020-01-29T18:11:15","guid":{"rendered":"http:\/\/blogs.univ-jfc.fr\/licencelettres\/?page_id=105"},"modified":"2022-03-24T17:44:22","modified_gmt":"2022-03-24T16:44:22","slug":"ter-ecriture-critique","status":"publish","type":"page","link":"https:\/\/blogs.univ-jfc.fr\/licencelettres\/travaux-encadres-de-recherche\/ter-ecriture-critique\/","title":{"rendered":"TER Ecriture critique"},"content":{"rendered":"<p>\u00a0<\/p>\n<p><em>L&rsquo;Oeilleton <\/em>est le journal quotidien du festival de cin\u00e9ma <a href=\"https:\/\/cine-oeillades.fr\/\">\u00ab\u00a0Les Oeillades\u00a0\u00bb<\/a> qui se d\u00e9roule \u00e0 Albi, pendant cinq jours au mois de novembre. Le petit groupe d&rsquo;\u00e9tudiants de troisi\u00e8me ann\u00e9e qui a choisi ce TER est charg\u00e9 de la conception et de l&rsquo;\u00e9dition de ce journal, et en assure \u00e9galement la diffusion aupr\u00e8s des festivaliers. Une initiation grandeur nature aux contraintes du journalisme et \u00e0 l&rsquo;\u00e9criture critique.<\/p>\n<p>Archives de l&rsquo;Oeilleton 2021<\/p>\n\n\n<div class=\"wp-block-file\"><a href=\"https:\/\/blogs.univ-jfc.fr\/licencelettres\/wp-content\/uploads\/sites\/80\/2022\/03\/Oeilleton-1-Mardi-16.pdf\">Oeilleton-1-Mardi-16<\/a><a href=\"https:\/\/blogs.univ-jfc.fr\/licencelettres\/wp-content\/uploads\/sites\/80\/2022\/03\/Oeilleton-1-Mardi-16.pdf\" class=\"wp-block-file__button\" download>T\u00e9l\u00e9charger<\/a><\/div>\n\n\n\n<div class=\"wp-block-file\"><a href=\"https:\/\/blogs.univ-jfc.fr\/licencelettres\/wp-content\/uploads\/sites\/80\/2022\/03\/Oeilleton-2-Mercredi-17.pdf\">Oeilleton-2-Mercredi-17<\/a><a href=\"https:\/\/blogs.univ-jfc.fr\/licencelettres\/wp-content\/uploads\/sites\/80\/2022\/03\/Oeilleton-2-Mercredi-17.pdf\" class=\"wp-block-file__button\" download>T\u00e9l\u00e9charger<\/a><\/div>\n\n\n\n<div class=\"wp-block-file\"><a href=\"https:\/\/blogs.univ-jfc.fr\/licencelettres\/wp-content\/uploads\/sites\/80\/2022\/03\/Oeilleton-3-Jeudi-18.pdf\">Oeilleton-3-Jeudi-18<\/a><a href=\"https:\/\/blogs.univ-jfc.fr\/licencelettres\/wp-content\/uploads\/sites\/80\/2022\/03\/Oeilleton-3-Jeudi-18.pdf\" class=\"wp-block-file__button\" download>T\u00e9l\u00e9charger<\/a><\/div>\n\n\n\n<div class=\"wp-block-file\"><a href=\"https:\/\/blogs.univ-jfc.fr\/licencelettres\/wp-content\/uploads\/sites\/80\/2022\/03\/Oeilleton-5-Samedi-20.pdf\">Oeilleton-5-Samedi-20<\/a><a href=\"https:\/\/blogs.univ-jfc.fr\/licencelettres\/wp-content\/uploads\/sites\/80\/2022\/03\/Oeilleton-5-Samedi-20.pdf\" class=\"wp-block-file__button\" download>T\u00e9l\u00e9charger<\/a><\/div>\n\n\n\n<div class=\"wp-block-file\"><a href=\"https:\/\/blogs.univ-jfc.fr\/licencelettres\/wp-content\/uploads\/sites\/80\/2022\/03\/Oeilleton-6-Dimanche-21.pdf\">Oeilleton-6-Dimanche-21<\/a><a href=\"https:\/\/blogs.univ-jfc.fr\/licencelettres\/wp-content\/uploads\/sites\/80\/2022\/03\/Oeilleton-6-Dimanche-21.pdf\" class=\"wp-block-file__button\" download>T\u00e9l\u00e9charger<\/a><\/div>\n","protected":false},"excerpt":{"rendered":"<p>\u00a0 L&rsquo;Oeilleton est le journal quotidien du festival de cin\u00e9ma \u00ab\u00a0Les Oeillades\u00a0\u00bb qui se d\u00e9roule \u00e0 Albi, pendant cinq jours au mois de novembre. Le petit groupe d&rsquo;\u00e9tudiants de troisi\u00e8me ann\u00e9e qui a choisi ce TER est charg\u00e9 de la conception et de l&rsquo;\u00e9dition de ce journal, et en assure \u00e9galement la diffusion aupr\u00e8s des &hellip; <a href=\"https:\/\/blogs.univ-jfc.fr\/licencelettres\/travaux-encadres-de-recherche\/ter-ecriture-critique\/\" class=\"more-link\">Continuer la lecture de <span class=\"screen-reader-text\">TER Ecriture critique<\/span> <span class=\"meta-nav\">&rarr;<\/span><\/a><\/p>\n","protected":false},"author":729,"featured_media":106,"parent":134,"menu_order":0,"comment_status":"closed","ping_status":"closed","template":"","meta":[],"_links":{"self":[{"href":"https:\/\/blogs.univ-jfc.fr\/licencelettres\/wp-json\/wp\/v2\/pages\/105"}],"collection":[{"href":"https:\/\/blogs.univ-jfc.fr\/licencelettres\/wp-json\/wp\/v2\/pages"}],"about":[{"href":"https:\/\/blogs.univ-jfc.fr\/licencelettres\/wp-json\/wp\/v2\/types\/page"}],"author":[{"embeddable":true,"href":"https:\/\/blogs.univ-jfc.fr\/licencelettres\/wp-json\/wp\/v2\/users\/729"}],"replies":[{"embeddable":true,"href":"https:\/\/blogs.univ-jfc.fr\/licencelettres\/wp-json\/wp\/v2\/comments?post=105"}],"version-history":[{"count":2,"href":"https:\/\/blogs.univ-jfc.fr\/licencelettres\/wp-json\/wp\/v2\/pages\/105\/revisions"}],"predecessor-version":[{"id":352,"href":"https:\/\/blogs.univ-jfc.fr\/licencelettres\/wp-json\/wp\/v2\/pages\/105\/revisions\/352"}],"up":[{"embeddable":true,"href":"https:\/\/blogs.univ-jfc.fr\/licencelettres\/wp-json\/wp\/v2\/pages\/134"}],"wp:featuredmedia":[{"embeddable":true,"href":"https:\/\/blogs.univ-jfc.fr\/licencelettres\/wp-json\/wp\/v2\/media\/106"}],"wp:attachment":[{"href":"https:\/\/blogs.univ-jfc.fr\/licencelettres\/wp-json\/wp\/v2\/media?parent=105"}],"curies":[{"name":"wp","href":"https:\/\/api.w.org\/{rel}","templated":true}]}}