{"id":140,"date":"2020-01-31T11:02:04","date_gmt":"2020-01-31T10:02:04","guid":{"rendered":"http:\/\/blogs.univ-jfc.fr\/licencelettres\/?page_id=140"},"modified":"2020-01-31T12:31:15","modified_gmt":"2020-01-31T11:31:15","slug":"rencontres-avec-creatrices-et-createurs-en-litterature-jeunesse","status":"publish","type":"page","link":"https:\/\/blogs.univ-jfc.fr\/licencelettres\/rencontres-dauteur-e-s-animees-par-les-etudiants\/rencontres-avec-creatrices-et-createurs-en-litterature-jeunesse\/","title":{"rendered":"Rencontres avec des cr\u00e9atrices et cr\u00e9ateurs en litt\u00e9rature jeunesse"},"content":{"rendered":"<p>Chaque ann\u00e9e, dans le cadre de l&rsquo;UEO Litt\u00e9rature de jeunesse, la <strong>M\u00e9diath\u00e8que Pierre Amalric<\/strong> propose aux \u00e9tudiants de L3 de passer l&rsquo;apr\u00e8s-midi en compagnie d&rsquo;un auteur ou d&rsquo;un illustrateur d&rsquo;ouvrage jeunesse invit\u00e9 \u00e0 l&rsquo;occasion du Salon du livre jeunesse d&rsquo;Albi (organis\u00e9 par l&rsquo;association <strong><a href=\"https:\/\/dikelitu.weebly.com\/\">Dikelitu<\/a>).<\/strong><\/p>\n<h5><strong><span style=\"color: #800080\">2018 &#8211; Rencontre avec Fr\u00e9d\u00e9ric Cl\u00e9ment<\/span><\/strong><\/h5>\n<p>\u00a0\u00bb <span class=\"fontstyle0\">Nous avons eu l&rsquo;honneur de pouvoir assister \u00e0 une rencontre \u00e0 la m\u00e9diath\u00e8que d&rsquo;Albi avec le c\u00e9l\u00e8bre auteur-illustrateur de litt\u00e9rature jeunesse, Fr\u00e9d\u00e9ric Cl\u00e9ment. Il est revenu rapidement sur son parcours de vie et a r\u00e9pondu \u00e0 certaines de nos questions sur ses \u0153uvres. Il explore tous les styles confondus entre albums pour la jeunesse qu&rsquo;il illustre ou qu&rsquo;il \u00e9crit et romans pour les adultes. Durant les ann\u00e9es 80, Fr\u00e9d\u00e9ric Cl\u00e9ment nous a confi\u00e9 vouloir essayer \u00e9tendre le genre de l&rsquo;album \u00e0 un public adulte, il ajoute ainsi une dimension \u00e9rotique ou plus dramatique mais \u00e9galement le m\u00e9langes des arts (photographies, arts plastiques) comme dans l&rsquo;album <strong><em>Songes de la Belle au Bois<\/em><\/strong><br \/>\n<strong><em>Dormant<\/em><\/strong> chez Casterman, collection Les authentiques (1997). \u00a0 Cette rencontre inspirante m&rsquo;a permis de prendre conscience du temps de l&rsquo;\u00e9laboration d&rsquo;un album et des m\u00e9canismes de cr\u00e9ation tant pour l&rsquo;\u00e9criture que pour les illustrations. Fr\u00e9d\u00e9ric Cl\u00e9ment nous emm\u00e8ne dans un univers riche \u00e0 la crois\u00e9e des arts (photographie, arts plastiques, peinture, dessin) et des cultures ( Le Japon avec <strong><em>Basho, le fou de po\u00e9sie<\/em><\/strong> \u00e9crit par Fran\u00e7oise K\u00e9risel de 2009) augmentant le champ des possibles en Litt\u00e9rature Jeunesse en particulier dans les albums. J&rsquo;ai trouv\u00e9 que l&rsquo;album <strong><em>Auriez-vous \u00e7a ?<\/em><\/strong>, \u00e9ditions Albin michel (2015) de Fr\u00e9d\u00e9ric Cl\u00e9ment \u00e9tait une belle revisite des imagiers ou ab\u00e9c\u00e9daires classiques comme <strong><em>L&rsquo;Album d&rsquo;Ad\u00e8le<\/em><\/strong> de Ponti (1991), on est propuls\u00e9s dans la collection personnelle de l&rsquo;auteur, on remarque son amour des objets chin\u00e9s et assembl\u00e9s un peu partout qu&rsquo;il transforme en \u0153uvres d&rsquo;art \u00e9ph\u00e9m\u00e8res le temps d&rsquo;une photographie. Le but est de r\u00e9fl\u00e8ter un \u00e9clat de vie \u00e0 ces objets plus ou moins oubli\u00e9s tout en faisant d\u00e9couvrir de<br \/>\nnouvelles choses \u00e0 l&rsquo;enfant de mani\u00e8re int\u00e9ractive et ludique. On est comme dans le grenier de ses grands-parents mais \u00e9galement reli\u00e9 \u00e0 une forme de cabinet de curiosit\u00e9s, en immersion totale dans le monde symbolique et imaginaire de Fr\u00e9d\u00e9ric Cl\u00e9ment.\u00a0\u00bb <\/span><\/p>\n<p style=\"text-align: right\"><strong><span class=\"fontstyle0\">Manon Farrugia, L3 Lettres modernes<\/span><\/strong><\/p>\n<p style=\"text-align: left\">\n<figure id=\"attachment_141\" aria-describedby=\"caption-attachment-141\" style=\"width: 2629px\" class=\"wp-caption alignnone\"><img loading=\"lazy\" class=\"wp-image-141 size-full\" src=\"http:\/\/blogs.univ-jfc.fr\/licencelettres\/wp-content\/uploads\/sites\/80\/2020\/01\/Cl\u00e9ment-1.jpg\" alt=\"\" width=\"2629\" height=\"1317\" srcset=\"https:\/\/blogs.univ-jfc.fr\/licencelettres\/wp-content\/uploads\/sites\/80\/2020\/01\/Cl\u00e9ment-1.jpg 2629w, https:\/\/blogs.univ-jfc.fr\/licencelettres\/wp-content\/uploads\/sites\/80\/2020\/01\/Cl\u00e9ment-1-300x150.jpg 300w, https:\/\/blogs.univ-jfc.fr\/licencelettres\/wp-content\/uploads\/sites\/80\/2020\/01\/Cl\u00e9ment-1-768x385.jpg 768w, https:\/\/blogs.univ-jfc.fr\/licencelettres\/wp-content\/uploads\/sites\/80\/2020\/01\/Cl\u00e9ment-1-1024x513.jpg 1024w\" sizes=\"(max-width: 2629px) 100vw, 2629px\" \/><figcaption id=\"caption-attachment-141\" class=\"wp-caption-text\">Avec Fr\u00e9d\u00e9ric Cl\u00e9ment &#8211; M\u00e9diath\u00e8que Amalric d&rsquo;Albi, avril 2017.<\/figcaption><\/figure>\n<h5><span style=\"color: #800080\">2019 &#8211; Rencontre avec Judith Gueyfier<\/span><\/h5>\n<p><img loading=\"lazy\" class=\"alignnone size-medium wp-image-175\" src=\"http:\/\/blogs.univ-jfc.fr\/licencelettres\/wp-content\/uploads\/sites\/80\/2020\/01\/Guyefier-288x300.jpg\" alt=\"\" width=\"288\" height=\"300\" srcset=\"https:\/\/blogs.univ-jfc.fr\/licencelettres\/wp-content\/uploads\/sites\/80\/2020\/01\/Guyefier-288x300.jpg 288w, https:\/\/blogs.univ-jfc.fr\/licencelettres\/wp-content\/uploads\/sites\/80\/2020\/01\/Guyefier.jpg 553w\" sizes=\"(max-width: 288px) 100vw, 288px\" \/><\/p>\n<p>&nbsp;<\/p>\n<h5><span style=\"color: #800080\">2020 &#8211; Rencontre avec Nathalie Fortier<\/span><\/h5>\n","protected":false},"excerpt":{"rendered":"<p>Chaque ann\u00e9e, dans le cadre de l&rsquo;UEO Litt\u00e9rature de jeunesse, la M\u00e9diath\u00e8que Pierre Amalric propose aux \u00e9tudiants de L3 de passer l&rsquo;apr\u00e8s-midi en compagnie d&rsquo;un auteur ou d&rsquo;un illustrateur d&rsquo;ouvrage jeunesse invit\u00e9 \u00e0 l&rsquo;occasion du Salon du livre jeunesse d&rsquo;Albi (organis\u00e9 par l&rsquo;association Dikelitu). 2018 &#8211; Rencontre avec Fr\u00e9d\u00e9ric Cl\u00e9ment \u00a0\u00bb Nous avons eu l&rsquo;honneur &hellip; <a href=\"https:\/\/blogs.univ-jfc.fr\/licencelettres\/rencontres-dauteur-e-s-animees-par-les-etudiants\/rencontres-avec-creatrices-et-createurs-en-litterature-jeunesse\/\" class=\"more-link\">Continuer la lecture de <span class=\"screen-reader-text\">Rencontres avec des cr\u00e9atrices et cr\u00e9ateurs en litt\u00e9rature jeunesse<\/span> <span class=\"meta-nav\">&rarr;<\/span><\/a><\/p>\n","protected":false},"author":729,"featured_media":0,"parent":26,"menu_order":0,"comment_status":"closed","ping_status":"closed","template":"","meta":[],"_links":{"self":[{"href":"https:\/\/blogs.univ-jfc.fr\/licencelettres\/wp-json\/wp\/v2\/pages\/140"}],"collection":[{"href":"https:\/\/blogs.univ-jfc.fr\/licencelettres\/wp-json\/wp\/v2\/pages"}],"about":[{"href":"https:\/\/blogs.univ-jfc.fr\/licencelettres\/wp-json\/wp\/v2\/types\/page"}],"author":[{"embeddable":true,"href":"https:\/\/blogs.univ-jfc.fr\/licencelettres\/wp-json\/wp\/v2\/users\/729"}],"replies":[{"embeddable":true,"href":"https:\/\/blogs.univ-jfc.fr\/licencelettres\/wp-json\/wp\/v2\/comments?post=140"}],"version-history":[{"count":4,"href":"https:\/\/blogs.univ-jfc.fr\/licencelettres\/wp-json\/wp\/v2\/pages\/140\/revisions"}],"predecessor-version":[{"id":176,"href":"https:\/\/blogs.univ-jfc.fr\/licencelettres\/wp-json\/wp\/v2\/pages\/140\/revisions\/176"}],"up":[{"embeddable":true,"href":"https:\/\/blogs.univ-jfc.fr\/licencelettres\/wp-json\/wp\/v2\/pages\/26"}],"wp:attachment":[{"href":"https:\/\/blogs.univ-jfc.fr\/licencelettres\/wp-json\/wp\/v2\/media?parent=140"}],"curies":[{"name":"wp","href":"https:\/\/api.w.org\/{rel}","templated":true}]}}