{"id":194,"date":"2020-02-01T09:48:16","date_gmt":"2020-02-01T08:48:16","guid":{"rendered":"http:\/\/blogs.univ-jfc.fr\/licencelettres\/?page_id=194"},"modified":"2021-11-21T09:50:34","modified_gmt":"2021-11-21T08:50:34","slug":"des-pedagogies-innovantes","status":"publish","type":"page","link":"https:\/\/blogs.univ-jfc.fr\/licencelettres\/maquette-des-enseignements-et-bibliographie\/des-pedagogies-innovantes\/","title":{"rendered":"Des p\u00e9dagogies innovantes"},"content":{"rendered":"\n<h5>Des dispositifs p\u00e9dagogiques vari\u00e9s<\/h5>\n\n\n\n<p class=\"has-drop-cap\">A diverses \u00e9tapes de la licence, les \u00e9tudiants peuvent s\u00e9lectionner les domaines qui les int\u00e9ressent le plus : ils choisissent une orientation en L1, un parcours d\u00e8s la L2, des unit\u00e9s d\u2019enseignement d\u2019ouverture (UEO) ou encore des TER. De plus, dans certains cours b\u00e9n\u00e9ficiant de mesures p\u00e9dagogiques sp\u00e9cifiques comme les cours de m\u00e9thodologie en L1, les \u00e9tudiants travaillent en demi-groupe. Certains TD mettent en place la p\u00e9dagogie de la classe invers\u00e9e, l\u2019\u00e9valuation par contrat de confiance (\u00ab\u00a0EPCC\u00a0\u00bb en grammaire), ou encore des analyses de texte par la cr\u00e9ation, que ce soit par imitation, pastiche ou adaptation. Des TD sont aussi r\u00e9alis\u00e9s sous forme d\u2019ateliers dans lesquels une situation-probl\u00e8me est r\u00e9solue par un travail de groupe imposant une recherche, une s\u00e9lection et une analyse. La salle de p\u00e9dagogie active de l\u2019Universit\u00e9 Champollion permet aux \u00e9tudiants de travailler en \u00e9troite collaboration gr\u00e2ce aux \u00e9crans partag\u00e9s.<\/p>\n\n\n\n<p>Un objectif primordial est de favoriser l\u2019acc\u00e8s \u00e0 l\u2019autonomie des \u00e9tudiants. Le travail sous forme de projets collectifs men\u00e9s en autonomie ou semi-autonomie est favoris\u00e9 dans les TER : les \u00e9tudiants sont responsabilis\u00e9s quand ils produisent un document destin\u00e9 au public d&rsquo;un festival ou d&rsquo;un spectacle, ou quand ils con\u00e7oivent un projet et s&rsquo;adressent \u00e0 des professionnels pour recueillir des informations.<\/p>\n\n\n\n<h6><img loading=\"lazy\" class=\"alignnone wp-image-201\" src=\"http:\/\/blogs.univ-jfc.fr\/licencelettres\/wp-content\/uploads\/sites\/80\/2020\/02\/Prise-de-parole-225x300.jpg\" alt=\"\" width=\"154\" height=\"205\" srcset=\"https:\/\/blogs.univ-jfc.fr\/licencelettres\/wp-content\/uploads\/sites\/80\/2020\/02\/Prise-de-parole-225x300.jpg 225w, https:\/\/blogs.univ-jfc.fr\/licencelettres\/wp-content\/uploads\/sites\/80\/2020\/02\/Prise-de-parole.jpg 700w\" sizes=\"(max-width: 154px) 100vw, 154px\" \/>&nbsp; <strong>La ma\u00eetrise de l&rsquo;oral : une comp\u00e9tence primordiale.<\/strong><\/h6>\n\n\n\n<div class=\"wp-block-columns\">\n<div class=\"wp-block-column\" style=\"flex-basis:100%\">\n<div class=\"wp-block-group\"><div class=\"wp-block-group__inner-container\">\n<div class=\"wp-block-image is-style-default\"><figure class=\"alignright size-medium\"><img loading=\"lazy\" width=\"300\" height=\"225\" src=\"https:\/\/blogs.univ-jfc.fr\/licencelettres\/wp-content\/uploads\/sites\/80\/2021\/11\/FullSizeRender-300x225.jpg\" alt=\"\" class=\"wp-image-303\" srcset=\"https:\/\/blogs.univ-jfc.fr\/licencelettres\/wp-content\/uploads\/sites\/80\/2021\/11\/FullSizeRender-300x225.jpg 300w, https:\/\/blogs.univ-jfc.fr\/licencelettres\/wp-content\/uploads\/sites\/80\/2021\/11\/FullSizeRender-1024x768.jpg 1024w, https:\/\/blogs.univ-jfc.fr\/licencelettres\/wp-content\/uploads\/sites\/80\/2021\/11\/FullSizeRender-768x576.jpg 768w, https:\/\/blogs.univ-jfc.fr\/licencelettres\/wp-content\/uploads\/sites\/80\/2021\/11\/FullSizeRender-1536x1152.jpg 1536w, https:\/\/blogs.univ-jfc.fr\/licencelettres\/wp-content\/uploads\/sites\/80\/2021\/11\/FullSizeRender.jpg 1632w\" sizes=\"(max-width: 300px) 100vw, 300px\" \/><\/figure><\/div>\n\n\n\n<p class=\"has-drop-cap\">Elle est travaill\u00e9e au cours des trois ann\u00e9es : les \u00e9tudiants apprennent \u00e0 mettre en voix un texte litt\u00e9raire, \u00e0 s&rsquo;adresser \u00e0 un public mais aussi \u00e0 animer un entretien ou une table ronde lors des rencontres avec un.e auteur.e.<\/p>\n<\/div><\/div>\n<\/div>\n<\/div>\n\n\n\n<div class=\"wp-block-columns\">\n<div class=\"wp-block-column\"><\/div>\n<\/div>\n\n\n\n<h6><strong>Le num\u00e9rique au c<\/strong><strong>\u0153ur des<\/strong><strong> enseignements<\/strong><\/h6>\n\n\n\n<p class=\"has-drop-cap\">Tous les \u00e9tudiants apprennent \u00e0 concevoir un blog d\u00e8s l&rsquo;entr\u00e9e en L1. Ces comp\u00e9tences leur sont donn\u00e9es par une premi\u00e8re formation avec des enseignants en informatique, avant d\u2019\u00eatre appliqu\u00e9es dans le cadre des cours de lettres. De plus, dans le cadre du TER \u00ab&nbsp;Suivi d\u2019un \u00e9v\u00e9nement critique&nbsp;\u00bb en L3, les \u00e9tudiants apprennent \u00e0 utiliser SCRIBUS, logiciel libre et ouvert de graphisme qui permet de r\u00e9aliser des documents de qualit\u00e9 (affiche, flyer, brochures et journaux).<\/p>\n\n\n\n<p>Pour nourrir l\u2019\u00e9tude des \u0153uvres tout en d\u00e9couvrant un pan de la recherche universitaire, certains cours inscrivent \u00e0 leur programme l\u2019exploration des bases de donn\u00e9es litt\u00e9raires et lexicographiques cr\u00e9\u00e9es par des laboratoires de recherche. De m\u00eame, les \u00e9tudiants sont initi\u00e9s \u00e0 la recherche dans les agr\u00e9gateurs de revues.<\/p>\n\n\n\n<p>Plusieurs enseignants travaillent avec la plateforme Moodle accessible sur l\u2019Environnement num\u00e9rique de travail : ils y partagent avec les \u00e9tudiants des documents additionnels aux cours, des \u00e9valuations assorties de corrig\u00e9s qui ont \u00e9t\u00e9 donn\u00e9es dans les ann\u00e9es pr\u00e9c\u00e9dentes, des liens vers des exercices en ligne jug\u00e9s pertinents; ou ils demandent aux \u00e9tudiant.e.s de pr\u00e9parer le cours en r\u00e9agissant par \u00e9crit \u00e0 un texte donn\u00e9&nbsp;: cette pr\u00e9paration permet d\u2019amorcer une p\u00e9dagogie active.<\/p>\n\n\n\n<p class=\"has-text-align-center\"><img loading=\"lazy\" class=\"alignnone wp-image-200 size-medium\" src=\"http:\/\/blogs.univ-jfc.fr\/licencelettres\/wp-content\/uploads\/sites\/80\/2020\/02\/Lecture-225x300.jpg\" alt=\"\" width=\"225\" height=\"300\" srcset=\"https:\/\/blogs.univ-jfc.fr\/licencelettres\/wp-content\/uploads\/sites\/80\/2020\/02\/Lecture-225x300.jpg 225w, https:\/\/blogs.univ-jfc.fr\/licencelettres\/wp-content\/uploads\/sites\/80\/2020\/02\/Lecture.jpg 700w\" sizes=\"(max-width: 225px) 100vw, 225px\" \/>&nbsp;&nbsp;&nbsp;&nbsp;&nbsp;&nbsp; <em>Lectures en t\u00eate-\u00e0-t\u00eate &nbsp; <\/em><img loading=\"lazy\" class=\"alignnone size-medium wp-image-202\" src=\"http:\/\/blogs.univ-jfc.fr\/licencelettres\/wp-content\/uploads\/sites\/80\/2020\/02\/Lecture-sna2-200x300.jpg\" alt=\"\" width=\"200\" height=\"300\" srcset=\"https:\/\/blogs.univ-jfc.fr\/licencelettres\/wp-content\/uploads\/sites\/80\/2020\/02\/Lecture-sna2-200x300.jpg 200w, https:\/\/blogs.univ-jfc.fr\/licencelettres\/wp-content\/uploads\/sites\/80\/2020\/02\/Lecture-sna2-768x1153.jpg 768w, https:\/\/blogs.univ-jfc.fr\/licencelettres\/wp-content\/uploads\/sites\/80\/2020\/02\/Lecture-sna2-682x1024.jpg 682w, https:\/\/blogs.univ-jfc.fr\/licencelettres\/wp-content\/uploads\/sites\/80\/2020\/02\/Lecture-sna2.jpg 2024w\" sizes=\"(max-width: 200px) 100vw, 200px\" \/><em>pour le public familial de la Sc\u00e8ne Nationale (2018)<\/em><\/p>\n","protected":false},"excerpt":{"rendered":"<p>Des dispositifs p\u00e9dagogiques vari\u00e9s A diverses \u00e9tapes de la licence, les \u00e9tudiants peuvent s\u00e9lectionner les domaines qui les int\u00e9ressent le plus : ils choisissent une orientation en L1, un parcours d\u00e8s la L2, des unit\u00e9s d\u2019enseignement d\u2019ouverture (UEO) ou encore des TER. De plus, dans certains cours b\u00e9n\u00e9ficiant de mesures p\u00e9dagogiques sp\u00e9cifiques comme les cours &hellip; <a href=\"https:\/\/blogs.univ-jfc.fr\/licencelettres\/maquette-des-enseignements-et-bibliographie\/des-pedagogies-innovantes\/\" class=\"more-link\">Continuer la lecture de <span class=\"screen-reader-text\">Des p\u00e9dagogies innovantes<\/span> <span class=\"meta-nav\">&rarr;<\/span><\/a><\/p>\n","protected":false},"author":729,"featured_media":0,"parent":42,"menu_order":0,"comment_status":"closed","ping_status":"closed","template":"","meta":[],"_links":{"self":[{"href":"https:\/\/blogs.univ-jfc.fr\/licencelettres\/wp-json\/wp\/v2\/pages\/194"}],"collection":[{"href":"https:\/\/blogs.univ-jfc.fr\/licencelettres\/wp-json\/wp\/v2\/pages"}],"about":[{"href":"https:\/\/blogs.univ-jfc.fr\/licencelettres\/wp-json\/wp\/v2\/types\/page"}],"author":[{"embeddable":true,"href":"https:\/\/blogs.univ-jfc.fr\/licencelettres\/wp-json\/wp\/v2\/users\/729"}],"replies":[{"embeddable":true,"href":"https:\/\/blogs.univ-jfc.fr\/licencelettres\/wp-json\/wp\/v2\/comments?post=194"}],"version-history":[{"count":6,"href":"https:\/\/blogs.univ-jfc.fr\/licencelettres\/wp-json\/wp\/v2\/pages\/194\/revisions"}],"predecessor-version":[{"id":304,"href":"https:\/\/blogs.univ-jfc.fr\/licencelettres\/wp-json\/wp\/v2\/pages\/194\/revisions\/304"}],"up":[{"embeddable":true,"href":"https:\/\/blogs.univ-jfc.fr\/licencelettres\/wp-json\/wp\/v2\/pages\/42"}],"wp:attachment":[{"href":"https:\/\/blogs.univ-jfc.fr\/licencelettres\/wp-json\/wp\/v2\/media?parent=194"}],"curies":[{"name":"wp","href":"https:\/\/api.w.org\/{rel}","templated":true}]}}