{"id":210,"date":"2020-02-01T12:33:59","date_gmt":"2020-02-01T11:33:59","guid":{"rendered":"http:\/\/blogs.univ-jfc.fr\/licencelettres\/?page_id=210"},"modified":"2023-05-31T20:59:58","modified_gmt":"2023-05-31T18:59:58","slug":"ter-suivi-dun-evenement-culturel","status":"publish","type":"page","link":"https:\/\/blogs.univ-jfc.fr\/licencelettres\/travaux-encadres-de-recherche\/ter-suivi-dun-evenement-culturel\/","title":{"rendered":"TER Suivi d&rsquo;un projet culturel"},"content":{"rendered":"\n<p><span style=\"color:#2d86e0\" class=\"has-inline-color\"><strong>Projet 2023<\/strong><\/span> :  r\u00e9alisation de deux audio-guides po\u00e9tiques sur la fresque du Jugement dernier peinte au XV\u00e8 si\u00e8cle dans la Cath\u00e9drale Ste-C\u00e9cile d&rsquo;Albi<\/p>\n\n\n\n<div class=\"wp-block-group\"><div class=\"wp-block-group__inner-container\">\n<figure class=\"wp-block-gallery columns-1\"><ul class=\"blocks-gallery-grid\"><li class=\"blocks-gallery-item\"><figure><img loading=\"lazy\" width=\"196\" height=\"208\" src=\"https:\/\/blogs.univ-jfc.fr\/licencelettres\/wp-content\/uploads\/sites\/80\/2023\/05\/Medaillon-adultes.jpg\" alt=\"\" data-id=\"378\" data-full-url=\"https:\/\/blogs.univ-jfc.fr\/licencelettres\/wp-content\/uploads\/sites\/80\/2023\/05\/Medaillon-adultes.jpg\" data-link=\"https:\/\/blogs.univ-jfc.fr\/licencelettres\/travaux-encadres-de-recherche\/ter-suivi-dun-evenement-culturel\/medaillon-adultes\/\" class=\"wp-image-378\" \/><\/figure><\/li><\/ul><\/figure>\n<\/div><\/div>\n\n\n\n<div class=\"wp-block-group\"><div class=\"wp-block-group__inner-container\">\n<div class=\"wp-block-group\"><div class=\"wp-block-group__inner-container\">\n<div class=\"wp-block-file alignleft\"><a href=\"https:\/\/blogs.univ-jfc.fr\/licencelettres\/wp-content\/uploads\/sites\/80\/2023\/05\/Flyer-11-mai.pdf\" class=\"wp-block-file__button\" download>T\u00e9l\u00e9charger<\/a><\/div>\n<\/div><\/div>\n<\/div><\/div>\n\n\n\n<p class=\"has-text-color\" style=\"color:#2362a1\"><strong>Projet <\/strong><span style=\"color:#2d86e0\" class=\"has-inline-color\"><strong>2022<\/strong><\/span><strong> <\/strong>: m\u00e9diation autour de l&rsquo;exposition consacr\u00e9e au bicentenaire du d\u00e9chiffrement des hi\u00e9roglyphes par Jean-Fran\u00e7ois Champollion en partenariat avec le <strong>Mus\u00e9e Champollion &#8211; Les \u00e9critures du monde<\/strong> de Figeac<\/p>\n\n\n\n<p><\/p>\n\n\n\n<div class=\"wp-block-file alignleft\"><a href=\"https:\/\/blogs.univ-jfc.fr\/licencelettres\/wp-content\/uploads\/sites\/80\/2022\/03\/La-litterature-et-lEgypte-Antique-V2.pdf\"><span class=\"has-inline-color has-white-color\">La-litterature-et-lEgy<img loading=\"lazy\" width=\"370\" height=\"522\" class=\"wp-image-324\" style=\"width: 130px\" src=\"http:\/\/blogs.univ-jfc.fr\/licencelettres\/wp-content\/uploads\/sites\/80\/2022\/03\/Couv-Litterature.png\" alt=\"\" srcset=\"https:\/\/blogs.univ-jfc.fr\/licencelettres\/wp-content\/uploads\/sites\/80\/2022\/03\/Couv-Litterature.png 370w, https:\/\/blogs.univ-jfc.fr\/licencelettres\/wp-content\/uploads\/sites\/80\/2022\/03\/Couv-Litterature-213x300.png 213w\" sizes=\"(max-width: 370px) 100vw, 370px\" \/>pte-Antique-V2<\/span><\/a><a href=\"https:\/\/blogs.univ-jfc.fr\/licencelettres\/wp-content\/uploads\/sites\/80\/2022\/03\/La-litterature-et-lEgypte-Antique-V2.pdf\" class=\"wp-block-file__button\" download>T\u00e9l\u00e9charger<\/a><\/div>\n\n\n\n<div class=\"wp-block-group\"><div class=\"wp-block-group__inner-container\">\n<div class=\"wp-block-columns alignfull are-vertically-aligned-top\">\n<div class=\"wp-block-column is-vertically-aligned-top\" style=\"flex-basis:100%\">\n<div class=\"wp-block-file\"><a href=\"https:\/\/blogs.univ-jfc.fr\/licencelettres\/wp-content\/uploads\/sites\/80\/2022\/03\/Lecriture-de-lEgypte-antique-V2.pdf\"><code><span class=\"has-inline-color has-white-color\">Lecritur<img loading=\"lazy\" width=\"446\" height=\"615\" class=\"wp-image-323\" style=\"width: 130px\" src=\"http:\/\/blogs.univ-jfc.fr\/licencelettres\/wp-content\/uploads\/sites\/80\/2022\/03\/Couv-Ecriture.png\" alt=\"\" srcset=\"https:\/\/blogs.univ-jfc.fr\/licencelettres\/wp-content\/uploads\/sites\/80\/2022\/03\/Couv-Ecriture.png 446w, https:\/\/blogs.univ-jfc.fr\/licencelettres\/wp-content\/uploads\/sites\/80\/2022\/03\/Couv-Ecriture-218x300.png 218w\" sizes=\"(max-width: 446px) 100vw, 446px\" \/>e-de-lEgypte-antique-V2<\/span><\/code><\/a><a href=\"https:\/\/blogs.univ-jfc.fr\/licencelettres\/wp-content\/uploads\/sites\/80\/2022\/03\/Lecriture-de-lEgypte-antique-V2.pdf\" class=\"wp-block-file__button\" download>T\u00e9l\u00e9charger<\/a><\/div>\n\n\n\n<p><\/p>\n<\/div>\n<\/div>\n<\/div><\/div>\n\n\n\n<p><span style=\"color:#31a5d7\" class=\"has-inline-color\">Projet <strong>2021<\/strong> : <\/span><span class=\"has-inline-color has-dark-gray-color\">en<\/span> plein confinement et malgr\u00e9 toutes les restrictions, les \u00e9tudiants de troisi\u00e8me ann\u00e9e ont pu travailler en partenariat avec <strong>GMEA d&rsquo;Albi<\/strong>. Ils ont d\u00e9couvert le fonctionnement de cette structure culturelle, sa programmation et les r\u00e9sidences d&rsquo;artistes organis\u00e9es. Et pour donner forme \u00e0 ces \u00e9changes \u00e9rudits, po\u00e9tiques et surtout musicaux, ils ont choisi de cr\u00e9er un blog d\u00e9di\u00e9 \u00e0 l&rsquo;oeuvre de John Cage :<\/p>\n\n\n\n<p>\u00e0 d\u00e9couvrir ici !   <a href=\"https:\/\/gmeabychampo.wordpress.com\/\">https:\/\/gmeabychampo.wordpress.com\/<\/a><\/p>\n\n\n\n<p><\/p>\n\n\n\n<p><\/p>\n","protected":false},"excerpt":{"rendered":"<p>Projet 2023 : r\u00e9alisation de deux audio-guides po\u00e9tiques sur la fresque du Jugement dernier peinte au XV\u00e8 si\u00e8cle dans la Cath\u00e9drale Ste-C\u00e9cile d&rsquo;Albi Projet 2022 : m\u00e9diation autour de l&rsquo;exposition consacr\u00e9e au bicentenaire du d\u00e9chiffrement des hi\u00e9roglyphes par Jean-Fran\u00e7ois Champollion en partenariat avec le Mus\u00e9e Champollion &#8211; Les \u00e9critures du monde de Figeac Projet 2021 &hellip; <a href=\"https:\/\/blogs.univ-jfc.fr\/licencelettres\/travaux-encadres-de-recherche\/ter-suivi-dun-evenement-culturel\/\" class=\"more-link\">Continuer la lecture de <span class=\"screen-reader-text\">TER Suivi d&rsquo;un projet culturel<\/span> <span class=\"meta-nav\">&rarr;<\/span><\/a><\/p>\n","protected":false},"author":729,"featured_media":0,"parent":134,"menu_order":0,"comment_status":"closed","ping_status":"closed","template":"","meta":[],"_links":{"self":[{"href":"https:\/\/blogs.univ-jfc.fr\/licencelettres\/wp-json\/wp\/v2\/pages\/210"}],"collection":[{"href":"https:\/\/blogs.univ-jfc.fr\/licencelettres\/wp-json\/wp\/v2\/pages"}],"about":[{"href":"https:\/\/blogs.univ-jfc.fr\/licencelettres\/wp-json\/wp\/v2\/types\/page"}],"author":[{"embeddable":true,"href":"https:\/\/blogs.univ-jfc.fr\/licencelettres\/wp-json\/wp\/v2\/users\/729"}],"replies":[{"embeddable":true,"href":"https:\/\/blogs.univ-jfc.fr\/licencelettres\/wp-json\/wp\/v2\/comments?post=210"}],"version-history":[{"count":6,"href":"https:\/\/blogs.univ-jfc.fr\/licencelettres\/wp-json\/wp\/v2\/pages\/210\/revisions"}],"predecessor-version":[{"id":381,"href":"https:\/\/blogs.univ-jfc.fr\/licencelettres\/wp-json\/wp\/v2\/pages\/210\/revisions\/381"}],"up":[{"embeddable":true,"href":"https:\/\/blogs.univ-jfc.fr\/licencelettres\/wp-json\/wp\/v2\/pages\/134"}],"wp:attachment":[{"href":"https:\/\/blogs.univ-jfc.fr\/licencelettres\/wp-json\/wp\/v2\/media?parent=210"}],"curies":[{"name":"wp","href":"https:\/\/api.w.org\/{rel}","templated":true}]}}