{"id":326,"date":"2022-03-22T09:47:03","date_gmt":"2022-03-22T08:47:03","guid":{"rendered":"http:\/\/blogs.univ-jfc.fr\/licencelettres\/?page_id=326"},"modified":"2022-06-30T09:39:06","modified_gmt":"2022-06-30T07:39:06","slug":"atelier-avec-frederic-dumond","status":"publish","type":"page","link":"https:\/\/blogs.univ-jfc.fr\/licencelettres\/rencontres-dauteur-e-s-animees-par-les-etudiants\/atelier-avec-frederic-dumond\/","title":{"rendered":"Atelier avec Fr\u00e9d\u00e9ric Dumond &#8211; 29 janvier 2022"},"content":{"rendered":"\n<p><strong><em>Accompagn\u00e9 par le po\u00e8te et plasticien Fr\u00e9d\u00e9ric Dumond, dont le travail po\u00e9tique m\u00eale et fait entrer en r\u00e9sonance des langues du monde entier, cet atelier a \u00e9t\u00e9 offert aux \u00e9tudiant.e.s dans le cadre de la Semaine du son, organis\u00e9e par le GMEA, Centre National de Cr\u00e9ation Musicale d\u2019Albi du 24 au 29 janvier 2022.<\/em><\/strong> <strong><em>En observant et en combinant diff\u00e9rents codes linguistiques, les \u00e9tudiants de L1 ont cr\u00e9\u00e9 des langues imaginaires. Les sons, les signes, mais aussi l&rsquo;orthographe, la grammaire et le vocabulaire, tout est nouveau dans ces langues originales issues de civilisations m\u00e9connues.<\/em><\/strong> Ces travaux ont fait l&rsquo;objet d&rsquo;une restitution lors du s\u00e9minaire La Forge des langues (26\/01\/22) et sous forme d&rsquo;exposition \u00e0 la Biblioth\u00e8que universitaire du campus d&rsquo;Albi (15\/03 au 01\/04\/22).<\/p>\n\n\n\n<figure class=\"wp-block-video\"><video controls src=\"https:\/\/media.univ-jfc.fr\/videos\/MEDIA220225162119797\/multimedia\/MEDIA220225162119797.mp4\"><\/video><\/figure>\n\n\n\n<p><a href=\"https:\/\/scd.univ-jfc.fr\/actualites\/inventer-des-langues-une-expo-creative\">https:\/\/scd.univ-jfc.fr\/actualites\/inventer-des-langues-une-expo-creative<\/a><\/p>\n\n\n\n<p><a href=\"https:\/\/fredericdumond.xyz\/creer-une-langue\/\">Coup d&rsquo;oeil r\u00e9trospectif sur l&rsquo;atelier \u00e0 retrouver sur le site perso de Fr\u00e9d\u00e9ric Dumond<\/a><\/p>\n\n\n\n<p><\/p>\n","protected":false},"excerpt":{"rendered":"<p>Accompagn\u00e9 par le po\u00e8te et plasticien Fr\u00e9d\u00e9ric Dumond, dont le travail po\u00e9tique m\u00eale et fait entrer en r\u00e9sonance des langues du monde entier, cet atelier a \u00e9t\u00e9 offert aux \u00e9tudiant.e.s dans le cadre de la Semaine du son, organis\u00e9e par le GMEA, Centre National de Cr\u00e9ation Musicale d\u2019Albi du 24 au 29 janvier 2022. En &hellip; <a href=\"https:\/\/blogs.univ-jfc.fr\/licencelettres\/rencontres-dauteur-e-s-animees-par-les-etudiants\/atelier-avec-frederic-dumond\/\" class=\"more-link\">Continuer la lecture de <span class=\"screen-reader-text\">Atelier avec Fr\u00e9d\u00e9ric Dumond &#8211; 29 janvier 2022<\/span> <span class=\"meta-nav\">&rarr;<\/span><\/a><\/p>\n","protected":false},"author":729,"featured_media":0,"parent":26,"menu_order":1,"comment_status":"closed","ping_status":"closed","template":"","meta":[],"_links":{"self":[{"href":"https:\/\/blogs.univ-jfc.fr\/licencelettres\/wp-json\/wp\/v2\/pages\/326"}],"collection":[{"href":"https:\/\/blogs.univ-jfc.fr\/licencelettres\/wp-json\/wp\/v2\/pages"}],"about":[{"href":"https:\/\/blogs.univ-jfc.fr\/licencelettres\/wp-json\/wp\/v2\/types\/page"}],"author":[{"embeddable":true,"href":"https:\/\/blogs.univ-jfc.fr\/licencelettres\/wp-json\/wp\/v2\/users\/729"}],"replies":[{"embeddable":true,"href":"https:\/\/blogs.univ-jfc.fr\/licencelettres\/wp-json\/wp\/v2\/comments?post=326"}],"version-history":[{"count":5,"href":"https:\/\/blogs.univ-jfc.fr\/licencelettres\/wp-json\/wp\/v2\/pages\/326\/revisions"}],"predecessor-version":[{"id":362,"href":"https:\/\/blogs.univ-jfc.fr\/licencelettres\/wp-json\/wp\/v2\/pages\/326\/revisions\/362"}],"up":[{"embeddable":true,"href":"https:\/\/blogs.univ-jfc.fr\/licencelettres\/wp-json\/wp\/v2\/pages\/26"}],"wp:attachment":[{"href":"https:\/\/blogs.univ-jfc.fr\/licencelettres\/wp-json\/wp\/v2\/media?parent=326"}],"curies":[{"name":"wp","href":"https:\/\/api.w.org\/{rel}","templated":true}]}}

Atelier avec Frédéric Dumond &#8211; 29 janvier 2022

<p><strong><em>Accompagné par le poète et plasticien Frédéric Dumond, dont le travail poétique mêle et fait entrer en résonance des langues du monde entier, cet atelier a été offert aux étudiant.e.s dans le cadre de la Semaine du son, organisée par le GMEA, Centre National de Création Musicale d’Albi du 24 au 29 janvier 2022.</em></strong> <strong><em>En observant et en combinant différents codes linguistiques, les étudiants de L1 ont créé des langues imaginaires. Les sons, les signes, mais aussi l&rsquo;orthographe, la grammaire et le vocabulaire, tout est nouveau dans ces langues originales issues de civilisations méconnues.</em></strong> Ces travaux ont fait l&rsquo;objet d&rsquo;une restitution lors du séminaire La Forge des langues (26/01/22) et sous forme d&rsquo;exposition à la Bibliothèque universitaire du campus d&rsquo;Albi (15/03 au 01/04/22).</p>



<figure class="wp-block-video"><video controls src="https://media.univ-jfc.fr/videos/MEDIA220225162119797/multimedia/MEDIA220225162119797.mp4"></video></figure>



<p><a href="https://scd.univ-jfc.fr/actualites/inventer-des-langues-une-expo-creative">https://scd.univ-jfc.fr/actualites/inventer-des-langues-une-expo-creative</a></p>



<p><a href="https://fredericdumond.xyz/creer-une-langue/">Coup d&rsquo;oeil rétrospectif sur l&rsquo;atelier à retrouver sur le site perso de Frédéric Dumond</a></p>



<p></p>

<p>Accompagné par le poète et plasticien Frédéric Dumond, dont le travail poétique mêle et fait entrer en résonance des langues du monde entier, cet atelier a été offert aux étudiant.e.s dans le cadre de la Semaine du son, organisée par le GMEA, Centre National de Création Musicale d’Albi du 24 au 29 janvier 2022. En &hellip; <a href="https://blogs.univ-jfc.fr/licencelettres/rencontres-dauteur-e-s-animees-par-les-etudiants/atelier-avec-frederic-dumond/" class="more-link">Continuer la lecture de <span class="screen-reader-text">Atelier avec Frédéric Dumond &#8211; 29 janvier 2022</span> <span class="meta-nav">&rarr;</span></a></p>
