{"id":76,"date":"2020-01-29T11:14:30","date_gmt":"2020-01-29T10:14:30","guid":{"rendered":"http:\/\/blogs.univ-jfc.fr\/licencelettres\/?page_id=76"},"modified":"2021-11-21T07:39:35","modified_gmt":"2021-11-21T06:39:35","slug":"bienvenue-sur-le-site-de-la-licence-de-lettres-de-linu-champollion-a-albi","status":"publish","type":"page","link":"https:\/\/blogs.univ-jfc.fr\/licencelettres\/","title":{"rendered":"Bienvenue sur le site de la licence de lettres de l&rsquo;INU Champollion \u00e0 Albi"},"content":{"rendered":"<ul>\n<li>\n<h4>Un campus \u00e0 taille humaine<\/h4>\n<\/li>\n<li>\n<h4>Une universit\u00e9 de proximit\u00e9<\/h4>\n<\/li>\n<li>\n<h4>Des p\u00e9dagogies innovantes<\/h4>\n<\/li>\n<li>\n<h4>Des enseignements professionnalisants<\/h4>\n<\/li>\n<li>\n<h4>Une insertion professionnelle diversifi\u00e9e<\/h4>\n<\/li>\n<\/ul>\n<figure id=\"attachment_127\" aria-describedby=\"caption-attachment-127\" style=\"width: 960px\" class=\"wp-caption alignnone\"><img loading=\"lazy\" class=\"wp-image-127 size-full\" src=\"http:\/\/blogs.univ-jfc.fr\/licencelettres\/wp-content\/uploads\/sites\/80\/2020\/01\/Perf-2017-litte\u0301raires-et-fiers-de-Lettres.jpg\" alt=\"\" width=\"960\" height=\"540\" srcset=\"https:\/\/blogs.univ-jfc.fr\/licencelettres\/wp-content\/uploads\/sites\/80\/2020\/01\/Perf-2017-litte\u0301raires-et-fiers-de-Lettres.jpg 960w, https:\/\/blogs.univ-jfc.fr\/licencelettres\/wp-content\/uploads\/sites\/80\/2020\/01\/Perf-2017-litte\u0301raires-et-fiers-de-Lettres-300x169.jpg 300w, https:\/\/blogs.univ-jfc.fr\/licencelettres\/wp-content\/uploads\/sites\/80\/2020\/01\/Perf-2017-litte\u0301raires-et-fiers-de-Lettres-768x432.jpg 768w\" sizes=\"(max-width: 960px) 100vw, 960px\" \/><figcaption id=\"caption-attachment-127\" class=\"wp-caption-text\">TER Performances po\u00e9tiques &#8211; Campus de l&rsquo;INU, 2016.<\/figcaption><\/figure>\n","protected":false},"excerpt":{"rendered":"<p>Un campus \u00e0 taille humaine Une universit\u00e9 de proximit\u00e9 Des p\u00e9dagogies innovantes Des enseignements professionnalisants Une insertion professionnelle diversifi\u00e9e<\/p>\n","protected":false},"author":729,"featured_media":0,"parent":0,"menu_order":0,"comment_status":"closed","ping_status":"closed","template":"","meta":[],"_links":{"self":[{"href":"https:\/\/blogs.univ-jfc.fr\/licencelettres\/wp-json\/wp\/v2\/pages\/76"}],"collection":[{"href":"https:\/\/blogs.univ-jfc.fr\/licencelettres\/wp-json\/wp\/v2\/pages"}],"about":[{"href":"https:\/\/blogs.univ-jfc.fr\/licencelettres\/wp-json\/wp\/v2\/types\/page"}],"author":[{"embeddable":true,"href":"https:\/\/blogs.univ-jfc.fr\/licencelettres\/wp-json\/wp\/v2\/users\/729"}],"replies":[{"embeddable":true,"href":"https:\/\/blogs.univ-jfc.fr\/licencelettres\/wp-json\/wp\/v2\/comments?post=76"}],"version-history":[{"count":5,"href":"https:\/\/blogs.univ-jfc.fr\/licencelettres\/wp-json\/wp\/v2\/pages\/76\/revisions"}],"predecessor-version":[{"id":285,"href":"https:\/\/blogs.univ-jfc.fr\/licencelettres\/wp-json\/wp\/v2\/pages\/76\/revisions\/285"}],"wp:attachment":[{"href":"https:\/\/blogs.univ-jfc.fr\/licencelettres\/wp-json\/wp\/v2\/media?parent=76"}],"curies":[{"name":"wp","href":"https:\/\/api.w.org\/{rel}","templated":true}]}}