{"id":5,"date":"2015-11-14T17:41:30","date_gmt":"2015-11-14T16:41:30","guid":{"rendered":"http:\/\/blogs.univ-jfc.fr\/lproeauxbouesdechets\/?page_id=5"},"modified":"2024-02-15T20:16:07","modified_gmt":"2024-02-15T19:16:07","slug":"contacts","status":"publish","type":"page","link":"https:\/\/blogs.univ-jfc.fr\/lproeauxbouesdechets\/contacts\/","title":{"rendered":"Contacts"},"content":{"rendered":"<p><b>Pierre Marty<\/b><br \/>\nResponsable Institut National Universitaire Champollion pierre.marty@univ-jfc.fr<\/p>\n<p><b>Ludovic Costey<\/b><br \/>\nResponsable lyc\u00e9e agricole Albi-Fonlabour ludovic.costey@educagri.fr<\/p>\n<p style=\"text-align: left\" align=\"right\">Secr\u00e9tariat scolarit\u00e9\u00a0Institut National Universitaire Champollion :\u00a0T\u00e9l : 05 63 48 91 51\u00a0 <a href=\"scolarite-lp-gpe@univ-jfc.fr\">scolarite-lp-gpe@univ-jfc.fr<\/a><\/p>\n<address><strong>Institut National Universitaire Champollion, Place de Verdun, 81 012 Albi<\/strong>.<\/address>\n<address>\u00a0<\/address>\n","protected":false},"excerpt":{"rendered":"<p>Pierre Marty Responsable Institut National Universitaire Champollion pierre.marty@univ-jfc.fr Ludovic Costey Responsable lyc\u00e9e agricole Albi-Fonlabour ludovic.costey@educagri.fr Secr\u00e9tariat scolarit\u00e9\u00a0Institut National Universitaire Champollion :\u00a0T\u00e9l : 05 63 48 91 51\u00a0 scolarite-lp-gpe@univ-jfc.fr Institut National Universitaire Champollion, Place de Verdun, 81 012 Albi. \u00a0<\/p>\n","protected":false},"author":116,"featured_media":0,"parent":0,"menu_order":6,"comment_status":"open","ping_status":"closed","template":"","meta":[],"_links":{"self":[{"href":"https:\/\/blogs.univ-jfc.fr\/lproeauxbouesdechets\/wp-json\/wp\/v2\/pages\/5"}],"collection":[{"href":"https:\/\/blogs.univ-jfc.fr\/lproeauxbouesdechets\/wp-json\/wp\/v2\/pages"}],"about":[{"href":"https:\/\/blogs.univ-jfc.fr\/lproeauxbouesdechets\/wp-json\/wp\/v2\/types\/page"}],"author":[{"embeddable":true,"href":"https:\/\/blogs.univ-jfc.fr\/lproeauxbouesdechets\/wp-json\/wp\/v2\/users\/116"}],"replies":[{"embeddable":true,"href":"https:\/\/blogs.univ-jfc.fr\/lproeauxbouesdechets\/wp-json\/wp\/v2\/comments?post=5"}],"version-history":[{"count":7,"href":"https:\/\/blogs.univ-jfc.fr\/lproeauxbouesdechets\/wp-json\/wp\/v2\/pages\/5\/revisions"}],"predecessor-version":[{"id":1112,"href":"https:\/\/blogs.univ-jfc.fr\/lproeauxbouesdechets\/wp-json\/wp\/v2\/pages\/5\/revisions\/1112"}],"wp:attachment":[{"href":"https:\/\/blogs.univ-jfc.fr\/lproeauxbouesdechets\/wp-json\/wp\/v2\/media?parent=5"}],"curies":[{"name":"wp","href":"https:\/\/api.w.org\/{rel}","templated":true}]}}