{"id":53,"date":"2015-11-25T14:57:10","date_gmt":"2015-11-25T13:57:10","guid":{"rendered":"http:\/\/blogs.univ-jfc.fr\/lproeauxbouesdechets\/?page_id=53"},"modified":"2015-12-23T09:00:17","modified_gmt":"2015-12-23T08:00:17","slug":"stages","status":"publish","type":"page","link":"https:\/\/blogs.univ-jfc.fr\/lproeauxbouesdechets\/emplois-et-stages\/stages\/","title":{"rendered":"Stages"},"content":{"rendered":"<p style=\"text-align: justify\">Le stage en entreprise, d\u2019une dur\u00e9e de 12 semaines, se d\u00e9roule \u00e0 partir de la mi-mars jusqu\u2019\u00e0 la mi-juin.<\/p>\n<p style=\"text-align: justify\">L\u2019objectif du stage est de s\u2019<strong>int\u00e9grer au sein d\u2019une \u00e9quipe dans une entreprise<\/strong>, de <strong>prendre des initiatives<\/strong> <strong>et des responsabilit\u00e9s<\/strong>.<\/p>\n<p style=\"text-align: justify\">Le travail effectu\u00e9 pendant le stage se traduit par la r\u00e9daction d\u2019un m\u00e9moire. D\u2019environ 30 pages, il est la base d\u2019une soutenance orale. Ce document, comme sa soutenance, doit permettre de v\u00e9rifier que le candidat a une approche globale de son futur m\u00e9tier dans l\u2019entreprise.<\/p>\n<p style=\"text-align: justify\">L&rsquo;\u00e9tudiant est \u00e9valu\u00e9 sur la base du m\u00e9moire \u00e9crit, de la soutenance orale (en pr\u00e9sence d&rsquo;un membre de l&rsquo;\u00e9quipe p\u00e9dagogique et\u00a0 d\u2019un professionnel) et de l\u2019appr\u00e9ciation du ma\u00eetre de stage. Ce dernier crit\u00e8re renforce l\u2019aspect professionnalisant de la formation.<\/p>\n<p style=\"text-align: justify\">Les \u00e9tudiants sont autonomes dans leur recherche ; des offres leur sont r\u00e9guli\u00e8rement communiqu\u00e9es par les professionnels intervenant dans la formation.<\/p>\n<p style=\"text-align: justify\">Ils sont \u00e9galement initi\u00e9s \u00e0 la recherche de stage sur les sites internet sp\u00e9cialis\u00e9s et les r\u00e9seaux sociaux. Ils s\u2019appuient sur le r\u00e9seau d\u2019entreprises partenaires de la Plate-Forme Technologique GH2O. Enfin, les anciens \u00e9tudiants aujourd\u2019hui ins\u00e9r\u00e9s professionnellement sont les interlocuteurs privil\u00e9gi\u00e9s des promotions. Un listing est r\u00e9guli\u00e8rement mis \u00e0 jour.<\/p>\n<p style=\"text-align: justify\">La pr\u00e9sence d\u2019une formation \u00a0BTSA Gestion et ma\u00eetrise de l&rsquo;eau sur le lyc\u00e9e Fonlabour est un atout pour la licence professionnelle car cela permet la mutualisation des structures de stage entre les \u00e9quipes.<\/p>\n","protected":false},"excerpt":{"rendered":"<p>Le stage en entreprise, d\u2019une dur\u00e9e de 12 semaines, se d\u00e9roule \u00e0 partir de la mi-mars jusqu\u2019\u00e0 la mi-juin. L\u2019objectif du stage est de s\u2019int\u00e9grer au sein d\u2019une \u00e9quipe dans une entreprise, de prendre des initiatives et des responsabilit\u00e9s. Le travail effectu\u00e9 pendant le stage se traduit par la r\u00e9daction d\u2019un m\u00e9moire. D\u2019environ 30 pages, &hellip; <a href=\"https:\/\/blogs.univ-jfc.fr\/lproeauxbouesdechets\/emplois-et-stages\/stages\/\" class=\"more-link\">Continuer la lecture de <span class=\"screen-reader-text\">Stages<\/span> <span class=\"meta-nav\">&rarr;<\/span><\/a><\/p>\n","protected":false},"author":116,"featured_media":0,"parent":45,"menu_order":2,"comment_status":"closed","ping_status":"open","template":"","meta":[],"_links":{"self":[{"href":"https:\/\/blogs.univ-jfc.fr\/lproeauxbouesdechets\/wp-json\/wp\/v2\/pages\/53"}],"collection":[{"href":"https:\/\/blogs.univ-jfc.fr\/lproeauxbouesdechets\/wp-json\/wp\/v2\/pages"}],"about":[{"href":"https:\/\/blogs.univ-jfc.fr\/lproeauxbouesdechets\/wp-json\/wp\/v2\/types\/page"}],"author":[{"embeddable":true,"href":"https:\/\/blogs.univ-jfc.fr\/lproeauxbouesdechets\/wp-json\/wp\/v2\/users\/116"}],"replies":[{"embeddable":true,"href":"https:\/\/blogs.univ-jfc.fr\/lproeauxbouesdechets\/wp-json\/wp\/v2\/comments?post=53"}],"version-history":[{"count":6,"href":"https:\/\/blogs.univ-jfc.fr\/lproeauxbouesdechets\/wp-json\/wp\/v2\/pages\/53\/revisions"}],"predecessor-version":[{"id":164,"href":"https:\/\/blogs.univ-jfc.fr\/lproeauxbouesdechets\/wp-json\/wp\/v2\/pages\/53\/revisions\/164"}],"up":[{"embeddable":true,"href":"https:\/\/blogs.univ-jfc.fr\/lproeauxbouesdechets\/wp-json\/wp\/v2\/pages\/45"}],"wp:attachment":[{"href":"https:\/\/blogs.univ-jfc.fr\/lproeauxbouesdechets\/wp-json\/wp\/v2\/media?parent=53"}],"curies":[{"name":"wp","href":"https:\/\/api.w.org\/{rel}","templated":true}]}}