{"id":80,"date":"2015-11-28T18:49:26","date_gmt":"2015-11-28T17:49:26","guid":{"rendered":"http:\/\/blogs.univ-jfc.fr\/lproeauxbouesdechets\/?page_id=80"},"modified":"2018-02-04T09:24:23","modified_gmt":"2018-02-04T08:24:23","slug":"offres-de-stage","status":"publish","type":"page","link":"https:\/\/blogs.univ-jfc.fr\/lproeauxbouesdechets\/emplois-et-stages\/stages\/offres-de-stage\/","title":{"rendered":"Offres de stage"},"content":{"rendered":"<p>Offre parue en janvier 2018 :<\/p>\n<ul>\n<li>La chambre d&rsquo;agriculture du Tarn recherche un.e <a href=\"http:\/\/www.reseau-tee.net\/47878_offre-emploi-stage-accompagnement-gestion-ressource-en-eau-2018--3-4-mois-h-f--albi--81.html\">stagiaire accompagnement ressource en eau<\/a><\/li>\n<\/ul>\n<p>Offres parues en novembre 2017 :<\/p>\n<ul>\n<li>La chambre d&rsquo;agriculture des Landes recherche un.e <a href=\"http:\/\/blogs.univ-jfc.fr\/lproeauxbouesdechets\/wp-content\/uploads\/sites\/47\/2015\/11\/MVAD.pdf\">stagiaire \u00e9tude compostage<\/a><\/li>\n<\/ul>\n<p>Offres parues en octobre 2017<\/p>\n<ul>\n<li>Suez recrute des stagiaires : <a href=\"http:\/\/blogs.univ-jfc.fr\/lproeauxbouesdechets\/wp-content\/uploads\/sites\/47\/2015\/11\/Offre-de-stage-licence-pro-SUEZ.pdf\">Offre de stage licence pro SUEZ<\/a><\/li>\n<li>le bureau d&rsquo;\u00e9tudes CEREG recherche des stagiaires \u00e0 Toulouse et Rodez :<\/li>\n<li>la chambre d&rsquo;agriculture du 82\u00a0 (gestion des d\u00e9chets organiques) recherche un(e) <a href=\"http:\/\/blogs.univ-jfc.fr\/lproeauxbouesdechets\/wp-content\/uploads\/sites\/47\/2015\/11\/Offre-de-stage2018-op\u00e9ration-d\u00e9chets-organiquesVF.pdf\">stagiaire<\/a><\/li>\n<li>la communaut\u00e9 d&rsquo;agglom\u00e9ration de l&rsquo;albigeois recrute un(e) <a href=\"http:\/\/blogs.univ-jfc.fr\/lproeauxbouesdechets\/wp-content\/uploads\/sites\/47\/2015\/11\/offre-de-stage-C2A.pdf\">stagiaire<\/a><\/li>\n<li>la CCI du Tarn et Garonne recrute un(e) <a href=\"http:\/\/blogs.univ-jfc.fr\/lproeauxbouesdechets\/wp-content\/uploads\/sites\/47\/2015\/11\/PROPOSITION_DE_STAGE_2018.pdf\">stagiaire sur sujet \u00e9conomie circulaire<\/a><\/li>\n<li>Alliance environnement (12 ou 34) recrute un(e) <a href=\"http:\/\/blogs.univ-jfc.fr\/lproeauxbouesdechets\/wp-content\/uploads\/sites\/47\/2015\/11\/stage-Alliance.pdf\">stagiaire<\/a><\/li>\n<\/ul>\n<p>Offres parues en janvier 2017 :<\/p>\n<ul>\n<li>SEDE, filiale de Veolia recrute un (e) stagiaire pour le <a href=\"http:\/\/blogs.univ-jfc.fr\/lproeauxbouesdechets\/wp-content\/uploads\/sites\/47\/2015\/11\/offre-de-stage-SEDE-Environnement_Agen_2017_.pdf\">suivi de fili\u00e8re valorisation sous-produits agricole<\/a><\/li>\n<li>La fromagerie La Core-Cazalas (Bethmale, Ari\u00e8ge) cherche un(e) stagiaire pour le <a href=\"http:\/\/blogs.univ-jfc.fr\/lproeauxbouesdechets\/wp-content\/uploads\/sites\/47\/2015\/11\/offre-stage.pdf\">suivi de la m\u00e9thanisation<\/a><\/li>\n<li>le Syndicat Intercommunal Sud-Rh\u00f4ne environnement recrute un(e) <a href=\"http:\/\/blogs.univ-jfc.fr\/lproeauxbouesdechets\/wp-content\/uploads\/sites\/47\/2015\/11\/SRE-Offre-de-stage-caract\u00e9risation-2017.pdf\">stagiaire caract\u00e9risation 2017<\/a><\/li>\n<\/ul>\n<p>Offres de stage parues en d\u00e9cembre 2016 :<\/p>\n<ul>\n<li>Coved, filiale de la SAUR, cherche un(e) <a href=\"http:\/\/www.emploi-environnement.com\/fr\/gestion_offre\/visu_offre.php4?reference_offre=149126\">Stagiaire secteur d\u00e9chets <\/a><\/li>\n<li>La communaut\u00e9 d&rsquo;agglom\u00e9ration de l&rsquo;Albigeois recrute un(e)\u00a0 <a href=\"http:\/\/blogs.univ-jfc.fr\/lproeauxbouesdechets\/wp-content\/uploads\/sites\/47\/2015\/11\/SUJET-DE-STAGE-tpe-pme.pdf\">stagiaire<\/a><\/li>\n<\/ul>\n<p>Offres de stage parue en novembre 2016\u00a0 :<\/p>\n<ul>\n<li><a href=\"https:\/\/airliquide.recruitmentplatform.com\/career.jobdetails.php?LG=FR&amp;nPostingId=7776&amp;nPostingTargetId=13913&amp;id=PDMFK026203F3VBQBV7LOQW0B&amp;LG=FR&amp;mask=airextdynamic\">Stage SEPPIC<\/a><\/li>\n<li><a href=\"http:\/\/blogs.univ-jfc.fr\/lproeauxbouesdechets\/wp-content\/uploads\/sites\/47\/2015\/11\/offre-de-stage_CEREG.pdf\">offre de stage_CEREG<\/a><\/li>\n<li><a href=\"http:\/\/blogs.univ-jfc.fr\/lproeauxbouesdechets\/wp-content\/uploads\/sites\/47\/2015\/11\/compost_mvad.pdf\">Etude de march\u00e9 sur le compost<\/a> (Chambre des Landes, 40)<\/li>\n<\/ul>\n<p>Offre de stage parue en septembre 2016 :<\/p>\n<ul>\n<li><a href=\"http:\/\/blogs.univ-jfc.fr\/lproeauxbouesdechets\/wp-content\/uploads\/sites\/47\/2015\/11\/STAGE.pdf\">Mairie de Fronton<\/a><\/li>\n<\/ul>\n<p>Offre de stage parue en juillet 2016 : <a href=\"http:\/\/blogs.univ-jfc.fr\/lproeauxbouesdechets\/wp-content\/uploads\/sites\/47\/2015\/11\/Offre-de-stage-Charg\u00e9e-de-mission-DECHETS-LB.pdf\">Offre de stage Charg\u00e9(e) de mission &#8211; DECHETS -LB<\/a><\/p>\n<p>Offre de stage parue en janvier 2016 (SPANC Entre Dore et Allier): <a href=\"http:\/\/blogs.univ-jfc.fr\/lproeauxbouesdechets\/wp-content\/uploads\/sites\/47\/2015\/11\/offre_de_stage_spanc_cceda_-_competence_rehabilitation_et_service_tournees_de_vidanges_.pdf\">offre_de_stage_spanc_cceda_-_competence_rehabilitation_et_service_tournees_de_vidanges_<\/a><\/p>\n<p>Offre de stage parue en janvier 2016 (Verdi Ingenierie Seine) : <a href=\"http:\/\/blogs.univ-jfc.fr\/lproeauxbouesdechets\/wp-content\/uploads\/sites\/47\/2015\/11\/proposition_de_stage_janvier.pdf\">proposition_de_stage_janvier<\/a><\/p>\n<p>Offre de stage parue en janvier 2016 (Id\u00e9al Connaissances, Paris) : <a href=\"http:\/\/blogs.univ-jfc.fr\/lproeauxbouesdechets\/wp-content\/uploads\/sites\/47\/2015\/11\/Offre-de-stage-Charg\u00e9e-de-mission-DECHETS.pdf\">Offre de stage Charg\u00e9(e) de mission &#8211; DECHETS<\/a><\/p>\n<p>offre de stage parue en d\u00e9cembre 2015 (Communaut\u00e9 de communes \u00ab\u00a0Entre Dore et Allier\u00a0\u00bb, SPANC) : <a href=\"http:\/\/blogs.univ-jfc.fr\/lproeauxbouesdechets\/wp-content\/uploads\/sites\/47\/2015\/11\/OFFRE-DE-STAGE-SPANC-CCEDA-Comp\u00e9tence-rehabilitation-et-.pdf\">OFFRE DE STAGE SPANC CCEDA &#8211; Comp\u00e9tence rehabilitation et<\/a><\/p>\n<p>Offre de stage parue en d\u00e9cembre 2015 (Syndicat mixte Sud Rh\u00f4ne Environnement, d\u00e9chets) : <a href=\"http:\/\/blogs.univ-jfc.fr\/lproeauxbouesdechets\/wp-content\/uploads\/sites\/47\/2015\/11\/offre-de-stage-2016.pdf\">offre de stage 2016<\/a><\/p>\n<p><a href=\"http:\/\/blogs.univ-jfc.fr\/lproeauxbouesdechets\/wp-content\/uploads\/sites\/47\/2015\/11\/2015_2016_Stage_Boues.pdf\"><span style=\"color: #000000\">Offre de stage parue en d\u00e9cembre 2015 (Chambre d&rsquo;Agriculture du Lot) : <\/span><\/a><a href=\"http:\/\/blogs.univ-jfc.fr\/lproeauxbouesdechets\/wp-content\/uploads\/sites\/47\/2015\/11\/2015_2016_Stage_Boues.pdf\">2015_2016_Stage_Boues<\/a><\/p>\n<p>Offre de stage parue en novembre 2015 : <a href=\"http:\/\/blogs.univ-jfc.fr\/lproeauxbouesdechets\/wp-content\/uploads\/sites\/47\/2015\/11\/Sujet-de-stage-2016-Veolia-Eau-Direction-Ing\u00e9nierie-PdL-DP.pdf\">stage 2016-Veolia Eau-Direction Ing\u00e9nierie PdL-DP<\/a><\/p>\n<p>Offre de stage parue en novembre 2015 : <a href=\"http:\/\/blogs.univ-jfc.fr\/lproeauxbouesdechets\/wp-content\/uploads\/sites\/47\/2015\/11\/FiltresRoseauxGers.pdf\">FiltresRoseauxGers<\/a><\/p>\n","protected":false},"excerpt":{"rendered":"<p>Offre parue en janvier 2018 : La chambre d&rsquo;agriculture du Tarn recherche un.e stagiaire accompagnement ressource en eau Offres parues en novembre 2017 : La chambre d&rsquo;agriculture des Landes recherche un.e stagiaire \u00e9tude compostage Offres parues en octobre 2017 Suez recrute des stagiaires : Offre de stage licence pro SUEZ le bureau d&rsquo;\u00e9tudes CEREG recherche &hellip; <a href=\"https:\/\/blogs.univ-jfc.fr\/lproeauxbouesdechets\/emplois-et-stages\/stages\/offres-de-stage\/\" class=\"more-link\">Continuer la lecture de <span class=\"screen-reader-text\">Offres de stage<\/span> <span class=\"meta-nav\">&rarr;<\/span><\/a><\/p>\n","protected":false},"author":116,"featured_media":0,"parent":53,"menu_order":2,"comment_status":"closed","ping_status":"open","template":"","meta":[],"_links":{"self":[{"href":"https:\/\/blogs.univ-jfc.fr\/lproeauxbouesdechets\/wp-json\/wp\/v2\/pages\/80"}],"collection":[{"href":"https:\/\/blogs.univ-jfc.fr\/lproeauxbouesdechets\/wp-json\/wp\/v2\/pages"}],"about":[{"href":"https:\/\/blogs.univ-jfc.fr\/lproeauxbouesdechets\/wp-json\/wp\/v2\/types\/page"}],"author":[{"embeddable":true,"href":"https:\/\/blogs.univ-jfc.fr\/lproeauxbouesdechets\/wp-json\/wp\/v2\/users\/116"}],"replies":[{"embeddable":true,"href":"https:\/\/blogs.univ-jfc.fr\/lproeauxbouesdechets\/wp-json\/wp\/v2\/comments?post=80"}],"version-history":[{"count":21,"href":"https:\/\/blogs.univ-jfc.fr\/lproeauxbouesdechets\/wp-json\/wp\/v2\/pages\/80\/revisions"}],"predecessor-version":[{"id":933,"href":"https:\/\/blogs.univ-jfc.fr\/lproeauxbouesdechets\/wp-json\/wp\/v2\/pages\/80\/revisions\/933"}],"up":[{"embeddable":true,"href":"https:\/\/blogs.univ-jfc.fr\/lproeauxbouesdechets\/wp-json\/wp\/v2\/pages\/53"}],"wp:attachment":[{"href":"https:\/\/blogs.univ-jfc.fr\/lproeauxbouesdechets\/wp-json\/wp\/v2\/media?parent=80"}],"curies":[{"name":"wp","href":"https:\/\/api.w.org\/{rel}","templated":true}]}}