{"id":21,"date":"2022-04-15T14:51:49","date_gmt":"2022-04-15T12:51:49","guid":{"rendered":"https:\/\/blogs.univ-jfc.fr\/mecagenius\/?page_id=21"},"modified":"2022-04-15T15:02:21","modified_gmt":"2022-04-15T13:02:21","slug":"partenaires","status":"publish","type":"page","link":"https:\/\/blogs.univ-jfc.fr\/mecagenius\/partenaires\/","title":{"rendered":"Partenaires"},"content":{"rendered":"\n<h3>Partenaire industriel<\/h3>\n\n\n\n<div class=\"wp-block-columns\">\n<div class=\"wp-block-column\" style=\"flex-basis:66.66%\">\n<p><a href=\"https:\/\/www.ktm-advance.com\" target=\"_blank\" rel=\"noreferrer noopener\">KTM Advance<\/a><\/p>\n<\/div>\n\n\n\n<div class=\"wp-block-column\" style=\"flex-basis:33.33%\">\n<figure class=\"wp-block-image size-large\"><img loading=\"lazy\" width=\"417\" height=\"208\" src=\"https:\/\/blogs.univ-jfc.fr\/mecagenius\/wp-content\/uploads\/sites\/95\/2022\/04\/logo_ktm.png\" alt=\"\" class=\"wp-image-22\" srcset=\"https:\/\/blogs.univ-jfc.fr\/mecagenius\/wp-content\/uploads\/sites\/95\/2022\/04\/logo_ktm.png 417w, https:\/\/blogs.univ-jfc.fr\/mecagenius\/wp-content\/uploads\/sites\/95\/2022\/04\/logo_ktm-300x150.png 300w\" sizes=\"(max-width: 417px) 100vw, 417px\" \/><\/figure>\n<\/div>\n<\/div>\n\n\n\n<h3>Partenaires universitaires<\/h3>\n\n\n\n<div class=\"wp-block-columns\">\n<div class=\"wp-block-column\" style=\"flex-basis:66.66%\">\n<p>Serious Game Research Lab (SGRL &#8211; Champollion)<\/p>\n<\/div>\n\n\n\n<div class=\"wp-block-column\" style=\"flex-basis:33.33%\">\n<figure class=\"wp-block-image\"><img alt=\"\"\/><\/figure>\n<\/div>\n<\/div>\n\n\n\n<div class=\"wp-block-columns\">\n<div class=\"wp-block-column\" style=\"flex-basis:66.66%\">\n<p>Institut Cl\u00e9ment Ader (<a href=\"https:\/\/ica.cnrs.fr\/\" data-type=\"URL\" data-id=\"https:\/\/ica.cnrs.fr\/\" target=\"_blank\" rel=\"noreferrer noopener\">ICA<\/a>) &#8211; Laboratoire de recherche en g\u00e9nie m\u00e9canique<\/p>\n<\/div>\n\n\n\n<div class=\"wp-block-column\" style=\"flex-basis:33.33%\"><\/div>\n<\/div>\n\n\n\n<div class=\"wp-block-columns\">\n<div class=\"wp-block-column\" style=\"flex-basis:66.66%\">\n<p>Laboratoire de recherche en didactique de Toulouse (<a href=\"https:\/\/www.univ-tlse2.fr\/accueil\/recherche\/equipes\/education-formation-travail-savoirs-efts\" data-type=\"URL\" data-id=\"https:\/\/www.univ-tlse2.fr\/accueil\/recherche\/equipes\/education-formation-travail-savoirs-efts\" target=\"_blank\" rel=\"noreferrer noopener\">UMR EFTS<\/a>)<\/p>\n<\/div>\n\n\n\n<div class=\"wp-block-column\" style=\"flex-basis:33.33%\"><\/div>\n<\/div>\n\n\n\n<div class=\"wp-block-columns\">\n<div class=\"wp-block-column\" style=\"flex-basis:66.66%\">\n<p>Institut de recherche en informatique de Toulouse (<a href=\"https:\/\/www.irit.fr\/\" data-type=\"URL\" data-id=\"https:\/\/www.irit.fr\/\" target=\"_blank\" rel=\"noreferrer noopener\">IRIT<\/a>)<br>&#8211; <strong>comp\u00e9tences en Informatique<\/strong><\/p>\n<\/div>\n\n\n\n<div class=\"wp-block-column\" style=\"flex-basis:33.33%\"><\/div>\n<\/div>\n\n\n\n<div class=\"wp-block-columns\">\n<div class=\"wp-block-column\" style=\"flex-basis:66.66%\">\n<p>\u00c9cole de Technologie Sup\u00e9rieure de Montr\u00e9al <a rel=\"noreferrer noopener\" href=\"https:\/\/www.etsmtl.ca\/\" data-type=\"URL\" data-id=\"https:\/\/www.etsmtl.ca\/\" target=\"_blank\">ETSMTL<\/a> (Universit\u00e9 du Qu\u00e9bec)<br>&#8211; <strong>comp\u00e9tences en\u00a0G\u00e9nie m\u00e9canique (<a href=\"\/mecagenius\/wp-content\/uploads\/sites\/95\/2022\/04\/mou-avec-compression.pdf\" data-type=\"URL\" data-id=\"\/mecagenius\/wp-content\/uploads\/sites\/95\/2022\/04\/mou-avec-compression.pdf\" target=\"_blank\" rel=\"noreferrer noopener\">MOU<\/a>)<\/strong><\/p>\n<\/div>\n\n\n\n<div class=\"wp-block-column\" style=\"flex-basis:33.33%\"><\/div>\n<\/div>\n\n\n\n<h3>\u00c9quipes en France :<\/h3>\n\n\n\n<h3>Version de 2009 :<\/h3>\n\n\n\n<ul><li>Pierre Lagarrigue, Universit\u00e9 de Toulouse, Institut Cl\u00e9ment Ader, Universit\u00e9 Champollion (Professeur des universit\u00e9s &#8211; section 60)<\/li><li>Catherine Lelardeux, Universit\u00e9 Champollion (ing\u00e9nieur en informatique au Centre de Ressources Informatiques Multim\u00e9dias et Audiovisuelles (CRIMA &#8211; Champollion))<\/li><li>Olivier Baptista, Universit\u00e9 Champollion (enseignant en g\u00e9nie m\u00e9canique)<\/li><li>Tristan Libersat, Universit\u00e9 Champollion (stagiaire)<\/li><\/ul>\n\n\n\n<h3>Version de 2011 :<\/h3>\n\n\n\n<ul><li>Pierre Lagarrigue, Universit\u00e9 de Toulouse, Institut Cl\u00e9ment Ader, Universit\u00e9 Champollion (Professeur des universit\u00e9s &#8211; section 60)<\/li><li>Catherine Lelardeux, Universit\u00e9 Champollion (ing\u00e9nieur en informatique)<\/li><li>Olivier Baptista, Universit\u00e9 Champollion (enseignant en g\u00e9nie m\u00e9canique)<\/li><li>Thomas Rodsphon, Universit\u00e9 Champollion (assitant recherche en g\u00e9nie m\u00e9canique)<\/li><li>Patrice Torguet, Institut de Recherche en Informatique de Toulouse, Universit\u00e9 de Toulouse (MCF, section 27)<\/li><li>Samir Torki, Institut de Recherche en Informatique de Toulouse, Universit\u00e9 de Toulouse (Post-doctorant Mecagenius)<\/li><li>Chantal Amade-Escot, Laboratoire Education &#8211; Formation &#8211; Travail -Savoirs, Universit\u00e9 de Toulouse II &#8211; Le Mirail (Professeur des universit\u00e9s, section 70)<\/li><li>Fabienne Viallet,Laboratoire Education &#8211; Formation &#8211; Travail &#8211; Savoirs, Universit\u00e9 de Toulouse III &#8211; Paul Sabatier (MCF &#8211; section 27)<\/li><li>Michel Galaup, Laboratoire Education &#8211; Formation &#8211; Travail -Savoirs, Universit\u00e9 de Toulouse II &#8211; Le Mirail, (PRCE de Technologie, Doctorant M\u00e9cag\u00e9nius)<\/li><li>Christine Amans Passaga, Laboratoire Education &#8211; Formation &#8211; Travail &#8211; Savoirs, Universit\u00e9 Champollion (MCF &#8211; section 74)<\/li><\/ul>\n\n\n\n<h3>&nbsp;Version de 2018 :<\/h3>\n\n\n\n<ul><li>Pierre Lagarrigue, Universit\u00e9 de Toulouse, Institut Cl\u00e9ment Ader, Universit\u00e9 Champollion (Professeur des universit\u00e9s &#8211; section 60)<\/li><li>Catherine Lelardeux, Universit\u00e9 Champollion (ing\u00e9nieur de recherche en informatique)<\/li><li>Laetitia Saillard, Universit\u00e9 Champollion (ing\u00e9nieur en informatique)<\/li><li>Fabien Belugou et Romain Merlet (d\u00e9veloppeurs)<\/li><li>Arthur Ramolet, Universit\u00e9 Champollion (ing\u00e9nieur en informatique)<\/li><\/ul>\n\n\n\n<h3>\u00c9quipes au Qu\u00e9bec en 2008 :<\/h3>\n\n\n\n<ul><li>Roland Maranzana, Laboratoire de G\u00e9nie de la Production Automatis\u00e9e, \u00c9cole de Technologie Sup\u00e9rieure, Montr\u00e9al<\/li><li>Tony Wong, Laboratoire de G\u00e9nie de la Production Automatis\u00e9e, \u00c9cole de Technologie Sup\u00e9rieure, Montr\u00e9al<\/li><li>Youri Juteau, Laboratoire de G\u00e9nie de la Production Automatis\u00e9e, \u00c9cole de Technologie Sup\u00e9rieure, Montr\u00e9al<\/li><\/ul>\n\n\n\n<p><strong>Soutiens :<\/strong><\/p>\n\n\n\n<p>P\u00f4le de comp\u00e9titivit\u00e9 A\u00e9ronautique, Espace et Syst\u00e8mes embarqu\u00e9s <a rel=\"noreferrer noopener\" href=\"http:\/\/www.aerospace-valley.com\/\" target=\"_blank\">AerospaceValley<br><\/a>Minist\u00e8re de l\u2019\u00c9conomie &#8211; Secr\u00e9tariat d\u2019\u00c9tat \u00e0 l\u2019\u00c9conomie Num\u00e9rique (2009).<\/p>\n","protected":false},"excerpt":{"rendered":"<p>Partenaire industriel KTM Advance Partenaires universitaires Serious Game Research Lab (SGRL &#8211; Champollion) Institut Cl\u00e9ment Ader (ICA) &#8211; Laboratoire de recherche en g\u00e9nie m\u00e9canique Laboratoire de recherche en didactique de Toulouse (UMR EFTS) Institut de recherche en informatique de Toulouse &hellip; <a href=\"https:\/\/blogs.univ-jfc.fr\/mecagenius\/partenaires\/\">Lire la suite <span class=\"meta-nav\">&rarr;<\/span><\/a><\/p>\n","protected":false},"author":242,"featured_media":0,"parent":0,"menu_order":0,"comment_status":"closed","ping_status":"closed","template":"","meta":[],"_links":{"self":[{"href":"https:\/\/blogs.univ-jfc.fr\/mecagenius\/wp-json\/wp\/v2\/pages\/21"}],"collection":[{"href":"https:\/\/blogs.univ-jfc.fr\/mecagenius\/wp-json\/wp\/v2\/pages"}],"about":[{"href":"https:\/\/blogs.univ-jfc.fr\/mecagenius\/wp-json\/wp\/v2\/types\/page"}],"author":[{"embeddable":true,"href":"https:\/\/blogs.univ-jfc.fr\/mecagenius\/wp-json\/wp\/v2\/users\/242"}],"replies":[{"embeddable":true,"href":"https:\/\/blogs.univ-jfc.fr\/mecagenius\/wp-json\/wp\/v2\/comments?post=21"}],"version-history":[{"count":5,"href":"https:\/\/blogs.univ-jfc.fr\/mecagenius\/wp-json\/wp\/v2\/pages\/21\/revisions"}],"predecessor-version":[{"id":30,"href":"https:\/\/blogs.univ-jfc.fr\/mecagenius\/wp-json\/wp\/v2\/pages\/21\/revisions\/30"}],"wp:attachment":[{"href":"https:\/\/blogs.univ-jfc.fr\/mecagenius\/wp-json\/wp\/v2\/media?parent=21"}],"curies":[{"name":"wp","href":"https:\/\/api.w.org\/{rel}","templated":true}]}}