{"id":38,"date":"2022-04-15T15:25:02","date_gmt":"2022-04-15T13:25:02","guid":{"rendered":"https:\/\/blogs.univ-jfc.fr\/mecagenius\/?page_id=38"},"modified":"2022-04-15T15:25:02","modified_gmt":"2022-04-15T13:25:02","slug":"actualites","status":"publish","type":"page","link":"https:\/\/blogs.univ-jfc.fr\/mecagenius\/actualites\/","title":{"rendered":"Actualit\u00e9s"},"content":{"rendered":"\n<h4>Novembre 2016<\/h4>\n\n\n\n<p>Laur\u00e9at des <strong>Troph\u00e9e francophone du num\u00e9rique pour l\u2019\u00e9ducation<\/strong> dans la cat\u00e9gorie<strong> &lsquo;<\/strong><em>D\u00e9veloppement p\u00e9dagogique innovant&rsquo;<\/em>.<\/p>\n\n\n\n<p>Troph\u00e9es organis\u00e9s par le Minist\u00e8re de l&rsquo;Enseignement Sup\u00e9rieur et de la Recherche et le Teluq (Qu\u00e9bec)<br><a href=\"http:\/\/e-education2016.com\/trophees-du-numerique\/\">http:\/\/e-education2016.com\/trophees-du-numerique\/<\/a><\/p>\n\n\n\n<h4>Ann\u00e9e 2015-2016 :<\/h4>\n\n\n\n<p>&#8211; Exp\u00e9rimentation de Mecagenius dans l&rsquo;Acad\u00e9mie de Lyon<\/p>\n\n\n\n<p>Participation d&rsquo;une dizaine d&rsquo;\u00e9tablissements d&rsquo;enseignement<\/p>\n\n\n\n<p>&#8211; Pr\u00e9sentation de Mecagenius \u00e0 une d\u00e9l\u00e9gation du Minist\u00e8re de l&rsquo;Industrie Chinois&nbsp;<\/p>\n\n\n\n<h4>Mai 2015 :<\/h4>\n\n\n\n<p>&#8211; Formation et concours Mecagenius \u00e0 l&rsquo;Institut National Polytechnique F\u00e9lix Houphou\u00ebt Boigny \u00e0 Yamoussoukro, C\u00f4te d&rsquo;Ivoire<\/p>\n\n\n\n<h4>Octobre 2014 :<\/h4>\n\n\n\n<h3>&#8211; CONCOURS MECAGENIUS 2014 (Nord-Pas de Calais &amp; Midi-Pyr\u00e9n\u00e9es)<\/h3>\n\n\n\n<p><strong>Finale du concours<\/strong> lors de la rencontre europ\u00e9enne des <strong>Euroskills<\/strong> les 2, 3 et 4 octobre 2014 au Grand Palais \u00e0 Lille<\/p>\n\n\n\n<p>Jeu concours lors du <strong>Forum des IRT<\/strong> \u00e0 Nantes sur le stand de l&rsquo;IRT Antoine de Saint Exup\u00e9ry<\/p>\n\n\n\n<h4>Septembre 2014 :<\/h4>\n\n\n\n<p><strong>&#8211; Nuit europ\u00e9enne des chercheurs, <\/strong>Albi<\/p>\n\n\n\n<h4>Mai 2014<\/h4>\n\n\n\n<p><strong>&#8211; Tournoi r\u00e9gional Mecagenius <\/strong>\u00e0 l&rsquo;occasion de l&rsquo;\u00e9dition 2014 du festival \u00ab\u00a0<strong>Le Festiv&rsquo;<\/strong>\u00a0\u00bb au Z\u00e9nith de Toulouse<\/p>\n\n\n\n<h4>Nov. 2013<\/h4>\n\n\n\n<p>&#8211; Convention KTM Advance au Forum des Halles (Paris)<\/p>\n\n\n\n<p>&#8211; Conf\u00e9rence Erasme-Descartes (Amsterdam)<\/p>\n\n\n\n<h4>Oct. 2013<\/h4>\n\n\n\n<p>&#8211; Lancement de l&rsquo;exp\u00e9rimentation dans l&rsquo;Acad\u00e9mie de Lille<br>&nbsp; <a href=\"http:\/\/eduscol.education.fr\/sti\/actualites\/mecagenius\">http:\/\/eduscol.education.fr\/sti\/actualites\/mecagenius<\/a><\/p>\n\n\n\n<p>Les r\u00e9gions Ile de France et Midi Pyr\u00e9n\u00e9es, les p\u00f4les AerospaceValley et Astech ont particip\u00e9 au financement de l&rsquo;utilisation de Mecagenius dans une quinzaine d&rsquo;\u00e9tablissements d&rsquo;enseignement du secondaire, du sup\u00e9rieur et de la formation continue tout au long de l&rsquo;ann\u00e9e scolaire 2013-2014.<\/p>\n\n\n\n<h4>Sept. 2013 :<\/h4>\n\n\n\n<p>&#8211; Visite de Mme Fioraso, ministre de l&rsquo;Enseignement sup\u00e9rieur de de la recherche<br>&nbsp;&nbsp; Presse : <a href=\"http:\/\/www.ladepeche.fr\/article\/2013\/09\/17\/1710168-albi-champollion-innove-avec-les-serious-games.html\" target=\"_blank\" rel=\"noreferrer noopener\">La d\u00e9p\u00eache<\/a>, Le Monde, Les echos, France 3<\/p>\n\n\n\n<p>&#8211; Lancement de l&rsquo;exp\u00e9rimentation de Mecagenius dans l&rsquo;Acad\u00e9mie de Toulouse<\/p>\n\n\n\n<h4>Juin 2013 :<\/h4>\n\n\n\n<h3>&#8211; CONCOURS MECAGENIUS 2013 (Ile de France &amp; Midi-Pyr\u00e9n\u00e9es)<\/h3>\n\n\n\n<p>&nbsp; <strong>Finale du concours<\/strong> au <strong>salon du Bourget<\/strong> le 21 juin 2013 sur les stands des p\u00f4les de comp\u00e9tivit\u00e9<br>&nbsp; Aerospacevalley et Astech<br>&nbsp; <a href=\"http:\/\/www.pole-astech.org\/site\/pages\/index.php?doi=874be80de8010d0fe18568ddc4b3e5b3\" target=\"_blank\" rel=\"noreferrer noopener\">http:\/\/www.pole-astech.org\/site\/pages\/index.php?doi=874be80de8010d0fe18568ddc4b3e5b3<\/a><\/p>\n\n\n\n<p>&#8211; <strong>Games For change<\/strong>, Paris<\/p>\n","protected":false},"excerpt":{"rendered":"<p>Novembre 2016 Laur\u00e9at des Troph\u00e9e francophone du num\u00e9rique pour l\u2019\u00e9ducation dans la cat\u00e9gorie &lsquo;D\u00e9veloppement p\u00e9dagogique innovant&rsquo;. Troph\u00e9es organis\u00e9s par le Minist\u00e8re de l&rsquo;Enseignement Sup\u00e9rieur et de la Recherche et le Teluq (Qu\u00e9bec)http:\/\/e-education2016.com\/trophees-du-numerique\/ Ann\u00e9e 2015-2016 : &#8211; Exp\u00e9rimentation de Mecagenius dans &hellip; <a href=\"https:\/\/blogs.univ-jfc.fr\/mecagenius\/actualites\/\">Lire la suite <span class=\"meta-nav\">&rarr;<\/span><\/a><\/p>\n","protected":false},"author":242,"featured_media":0,"parent":0,"menu_order":0,"comment_status":"closed","ping_status":"closed","template":"","meta":[],"_links":{"self":[{"href":"https:\/\/blogs.univ-jfc.fr\/mecagenius\/wp-json\/wp\/v2\/pages\/38"}],"collection":[{"href":"https:\/\/blogs.univ-jfc.fr\/mecagenius\/wp-json\/wp\/v2\/pages"}],"about":[{"href":"https:\/\/blogs.univ-jfc.fr\/mecagenius\/wp-json\/wp\/v2\/types\/page"}],"author":[{"embeddable":true,"href":"https:\/\/blogs.univ-jfc.fr\/mecagenius\/wp-json\/wp\/v2\/users\/242"}],"replies":[{"embeddable":true,"href":"https:\/\/blogs.univ-jfc.fr\/mecagenius\/wp-json\/wp\/v2\/comments?post=38"}],"version-history":[{"count":1,"href":"https:\/\/blogs.univ-jfc.fr\/mecagenius\/wp-json\/wp\/v2\/pages\/38\/revisions"}],"predecessor-version":[{"id":40,"href":"https:\/\/blogs.univ-jfc.fr\/mecagenius\/wp-json\/wp\/v2\/pages\/38\/revisions\/40"}],"wp:attachment":[{"href":"https:\/\/blogs.univ-jfc.fr\/mecagenius\/wp-json\/wp\/v2\/media?parent=38"}],"curies":[{"name":"wp","href":"https:\/\/api.w.org\/{rel}","templated":true}]}}