{"id":47,"date":"2022-04-15T15:42:24","date_gmt":"2022-04-15T13:42:24","guid":{"rendered":"https:\/\/blogs.univ-jfc.fr\/mecagenius\/?page_id=47"},"modified":"2022-04-15T15:42:24","modified_gmt":"2022-04-15T13:42:24","slug":"contact","status":"publish","type":"page","link":"https:\/\/blogs.univ-jfc.fr\/mecagenius\/contact\/","title":{"rendered":"Contact"},"content":{"rendered":"\n<p><strong>Catherine PONS LELARDEUX<\/strong> (Universit\u00e9 Champollion)<\/p>\n\n\n\n<p><strong>Pierre LAGARRIGUE <\/strong>(Universit\u00e9 Champollion &#8211; Institut Cl\u00e9ment Ader)<\/p>\n\n\n\n<p>Email: <a href=\"mailto:mecagenius@univ-jfc.fr\">mecagenius@univ-jfc.fr<\/a><\/p>\n","protected":false},"excerpt":{"rendered":"<p>Catherine PONS LELARDEUX (Universit\u00e9 Champollion) Pierre LAGARRIGUE (Universit\u00e9 Champollion &#8211; Institut Cl\u00e9ment Ader) Email: mecagenius@univ-jfc.fr<\/p>\n","protected":false},"author":242,"featured_media":0,"parent":0,"menu_order":0,"comment_status":"closed","ping_status":"closed","template":"","meta":[],"_links":{"self":[{"href":"https:\/\/blogs.univ-jfc.fr\/mecagenius\/wp-json\/wp\/v2\/pages\/47"}],"collection":[{"href":"https:\/\/blogs.univ-jfc.fr\/mecagenius\/wp-json\/wp\/v2\/pages"}],"about":[{"href":"https:\/\/blogs.univ-jfc.fr\/mecagenius\/wp-json\/wp\/v2\/types\/page"}],"author":[{"embeddable":true,"href":"https:\/\/blogs.univ-jfc.fr\/mecagenius\/wp-json\/wp\/v2\/users\/242"}],"replies":[{"embeddable":true,"href":"https:\/\/blogs.univ-jfc.fr\/mecagenius\/wp-json\/wp\/v2\/comments?post=47"}],"version-history":[{"count":1,"href":"https:\/\/blogs.univ-jfc.fr\/mecagenius\/wp-json\/wp\/v2\/pages\/47\/revisions"}],"predecessor-version":[{"id":49,"href":"https:\/\/blogs.univ-jfc.fr\/mecagenius\/wp-json\/wp\/v2\/pages\/47\/revisions\/49"}],"wp:attachment":[{"href":"https:\/\/blogs.univ-jfc.fr\/mecagenius\/wp-json\/wp\/v2\/media?parent=47"}],"curies":[{"name":"wp","href":"https:\/\/api.w.org\/{rel}","templated":true}]}}