{"id":1002,"date":"2015-03-06T08:57:50","date_gmt":"2015-03-06T07:57:50","guid":{"rendered":"http:\/\/blogs.univ-jfc.fr\/projetcroixrouge\/?page_id=1002"},"modified":"2015-03-19T09:35:39","modified_gmt":"2015-03-19T08:35:39","slug":"comites-croix-rouge-du-tarn","status":"publish","type":"page","link":"https:\/\/blogs.univ-jfc.fr\/projetcroixrouge\/la-croix-rouge-tarnaise-hommes-et-institutions\/les-origines\/essai-1\/comites-croix-rouge-du-tarn\/","title":{"rendered":"Comit\u00e9s Croix-Rouge du Tarn"},"content":{"rendered":"<p><a href=\"http:\/\/blogs.univ-jfc.fr\/projetcroixrouge\/wp-content\/uploads\/sites\/40\/2015\/03\/Comit\u00e9-tarn.jpg\"><img loading=\"lazy\" class=\"size-medium wp-image-1003   alignnone\" title=\"Carte des unit\u00e9s locales de la Croix-Rouge. Origines et date de fondation(1892 \u00e0 1949). R\u00e9alis\u00e9 par Benjamin Vigreux et Elodie Delprat en Janvier 2015\" alt=\"Comit\u00e9 tarn\" src=\"http:\/\/blogs.univ-jfc.fr\/projetcroixrouge\/wp-content\/uploads\/sites\/40\/2015\/03\/Comit\u00e9-tarn-300x237.jpg\" width=\"300\" height=\"237\" srcset=\"https:\/\/blogs.univ-jfc.fr\/projetcroixrouge\/wp-content\/uploads\/sites\/40\/2015\/03\/Comit\u00e9-tarn-300x237.jpg 300w, https:\/\/blogs.univ-jfc.fr\/projetcroixrouge\/wp-content\/uploads\/sites\/40\/2015\/03\/Comit\u00e9-tarn.jpg 667w\" sizes=\"(max-width: 300px) 100vw, 300px\" \/><\/a><\/p>\n<p>(Cliquer sur l&rsquo;image pour l&rsquo;agrandir)<\/p>\n<p>&nbsp;<\/p>\n<p>Ci-dessous un tableau repr\u00e9sentant toutes les d\u00e9l\u00e9gations locales pr\u00e9sentent dans le Tarn, de leur date de cr\u00e9ation \u00e0 leur date de fusion ou de dissolution. Tableau r\u00e9alis\u00e9 par Elodie Delprat, Benjamin Vigreux.<\/p>\n<table width=\"641\" cellspacing=\"0\" cellpadding=\"4\">\n<col width=\"121\" \/>\n<col width=\"133\" \/>\n<col width=\"176\" \/>\n<col width=\"176\" \/>\n<tbody>\n<tr valign=\"top\">\n<td width=\"121\">\n<p align=\"justify\"><span style=\"font-family: Trebuchet MS, sans-serif\"><span style=\"font-size: large\"><b>Villes<\/b><\/span><\/span><\/p>\n<\/td>\n<td width=\"133\">\n<p style=\"text-align: left\" align=\"justify\"><span style=\"font-family: Trebuchet MS, sans-serif\"><span style=\"font-size: large\"><b>Date de cr\u00e9ation <\/b><\/span><\/span><\/p>\n<\/td>\n<td width=\"176\">\n<p align=\"justify\"><span style=\"color: #000000\"><span style=\"font-family: Trebuchet MS, sans-serif\"><span style=\"font-size: large\"><b>A l&rsquo;initiative de<\/b><\/span><\/span><\/span><\/p>\n<\/td>\n<td width=\"176\">\n<p style=\"text-align: left\" align=\"justify\"><span style=\"font-family: Trebuchet MS, sans-serif\"><span style=\"font-size: large\"><b>Date de dissolution\/fusion<\/b><\/span><\/span><\/p>\n<\/td>\n<\/tr>\n<tr valign=\"top\">\n<td width=\"121\">\n<p align=\"justify\"><span style=\"font-family: Trebuchet MS, sans-serif\">Albi<\/span><\/p>\n<\/td>\n<td width=\"133\">\n<p align=\"justify\"><span style=\"color: #000000\"><span style=\"font-family: Trebuchet MS, sans-serif\">1892<\/span><\/span><\/p>\n<\/td>\n<td width=\"176\">\n<p align=\"justify\"><span style=\"color: #000000\"><span style=\"font-family: Trebuchet MS, sans-serif\">Union des Femmes de France<\/span><\/span><\/p>\n<\/td>\n<td width=\"176\">\n<p align=\"justify\"><span style=\"color: #000000\"><span style=\"font-family: Trebuchet MS, sans-serif\">Existe encore actuellement <\/span><\/span><\/p>\n<\/td>\n<\/tr>\n<tr valign=\"top\">\n<td width=\"121\">\n<p align=\"justify\"><span style=\"font-family: Trebuchet MS, sans-serif\">Castres<\/span><\/p>\n<\/td>\n<td width=\"133\">\n<p align=\"justify\"><span style=\"color: #000000\"><span style=\"font-family: Trebuchet MS, sans-serif\">1895<\/span><\/span><\/p>\n<\/td>\n<td width=\"176\">\n<p align=\"justify\"><span style=\"color: #000000\"><span style=\"font-family: Trebuchet MS, sans-serif\">Soci\u00e9t\u00e9 de Secours aux Bless\u00e9s Militaires<\/span><\/span><\/p>\n<\/td>\n<td width=\"176\">\n<p align=\"justify\"><span style=\"color: #000000\"><span style=\"font-family: Trebuchet MS, sans-serif\">Existe encore actuellement <\/span><\/span><\/p>\n<\/td>\n<\/tr>\n<tr valign=\"top\">\n<td width=\"121\">\n<p align=\"justify\"><span style=\"font-family: Trebuchet MS, sans-serif\">Mazamet<\/span><\/p>\n<\/td>\n<td width=\"133\">\n<p align=\"justify\"><span style=\"color: #000000\"><span style=\"font-family: Trebuchet MS, sans-serif\">1906<\/span><\/span><\/p>\n<\/td>\n<td width=\"176\">\n<p align=\"justify\"><span style=\"color: #000000\"><span style=\"font-family: Trebuchet MS, sans-serif\">Soci\u00e9t\u00e9 de Secours aux Bless\u00e9s Militaires<\/span><\/span><\/p>\n<\/td>\n<td width=\"176\">\n<p align=\"justify\"><span style=\"color: #000000\"><span style=\"font-family: Trebuchet MS, sans-serif\">Rattach\u00e9e \u00e0 Castres<\/span><\/span><\/p>\n<\/td>\n<\/tr>\n<tr valign=\"top\">\n<td width=\"121\">\n<p align=\"justify\"><span style=\"font-family: Trebuchet MS, sans-serif\">Lavaur<\/span><\/p>\n<\/td>\n<td width=\"133\">\n<p align=\"justify\"><span style=\"color: #000000\"><span style=\"font-family: Trebuchet MS, sans-serif\">1913<\/span><\/span><\/p>\n<\/td>\n<td width=\"176\">\n<p align=\"justify\"><span style=\"color: #000000\"><span style=\"font-family: Trebuchet MS, sans-serif\">Soci\u00e9t\u00e9 de Secours aux Bless\u00e9s Militaires<\/span><\/span><\/p>\n<\/td>\n<td width=\"176\">\n<p align=\"justify\"><span style=\"color: #000000\"><span style=\"font-family: Trebuchet MS, sans-serif\">Existe encore actuellement<\/span><\/span><\/p>\n<\/td>\n<\/tr>\n<tr valign=\"top\">\n<td width=\"121\">\n<p align=\"justify\"><span style=\"font-family: Trebuchet MS, sans-serif\">S\u00e9nouillac<\/span><\/p>\n<\/td>\n<td width=\"133\">\n<p align=\"justify\"><span style=\"color: #000000\"><span style=\"font-family: Trebuchet MS, sans-serif\">1918<\/span><\/span><\/p>\n<\/td>\n<td width=\"176\">\n<p align=\"justify\"><span style=\"color: #000000\"><span style=\"font-family: Trebuchet MS, sans-serif\">Union des Femmes de France<\/span><\/span><\/p>\n<\/td>\n<td width=\"176\">\n<p align=\"justify\"><span style=\"color: #000000\"><span style=\"font-family: Trebuchet MS, sans-serif\">Aucune trace du comit\u00e9 dans les archives d\u00e9partementales. On suppose qu&rsquo;il \u00e0 \u00e9t\u00e9 dissout avant 1945<\/span><\/span><\/p>\n<\/td>\n<\/tr>\n<tr valign=\"top\">\n<td width=\"121\">\n<p align=\"justify\"><span style=\"font-family: Trebuchet MS, sans-serif\">Sor\u00e8ze<\/span><\/p>\n<\/td>\n<td width=\"133\">\n<p align=\"justify\"><span style=\"color: #000000\"><span style=\"font-family: Trebuchet MS, sans-serif\">1926<\/span><\/span><\/p>\n<\/td>\n<td width=\"176\">\n<p align=\"justify\"><span style=\"color: #000000\"><span style=\"font-family: Trebuchet MS, sans-serif\">Soci\u00e9t\u00e9 de Secours aux Bless\u00e9s Militaires<\/span><\/span><\/p>\n<\/td>\n<td width=\"176\">\n<p align=\"justify\"><span style=\"color: #000000\"><span style=\"font-family: Trebuchet MS, sans-serif\">Rattach\u00e9e \u00e0 Castres en 1957<\/span><\/span><\/p>\n<\/td>\n<\/tr>\n<tr valign=\"top\">\n<td width=\"121\" height=\"14\">\n<p align=\"justify\"><span style=\"font-family: Trebuchet MS, sans-serif\">Carmaux<\/span><\/p>\n<\/td>\n<td width=\"133\">\n<p align=\"justify\"><span style=\"color: #000000\"><span style=\"font-family: Trebuchet MS, sans-serif\">Trace \u00e0 partir de 1945<\/span><\/span><\/p>\n<\/td>\n<td width=\"176\">\n<p align=\"justify\"><span style=\"color: #000000\"><span style=\"font-family: Trebuchet MS, sans-serif\">Croix-Rouge<\/span><\/span><\/p>\n<\/td>\n<td width=\"176\">\n<p align=\"justify\"><span style=\"color: #000000\"><span style=\"font-family: Trebuchet MS, sans-serif\">?<\/span><\/span><\/p>\n<\/td>\n<\/tr>\n<tr valign=\"top\">\n<td width=\"121\">\n<p align=\"justify\"><span style=\"font-family: Trebuchet MS, sans-serif\">Gaillac<\/span><\/p>\n<\/td>\n<td width=\"133\">\n<p align=\"justify\"><span style=\"color: #000000\"><span style=\"font-family: Trebuchet MS, sans-serif\">Trace \u00e0 partir de 1945<\/span><\/span><\/p>\n<\/td>\n<td width=\"176\">\n<p align=\"justify\"><span style=\"color: #000000\"><span style=\"font-family: Trebuchet MS, sans-serif\">Croix-Rouge<\/span><\/span><\/p>\n<\/td>\n<td width=\"176\">\n<p align=\"justify\"><span style=\"color: #000000\"><span style=\"font-family: Trebuchet MS, sans-serif\">Existe encore actuellement<\/span><\/span><\/p>\n<\/td>\n<\/tr>\n<tr valign=\"top\">\n<td width=\"121\">\n<p align=\"justify\"><span style=\"font-family: Trebuchet MS, sans-serif\">Graulhet<\/span><\/p>\n<\/td>\n<td width=\"133\">\n<p align=\"justify\"><span style=\"color: #000000\"><span style=\"font-family: Trebuchet MS, sans-serif\">Trace \u00e0 partir de 1945<\/span><\/span><\/p>\n<\/td>\n<td width=\"176\">\n<p align=\"justify\"><span style=\"color: #000000\"><span style=\"font-family: Trebuchet MS, sans-serif\">Croix-Rouge<\/span><\/span><\/p>\n<\/td>\n<td width=\"176\">\n<p align=\"justify\"><span style=\"color: #000000\"><span style=\"font-family: Trebuchet MS, sans-serif\">Existe encore actuellement<\/span><\/span><\/p>\n<\/td>\n<\/tr>\n<tr valign=\"top\">\n<td width=\"121\">\n<p align=\"justify\"><span style=\"font-family: Trebuchet MS, sans-serif\">Labastide-Rouairoux<\/span><\/p>\n<\/td>\n<td width=\"133\">\n<p align=\"justify\"><span style=\"color: #000000\"><span style=\"font-family: Trebuchet MS, sans-serif\">Trace \u00e0 partir de 1945<\/span><\/span><\/p>\n<\/td>\n<td width=\"176\">\n<p align=\"justify\"><span style=\"color: #000000\"><span style=\"font-family: Trebuchet MS, sans-serif\">Croix-Rouge<\/span><\/span><\/p>\n<\/td>\n<td width=\"176\">\n<p align=\"justify\"><span style=\"color: #000000\"><span style=\"font-family: Trebuchet MS, sans-serif\">?<\/span><\/span><\/p>\n<\/td>\n<\/tr>\n<tr valign=\"top\">\n<td width=\"121\">\n<p align=\"justify\"><span style=\"font-family: Trebuchet MS, sans-serif\">Rabastens<\/span><\/p>\n<\/td>\n<td width=\"133\">\n<p align=\"justify\"><span style=\"color: #000000\"><span style=\"font-family: Trebuchet MS, sans-serif\">Trace \u00e0 partir de 1945<\/span><\/span><\/p>\n<\/td>\n<td width=\"176\">\n<p align=\"justify\"><span style=\"color: #000000\"><span style=\"font-family: Trebuchet MS, sans-serif\">Croix-Rouge<\/span><\/span><\/p>\n<\/td>\n<td width=\"176\">\n<p align=\"justify\"><span style=\"color: #000000\"><span style=\"font-family: Trebuchet MS, sans-serif\">Rattach\u00e9e \u00e0 Gaillac en 1996<\/span><\/span><\/p>\n<\/td>\n<\/tr>\n<tr valign=\"top\">\n<td width=\"121\">\n<p align=\"justify\"><span style=\"font-family: Trebuchet MS, sans-serif\">R\u00e9almont<\/span><\/p>\n<\/td>\n<td width=\"133\">\n<p align=\"justify\"><span style=\"color: #000000\"><span style=\"font-family: Trebuchet MS, sans-serif\">Trace \u00e0 partir de 1945<\/span><\/span><\/p>\n<\/td>\n<td width=\"176\">\n<p align=\"justify\"><span style=\"color: #000000\"><span style=\"font-family: Trebuchet MS, sans-serif\">Croix-Rouge<\/span><\/span><\/p>\n<\/td>\n<td width=\"176\">\n<p align=\"justify\"><span style=\"color: #000000\"><span style=\"font-family: Trebuchet MS, sans-serif\">Existe encore actuellement<\/span><\/span><\/p>\n<\/td>\n<\/tr>\n<tr valign=\"top\">\n<td width=\"121\">\n<p align=\"justify\"><span style=\"font-family: Trebuchet MS, sans-serif\">Lisle-sur-Tarn<\/span><\/p>\n<\/td>\n<td width=\"133\">\n<p align=\"justify\"><span style=\"color: #000000\"><span style=\"font-family: Trebuchet MS, sans-serif\">1949<\/span><\/span><\/p>\n<\/td>\n<td width=\"176\">\n<p align=\"justify\"><span style=\"color: #000000\"><span style=\"font-family: Trebuchet MS, sans-serif\">Croix-Rouge<\/span><\/span><\/p>\n<\/td>\n<td width=\"176\">\n<p align=\"justify\"><span style=\"color: #000000\"><span style=\"font-family: Trebuchet MS, sans-serif\">Rattach\u00e9e \u00e0 Rabastens puis Gaillac en 1972<\/span><\/span><\/p>\n<\/td>\n<\/tr>\n<tr valign=\"top\">\n<td width=\"121\">\n<p align=\"justify\"><span style=\"font-family: Trebuchet MS, sans-serif\">Cordes <\/span><\/p>\n<\/td>\n<td width=\"133\">\n<p align=\"justify\"><span style=\"font-family: Trebuchet MS, sans-serif\">\u00a0<\/span><\/p>\n<\/td>\n<td width=\"176\">\u00a0<\/td>\n<td width=\"176\">\n<p align=\"justify\"><span style=\"font-family: Trebuchet MS, sans-serif\">Rattach\u00e9e \u00e0 Carmaux en 1994<\/span><\/p>\n<\/td>\n<\/tr>\n<tr valign=\"top\">\n<td width=\"121\">\n<p align=\"justify\"><span style=\"font-family: Trebuchet MS, sans-serif\">Dourgne<\/span><\/p>\n<\/td>\n<td width=\"133\">\u00a0<\/td>\n<td width=\"176\">\u00a0<\/td>\n<td width=\"176\">\n<p align=\"justify\"><span style=\"font-family: Trebuchet MS, sans-serif\">Rattach\u00e9e \u00e0 Castres en 1996<\/span><\/p>\n<\/td>\n<\/tr>\n<tr valign=\"top\">\n<td width=\"121\">\n<p align=\"justify\"><span style=\"font-family: Trebuchet MS, sans-serif\">Puylaurens<\/span><\/p>\n<\/td>\n<td width=\"133\">\u00a0<\/td>\n<td width=\"176\">\u00a0<\/td>\n<td width=\"176\">\n<p align=\"justify\"><span style=\"font-family: Trebuchet MS, sans-serif\">Rattach\u00e9e \u00e0 Castres en 1948<\/span><\/p>\n<\/td>\n<\/tr>\n<tr valign=\"top\">\n<td width=\"121\">\n<p align=\"justify\"><span style=\"font-family: Trebuchet MS, sans-serif\">Saint-Sulpice<\/span><\/p>\n<\/td>\n<td width=\"133\">\u00a0<\/td>\n<td width=\"176\">\u00a0<\/td>\n<td width=\"176\">\n<p align=\"justify\"><span style=\"font-family: Trebuchet MS, sans-serif\">Rattach\u00e9e \u00e0 Lavaur en 1957<\/span><\/p>\n<\/td>\n<\/tr>\n<\/tbody>\n<\/table>\n<p align=\"justify\"><span style=\"color: #000000\"><span style=\"font-family: Trebuchet MS, sans-serif\"><span style=\"font-size: medium\">De nombreux comit\u00e9s comme ceux de Carmaux, Gaillac, Graulhet, Labastide-Rouairoux, Rabastens, R\u00e9almont ou encore Lisle-sur-Tarn se sont cr\u00e9\u00e9s apr\u00e8s la Seconde Guerre mondiale. Mais on peut remarquer que de nombreux comit\u00e9s ont fusionn\u00e9 avec les comit\u00e9s les plus importants, sans doute par manque de moyens.<\/span><\/span><\/span><\/p>\n","protected":false},"excerpt":{"rendered":"<p>(Cliquer sur l&rsquo;image pour l&rsquo;agrandir) &nbsp; Ci-dessous un tableau repr\u00e9sentant toutes les d\u00e9l\u00e9gations locales pr\u00e9sentent dans le Tarn, de leur date de cr\u00e9ation \u00e0 leur date de fusion ou de dissolution. Tableau r\u00e9alis\u00e9 par Elodie Delprat, Benjamin Vigreux. Villes Date de cr\u00e9ation A l&rsquo;initiative de Date de dissolution\/fusion Albi 1892 Union des Femmes de France &hellip; <a href=\"https:\/\/blogs.univ-jfc.fr\/projetcroixrouge\/la-croix-rouge-tarnaise-hommes-et-institutions\/les-origines\/essai-1\/comites-croix-rouge-du-tarn\/\" class=\"more-link\">Continuer la lecture de <span class=\"screen-reader-text\">Comit\u00e9s Croix-Rouge du Tarn<\/span> <span class=\"meta-nav\">&rarr;<\/span><\/a><\/p>\n","protected":false},"author":145,"featured_media":0,"parent":224,"menu_order":2,"comment_status":"closed","ping_status":"open","template":"","meta":[],"_links":{"self":[{"href":"https:\/\/blogs.univ-jfc.fr\/projetcroixrouge\/wp-json\/wp\/v2\/pages\/1002"}],"collection":[{"href":"https:\/\/blogs.univ-jfc.fr\/projetcroixrouge\/wp-json\/wp\/v2\/pages"}],"about":[{"href":"https:\/\/blogs.univ-jfc.fr\/projetcroixrouge\/wp-json\/wp\/v2\/types\/page"}],"author":[{"embeddable":true,"href":"https:\/\/blogs.univ-jfc.fr\/projetcroixrouge\/wp-json\/wp\/v2\/users\/145"}],"replies":[{"embeddable":true,"href":"https:\/\/blogs.univ-jfc.fr\/projetcroixrouge\/wp-json\/wp\/v2\/comments?post=1002"}],"version-history":[{"count":11,"href":"https:\/\/blogs.univ-jfc.fr\/projetcroixrouge\/wp-json\/wp\/v2\/pages\/1002\/revisions"}],"predecessor-version":[{"id":2475,"href":"https:\/\/blogs.univ-jfc.fr\/projetcroixrouge\/wp-json\/wp\/v2\/pages\/1002\/revisions\/2475"}],"up":[{"embeddable":true,"href":"https:\/\/blogs.univ-jfc.fr\/projetcroixrouge\/wp-json\/wp\/v2\/pages\/224"}],"wp:attachment":[{"href":"https:\/\/blogs.univ-jfc.fr\/projetcroixrouge\/wp-json\/wp\/v2\/media?parent=1002"}],"curies":[{"name":"wp","href":"https:\/\/api.w.org\/{rel}","templated":true}]}}