{"id":102,"date":"2015-01-05T12:00:45","date_gmt":"2015-01-05T11:00:45","guid":{"rendered":"http:\/\/blogs.univ-jfc.fr\/projetcroixrouge\/?page_id=102"},"modified":"2015-04-12T09:55:47","modified_gmt":"2015-04-12T08:55:47","slug":"laction-sanitaire-et-sociale-de-la-croix-rouge-depuis-1945","status":"publish","type":"page","link":"https:\/\/blogs.univ-jfc.fr\/projetcroixrouge\/pauvrete-action-sanitaire-et-sociale\/laction-sanitaire-et-sociale-de-la-croix-rouge-depuis-1945\/","title":{"rendered":"L&rsquo;action sanitaire et sociale de la Croix-Rouge depuis 1945"},"content":{"rendered":"<p align=\"JUSTIFY\"><span style=\"font-family: Arial, sans-serif\"><span style=\"color: #141412\"><span style=\"font-size: medium\">\u00a0 \u00a0 De la Seconde Guerre mondiale, \u00e9merge une Europe compl\u00e8tement d\u00e9vast\u00e9e. De nombreuses villes et infrastructures sont en effet en grande partie d\u00e9truites, en particulier en France et en Allemagne et les pays d&rsquo;Europe doivent rattraper le retard de d\u00e9veloppement qu&rsquo;ils ont accumul\u00e9 vis-\u00e0-vis des Etats-Unis. <a title=\"La CRF au sortir de la guerre\" href=\"http:\/\/blogs.univ-jfc.fr\/projetcroixrouge\/pauvrete-action-sanitaire-et-sociale\/laction-sanitaire-et-sociale-de-la-croix-rouge-depuis-1945\/la-crf-au-sortir-de-la-guerre\/\">La Croix Rouge fran\u00e7aise au sortir de la guerre<\/a> rencontre \u00e9galement des difficult\u00e9s. Elle est vivement critiqu\u00e9e et manque de fonds, elle aura ainsi besoin de continuer et adapter son action afin de perdurer.<\/span><\/span><\/span><\/p>\n<p align=\"JUSTIFY\"><span style=\"font-family: Arial, sans-serif\"><span style=\"font-size: medium\">\u00a0 \u00a0 La France, comme la majorit\u00e9 des pays industrialis\u00e9s, profite d&rsquo;une croissante forte et d&rsquo;une prosp\u00e9rit\u00e9 particuli\u00e8re de 1946 \u00e0 1975 lors des <a title=\"Sp\u00e9cialisation et formation dans un \u00ab\u00a0contexte favorable\u00a0\u00bb\" href=\"http:\/\/blogs.univ-jfc.fr\/projetcroixrouge\/pauvrete-action-sanitaire-et-sociale\/laction-sanitaire-et-sociale-de-la-croix-rouge-depuis-1945\/specialisation-et-formation-dans-un-contexte-favorable\/\">Trente Glorieuses<\/a>. L<\/span><\/span><span style=\"font-family: Arial, sans-serif\"><span style=\"font-size: medium\">es classes moyennes se d\u00e9veloppent et le niveau de vie s&rsquo;\u00e9l\u00e8ve.\u00a0<\/span><\/span><span style=\"font-family: Arial, sans-serif\"><span style=\"font-size: medium\">Mais cette p\u00e9riode n&rsquo;est pas totalement idyllique : elle connait de grands \u00e9carts sociaux.\u00a0<\/span><\/span><span style=\"font-family: Arial, sans-serif\"><span style=\"font-size: medium\"><span style=\"color: #1d1d1d\">La Croix- Rouge fran\u00e7aise d<\/span><span style=\"color: #1d1d1d\">oit s&rsquo;adapter \u00e0 cette soci\u00e9t\u00e9 <\/span><span style=\"color: #1d1d1d\">naissante en aidant les<\/span><span style=\"color: #1d1d1d\"> sans domiciles fixe, <\/span><span style=\"color: #1d1d1d\">les<\/span><span style=\"color: #1d1d1d\"> personnes \u00e2g\u00e9es, tout en soutenant la jeunesse et en faisant face \u00e0 d&rsquo;autres pr\u00e9occupations sanitaires et sociales diverses.<\/span><\/span><\/span><\/p>\n<p align=\"JUSTIFY\"><span style=\"font-family: Arial, sans-serif\">\u00a0 \u00a0 A chaque \u00e9poque, ses caract\u00e9ristiques et ses probl\u00e8mes\u00a0; il est dans le r\u00f4le de la Croix-Rouge fran\u00e7aise d&rsquo;y faire face. A la fin du XXe si\u00e8cle<\/span>,\u00a0<span style=\"font-family: Arial, sans-serif\">celle-ci n&rsquo;est plus confront\u00e9e aux m\u00eames probl\u00e9matiques que celles de l&rsquo;apr\u00e8s-guerre\u00a0: les bless\u00e9s ont \u00e9t\u00e9 soign\u00e9s, la crainte de l&rsquo;ennemi a disparu, la reconstruction de la France a \u00e9t\u00e9 achev\u00e9e. La Croix-Rouge concentre donc son action sur d&rsquo;autres priorit\u00e9s. Le \u00ab congr\u00e8s pour l&rsquo;avenir \u00bb organis\u00e9 en 1975 constitue le point de d\u00e9part de la r\u00e9orientation des actions de la Croix-Rouge : lors de ce rassemblement, celle-ci se remet en question et r\u00e9fl\u00e9chit \u00e0 ce qu&rsquo;elle doit \u00eatre pour \u00eatre en accord avec son temps et ainsi r\u00e9pondre au mieux aux nouveaux probl\u00e8mes. Car si la guerre et les reconstructions ne sont plus d&rsquo;actualit\u00e9, la <a title=\"Faire face \u00e0 la crise (1974-2014)\" href=\"http:\/\/blogs.univ-jfc.fr\/projetcroixrouge\/pauvrete-action-sanitaire-et-sociale\/laction-sanitaire-et-sociale-de-la-croix-rouge-depuis-1945\/faire-face-a-la-crise-1974-2014\/\">crise \u00e9conomique et sociale<\/a>, elle, a fait son apparition.<\/span><\/p>\n<p><span style=\"font-family: Arial,sans-serif\"><span style=\"font-size: small\">\u00c9tudiants\u00a0: ROCHETTE Pauline, FRANCOIS Camille, JEAN Lucile <\/span><\/span><\/p>\n","protected":false},"excerpt":{"rendered":"<p>\u00a0 \u00a0 De la Seconde Guerre mondiale, \u00e9merge une Europe compl\u00e8tement d\u00e9vast\u00e9e. De nombreuses villes et infrastructures sont en effet en grande partie d\u00e9truites, en particulier en France et en Allemagne et les pays d&rsquo;Europe doivent rattraper le retard de d\u00e9veloppement qu&rsquo;ils ont accumul\u00e9 vis-\u00e0-vis des Etats-Unis. La Croix Rouge fran\u00e7aise au sortir de la &hellip; <a href=\"https:\/\/blogs.univ-jfc.fr\/projetcroixrouge\/pauvrete-action-sanitaire-et-sociale\/laction-sanitaire-et-sociale-de-la-croix-rouge-depuis-1945\/\" class=\"more-link\">Continuer la lecture de <span class=\"screen-reader-text\">L&rsquo;action sanitaire et sociale de la Croix-Rouge depuis 1945<\/span> <span class=\"meta-nav\">&rarr;<\/span><\/a><\/p>\n","protected":false},"author":15,"featured_media":0,"parent":14,"menu_order":4,"comment_status":"closed","ping_status":"open","template":"","meta":[],"_links":{"self":[{"href":"https:\/\/blogs.univ-jfc.fr\/projetcroixrouge\/wp-json\/wp\/v2\/pages\/102"}],"collection":[{"href":"https:\/\/blogs.univ-jfc.fr\/projetcroixrouge\/wp-json\/wp\/v2\/pages"}],"about":[{"href":"https:\/\/blogs.univ-jfc.fr\/projetcroixrouge\/wp-json\/wp\/v2\/types\/page"}],"author":[{"embeddable":true,"href":"https:\/\/blogs.univ-jfc.fr\/projetcroixrouge\/wp-json\/wp\/v2\/users\/15"}],"replies":[{"embeddable":true,"href":"https:\/\/blogs.univ-jfc.fr\/projetcroixrouge\/wp-json\/wp\/v2\/comments?post=102"}],"version-history":[{"count":27,"href":"https:\/\/blogs.univ-jfc.fr\/projetcroixrouge\/wp-json\/wp\/v2\/pages\/102\/revisions"}],"predecessor-version":[{"id":3917,"href":"https:\/\/blogs.univ-jfc.fr\/projetcroixrouge\/wp-json\/wp\/v2\/pages\/102\/revisions\/3917"}],"up":[{"embeddable":true,"href":"https:\/\/blogs.univ-jfc.fr\/projetcroixrouge\/wp-json\/wp\/v2\/pages\/14"}],"wp:attachment":[{"href":"https:\/\/blogs.univ-jfc.fr\/projetcroixrouge\/wp-json\/wp\/v2\/media?parent=102"}],"curies":[{"name":"wp","href":"https:\/\/api.w.org\/{rel}","templated":true}]}}