{"id":112,"date":"2015-01-05T12:10:37","date_gmt":"2015-01-05T11:10:37","guid":{"rendered":"http:\/\/blogs.univ-jfc.fr\/projetcroixrouge\/?page_id=112"},"modified":"2015-03-26T10:17:47","modified_gmt":"2015-03-26T09:17:47","slug":"la-croix-rouge-et-les-ong","status":"publish","type":"page","link":"https:\/\/blogs.univ-jfc.fr\/projetcroixrouge\/la-croix-rouge-et-le-monde\/la-croix-rouge-et-les-ong\/","title":{"rendered":"\u00ab\u00a0ONG\u00a0\u00bb et \u00ab\u00a0OI\u00a0\u00bb : histoire(s) crois\u00e9e(s)"},"content":{"rendered":"<p align=\"JUSTIFY\"><span style=\"font-family: Arial, sans-serif\"><span style=\"font-size: medium\">Les OI et les ONG sont aujourd&rsquo;hui des piliers de l&rsquo;\u00e9quilibre mondial, agissant \u00e0 tous les niveaux (politique, \u00e9conomique, humanitaire, \u00e9cologique, etc.) pour le maintien de la paix dans le monde. Mais nous ignorons trop souvent les diff\u00e9rences entre les organisations internationales et non gouvernementales, pourtant distinctes les unes des autres. En effet, une organisation internationale est une\u00a0association d\u2019\u00c9tats\u00a0souverains cr\u00e9\u00e9e par un trait\u00e9 international ou par un accord entre \u00c9tats, pour coordonner des actions sur un sujet d\u00e9termin\u00e9 par ses statuts. En revanche, une organisation non-gouvernementale est form\u00e9e par des individus ayant d\u00e9cid\u00e9 de se regrouper librement, hors de la sph\u00e8re de l\u2019\u00c9tat, pour mener des actions de solidarit\u00e9 internationale \u00e0 but non lucratif. <\/span><\/span><\/p>\n<p align=\"JUSTIFY\"><span style=\"font-family: Arial, sans-serif\"><span style=\"font-size: medium\">On se demandera donc en quoi les imp\u00e9ratifs de l&rsquo;action internationale ont amen\u00e9 \u00e0 la construction de nouveaux types d&rsquo;organisations, qui en retour ont red\u00e9fini les relations internationales et l&rsquo;action humanitaire.<\/span><\/span><\/p>\n<p align=\"JUSTIFY\"><span style=\"font-family: Arial, sans-serif\"><span style=\"font-size: medium\">Nous commencerons donc par \u00e9voquer <a title=\"I\/ L\u2019Histoire des ONG et des OI:\" href=\"http:\/\/blogs.univ-jfc.fr\/projetcroixrouge\/i-lhistoire-des-ong-et-des-oi\/\" target=\"_blank\">l&rsquo;histoire des relations de ces organisations tout au long du XX<sup>e<\/sup> si\u00e8cle en nous int\u00e9ressant tout particuli\u00e8rement \u00e0 leur apparition, qui d\u00e9voile une certaine diff\u00e9rence entre les deux mais, qui les met \u00e9galement en relation directe.<\/a> Puis nous montrerons <a title=\"II\/ Histoire des ONG et des OI: une histoire de coop\u00e9ration et de rivalit\u00e9s\" href=\"http:\/\/blogs.univ-jfc.fr\/projetcroixrouge\/la-croix-rouge-et-le-monde\/la-croix-rouge-et-les-ong\/ii-histoire-des-ong-et-des-oi-une-histoire-de-cooperation-et-de-rivalites\/\">en quoi l&rsquo;histoire des ONG et des OI est \u00e0 la fois une histoire de rivalit\u00e9s, de coop\u00e9rations et de compl\u00e9mentarit\u00e9s<\/a>. Enfin, dans notre derni\u00e8re partie, <a title=\"III\/ Le Comit\u00e9 International de la Croix-Rouge: une illustration de la complexit\u00e9 des relations internationales\" href=\"http:\/\/blogs.univ-jfc.fr\/projetcroixrouge\/la-croix-rouge-et-le-monde\/la-croix-rouge-et-les-ong\/iii-le-comite-international-de-la-croix-rouge-une-illustration-de-la-complexite-des-relations-internationales\/\">nous nous int\u00e9resserons au Comit\u00e9 International de la Croix-Rouge cr\u00e9\u00e9 en 1864 qui, apparu avant m\u00eame les organisations internationales et non gouvernementales, repr\u00e9sente une organisation tr\u00e8s complexe qui se rapproche \u00e0 la fois d&rsquo;une ONG et d&rsquo;une OI<\/a>. Elle est complexe car malgr\u00e9 sa diff\u00e9rence avec ces deux types d&rsquo;organisations, elle repr\u00e9sente un exemple typique des relations entre OI et ONG qui ont, \u00e0 leur fa\u00e7on, emp\u00each\u00e9 le monde de sombrer dans le chaos durant l&rsquo;entre-deux-guerres et m\u00eame apr\u00e8s la Seconde Guerre Mondiale.<\/span><\/span><\/p>\n<p align=\"JUSTIFY\"><a title=\"Conclusion\" href=\"http:\/\/blogs.univ-jfc.fr\/projetcroixrouge\/la-croix-rouge-et-le-monde\/la-croix-rouge-et-les-ong\/conclusion\/\" target=\"_blank\"><span style=\"font-family: Arial, sans-serif\"><span style=\"font-size: medium\">Nous montrerons donc en quoi ONG, OI et Croix-Rouge d\u00e9pendent les unes des autres, tout en \u00e9tant en collaboration voir en compl\u00e9mentarit\u00e9, et en rivalit\u00e9.<\/span><\/span><\/a><\/p>\n","protected":false},"excerpt":{"rendered":"<p>Les OI et les ONG sont aujourd&rsquo;hui des piliers de l&rsquo;\u00e9quilibre mondial, agissant \u00e0 tous les niveaux (politique, \u00e9conomique, humanitaire, \u00e9cologique, etc.) pour le maintien de la paix dans le monde. Mais nous ignorons trop souvent les diff\u00e9rences entre les organisations internationales et non gouvernementales, pourtant distinctes les unes des autres. En effet, une organisation &hellip; <a href=\"https:\/\/blogs.univ-jfc.fr\/projetcroixrouge\/la-croix-rouge-et-le-monde\/la-croix-rouge-et-les-ong\/\" class=\"more-link\">Continuer la lecture de <span class=\"screen-reader-text\">\u00ab\u00a0ONG\u00a0\u00bb et \u00ab\u00a0OI\u00a0\u00bb : histoire(s) crois\u00e9e(s)<\/span> <span class=\"meta-nav\">&rarr;<\/span><\/a><\/p>\n","protected":false},"author":15,"featured_media":0,"parent":12,"menu_order":3,"comment_status":"closed","ping_status":"open","template":"","meta":[],"_links":{"self":[{"href":"https:\/\/blogs.univ-jfc.fr\/projetcroixrouge\/wp-json\/wp\/v2\/pages\/112"}],"collection":[{"href":"https:\/\/blogs.univ-jfc.fr\/projetcroixrouge\/wp-json\/wp\/v2\/pages"}],"about":[{"href":"https:\/\/blogs.univ-jfc.fr\/projetcroixrouge\/wp-json\/wp\/v2\/types\/page"}],"author":[{"embeddable":true,"href":"https:\/\/blogs.univ-jfc.fr\/projetcroixrouge\/wp-json\/wp\/v2\/users\/15"}],"replies":[{"embeddable":true,"href":"https:\/\/blogs.univ-jfc.fr\/projetcroixrouge\/wp-json\/wp\/v2\/comments?post=112"}],"version-history":[{"count":9,"href":"https:\/\/blogs.univ-jfc.fr\/projetcroixrouge\/wp-json\/wp\/v2\/pages\/112\/revisions"}],"predecessor-version":[{"id":3435,"href":"https:\/\/blogs.univ-jfc.fr\/projetcroixrouge\/wp-json\/wp\/v2\/pages\/112\/revisions\/3435"}],"up":[{"embeddable":true,"href":"https:\/\/blogs.univ-jfc.fr\/projetcroixrouge\/wp-json\/wp\/v2\/pages\/12"}],"wp:attachment":[{"href":"https:\/\/blogs.univ-jfc.fr\/projetcroixrouge\/wp-json\/wp\/v2\/media?parent=112"}],"curies":[{"name":"wp","href":"https:\/\/api.w.org\/{rel}","templated":true}]}}