{"id":1703,"date":"2015-03-12T09:58:00","date_gmt":"2015-03-12T08:58:00","guid":{"rendered":"http:\/\/blogs.univ-jfc.fr\/projetcroixrouge\/?page_id=1703"},"modified":"2015-04-04T09:40:41","modified_gmt":"2015-04-04T08:40:41","slug":"sauver-sur-le-terrain","status":"publish","type":"page","link":"https:\/\/blogs.univ-jfc.fr\/projetcroixrouge\/risque-urgence-guerre\/histoire-du-secourisme-et-de-lintervention-durgence\/sauver-sur-le-terrain\/","title":{"rendered":"Sauver sur le terrain"},"content":{"rendered":"<h3 style=\"text-align: center\">Les Pr\u00e9curseurs de la Croix-Rouge<\/h3>\n<figure id=\"attachment_2459\" aria-describedby=\"caption-attachment-2459\" style=\"width: 300px\" class=\"wp-caption alignleft\"><a href=\"http:\/\/blogs.univ-jfc.fr\/projetcroixrouge\/wp-content\/uploads\/sites\/40\/2015\/03\/Nightingale.jpg\"><img loading=\"lazy\" class=\"size-medium wp-image-2459 \" alt=\"Florence Nightingale \u00e0 l'h\u00f4pital de Scutari, gravure sur bois vers 1880\" src=\"http:\/\/blogs.univ-jfc.fr\/projetcroixrouge\/wp-content\/uploads\/sites\/40\/2015\/03\/Nightingale-300x208.jpg\" width=\"300\" height=\"208\" srcset=\"https:\/\/blogs.univ-jfc.fr\/projetcroixrouge\/wp-content\/uploads\/sites\/40\/2015\/03\/Nightingale-300x208.jpg 300w, https:\/\/blogs.univ-jfc.fr\/projetcroixrouge\/wp-content\/uploads\/sites\/40\/2015\/03\/Nightingale.jpg 600w\" sizes=\"(max-width: 300px) 100vw, 300px\" \/><\/a><figcaption id=\"caption-attachment-2459\" class=\"wp-caption-text\">Florence Nightingale \u00e0 l&rsquo;h\u00f4pital de Scutari, gravure sur bois vers 1880<\/figcaption><\/figure>\n<p style=\"text-align: justify\" align=\"LEFT\">Les diff\u00e9rentes \u00e9tapes qui ont amen\u00e9 la cr\u00e9ation de la Croix-Rouge au domaine m\u00e9dical et du secourisme sont nombreuses et vari\u00e9es. Le d\u00e9veloppement de la connaissance du corps humain, des sympt\u00f4mes permet un essor consid\u00e9rable surtout pour la chirurgie. Sous le Premier Empire la m\u00e9decine militaire fut remarquablement organis\u00e9e, quelques noms parmi les nombreux m\u00e9decins-chirurgiens militaires se d\u00e9tachent des autres, <a title=\"Annexe m\u00e9decins-chirurgiens du Premier Empire\" href=\"http:\/\/blogs.univ-jfc.fr\/projetcroixrouge\/risque-urgence-guerre\/histoire-du-secourisme-et-de-lintervention-durgence\/sauver-sur-le-terrain\/annexe-medecins-chirurgiens-du-premier-empire\/\">Percy et Larrey<\/a> pratiquent, enseignent la m\u00e9decine et cherchent \u00e0 la perfectionner. Autre personnage remarquable <a title=\"Annexe m\u00e9decins-chirurgiens du Premier Empire\" href=\"http:\/\/blogs.univ-jfc.fr\/projetcroixrouge\/risque-urgence-guerre\/histoire-du-secourisme-et-de-lintervention-durgence\/sauver-sur-le-terrain\/annexe-medecins-chirurgiens-du-premier-empire\/\">le Docteur Desgenettes<\/a>, premier inspecteur g\u00e9n\u00e9ral du service de sant\u00e9 de l&rsquo;arm\u00e9e qui se d\u00e9voue tout le long de sa vie aux soldat bless\u00e9s et \u00e0 l&rsquo;am\u00e9lioration de leur sort. L&rsquo;organisation des secours \u00e0 cette p\u00e9riode \u00e9tait simple. Traditionnellement on s\u2019occupait des bless\u00e9s apr\u00e8s la bataille cependant certains chirurgiens \u00e0 l&rsquo;instar de <a title=\"Annexe m\u00e9decins-chirurgiens du Premier Empire\" href=\"http:\/\/blogs.univ-jfc.fr\/projetcroixrouge\/risque-urgence-guerre\/histoire-du-secourisme-et-de-lintervention-durgence\/sauver-sur-le-terrain\/annexe-medecins-chirurgiens-du-premier-empire\/\">Percy et Larrey<\/a> agissent pendant la bataille. Ceux qui \u00e9taient jug\u00e9s perdus \u00e9taient achev\u00e9s sur place, les autres \u00e9taient soign\u00e9s \u00e0 proximit\u00e9 ou transf\u00e9r\u00e9s dans des h\u00f4pitaux de campagne. Au cours de la guerre de Crim\u00e9e (1853\u20111856) de nouvelles pratiques dans l&rsquo;organisation des soins sont mises en place avec notamment le classement des bless\u00e9s, les op\u00e9rations sous masque anesth\u00e9sique dans les h\u00f4pitaux de campagne <span style=\"font-size: medium\">et l\u2019organisation des secours avec par exemple la c\u00e9l\u00e8bre infirmi\u00e8re <a title=\"Annexe Florence Nightingale\" href=\"http:\/\/blogs.univ-jfc.fr\/projetcroixrouge\/risque-urgence-guerre\/histoire-du-secourisme-et-de-lintervention-durgence\/sauver-sur-le-terrain\/annexe-florence-nightingale\/\">Florence Nightingale<\/a>. <\/span><span style=\"color: #000000\"><span style=\"font-size: medium\">Enfin le XIX<\/span><\/span><span style=\"color: #000000\"><sup><span style=\"font-size: medium\">e <\/span><\/sup><\/span><span style=\"color: #000000\"><span style=\"font-size: medium\"> si\u00e8cle conna\u00eet avec la r\u00e9volution pastorienne une avanc\u00e9e consid\u00e9rable dans la m\u00e9decine.<\/span><\/span><\/p>\n<h3 style=\"text-align: center\">La Croix-Rouge aux secours des soldats<\/h3>\n<figure id=\"attachment_2317\" aria-describedby=\"caption-attachment-2317\" style=\"width: 300px\" class=\"wp-caption alignright\"><a href=\"http:\/\/blogs.univ-jfc.fr\/projetcroixrouge\/wp-content\/uploads\/sites\/40\/2015\/03\/medical-corps-of-the-red-cross-1870-71.jpg\"><img loading=\"lazy\" class=\"size-medium wp-image-2317 \" alt=\"Ambulance de la SSBM durant la guerre franco-prussienne, 1870-1871.\" src=\"http:\/\/blogs.univ-jfc.fr\/projetcroixrouge\/wp-content\/uploads\/sites\/40\/2015\/03\/medical-corps-of-the-red-cross-1870-71-300x225.jpg\" width=\"300\" height=\"225\" srcset=\"https:\/\/blogs.univ-jfc.fr\/projetcroixrouge\/wp-content\/uploads\/sites\/40\/2015\/03\/medical-corps-of-the-red-cross-1870-71-300x225.jpg 300w, https:\/\/blogs.univ-jfc.fr\/projetcroixrouge\/wp-content\/uploads\/sites\/40\/2015\/03\/medical-corps-of-the-red-cross-1870-71.jpg 473w\" sizes=\"(max-width: 300px) 100vw, 300px\" \/><\/a><figcaption id=\"caption-attachment-2317\" class=\"wp-caption-text\">Ambulance de la SSBM durant la guerre franco-prussienne, 1870-1871.<\/figcaption><\/figure>\n<p style=\"text-align: justify\">Le mouvement Croix-Rouge arrive en France le 25 mai 1864, par la cr\u00e9ation, par le <a title=\"Annexe Ambroise Anatole Augustin de Montesquiou-F\u00e9zensac\" href=\"http:\/\/blogs.univ-jfc.fr\/projetcroixrouge\/risque-urgence-guerre\/histoire-du-secourisme-et-de-lintervention-durgence\/sauver-sur-le-terrain\/annexe-ambroise-anatole-augustin-de-montesquiou-fezensac\/\">Mar\u00e9chal-duc Montesquiou F\u00e9zenac <\/a>et avec l&rsquo;influence d&rsquo;<a title=\"Henry Dunant\" href=\"http:\/\/blogs.univ-jfc.fr\/projetcroixrouge\/risque-urgence-guerre\/henry-dunant-introduction\/\">Henry Dunant<\/a>, de la Soci\u00e9t\u00e9 Fran\u00e7aise de Secours aux Bless\u00e9s Militaires (SSBM). Les secouristes portent un brassard avec une croix rouge sur fond blanc pour \u00eatre reconnaissables sur le champs de bataille. La qualit\u00e9 des secours est indissociable de la logistique, or la gestion des flux de bless\u00e9s, du personnel des secours et d\u2019approvisionnement m\u00e9dical est souvent probl\u00e9matique du fait des al\u00e9as et des risques propres au Front, qui font de l\u2019\u00e9vacuation un enjeu aussi vital que les soins. Apr\u00e8s la phase d\u2019improvisation initiale, quelque peu chaotique, un r\u00e9seau structur\u00e9 d\u2019organes hospitaliers se constitue. \u00c0 chaque \u00e9tape, un tri s\u2019op\u00e8re selon la gravit\u00e9 des cas. Sauf situation exceptionnelle, le poste de secours avanc\u00e9 est un simple point de d&rsquo;accueil o\u00f9 seuls les gestes de secours initiaux sont pratiqu\u00e9s. Il oriente l\u2019acheminement des bless\u00e9s \u00e9valuables vers une ambulance interm\u00e9diaire, celle ci les am\u00e8ne vers des h\u00f4pitaux qui sont situ\u00e9s hors de la zone des combats. Ceux-ci sont les pi\u00e8ces ma\u00eetresses du dispositif de sant\u00e9. \u00c0 la fois centre de soins et de r\u00e9gulation, les h\u00f4pitaux assurent la prise en charge chirurgicale. Le r\u00f4le des secouristes de la Croix-Rouge \u00e9tait de pouvoir \u00e9vacuer et assurer l&rsquo;acheminement des bless\u00e9s vers les h\u00f4pitaux.<\/p>\n<h3 style=\"text-align: center\">La Croix-Rouge et l&rsquo;aide humanitaire<\/h3>\n<p style=\"text-align: justify\">Le Comit\u00e9 International de la Croix-Rouge vise \u00e0 prot\u00e9ger l&rsquo;ensemble des non-combattants et en particulier, les populations civiles contre les effets des guerre mais aussi des famines, catastrophes naturelles, maladies et contre leurs cons\u00e9quences. La famine constitue l&rsquo;un des premiers fronts d&rsquo;action demandant une organisation \u00e0 part enti\u00e8re pour sa gestion, la collecte de denr\u00e9es alimentaires, la cr\u00e9ation de colis, leur exp\u00e9dition vers la zone concern\u00e9e et enfin la distribution sur place. Cette organisation par certains points ressemble \u00e0 celle en place pour les prisonniers de guerre. <span style=\"font-size: medium\">La guerre du Biafra (1967-1970) repr\u00e9sente un tournant majeur. Malgr\u00e9 les divergences d\u2019interpr\u00e9tations ult\u00e9rieures, tout le monde s\u2019accorde \u00e0 penser que l&rsquo;action humanitaire moderne est n\u00e9e durant ce conflit.<\/span><\/p>\n<p style=\"text-align: justify\"><a href=\"http:\/\/blogs.univ-jfc.fr\/projetcroixrouge\/bibliographie-2\/\">Pour en savoir plus.<\/a><\/p>\n<p><span style=\"font-size: small\">\u00a0<\/span><\/p>\n","protected":false},"excerpt":{"rendered":"<p>Les Pr\u00e9curseurs de la Croix-Rouge Les diff\u00e9rentes \u00e9tapes qui ont amen\u00e9 la cr\u00e9ation de la Croix-Rouge au domaine m\u00e9dical et du secourisme sont nombreuses et vari\u00e9es. Le d\u00e9veloppement de la connaissance du corps humain, des sympt\u00f4mes permet un essor consid\u00e9rable surtout pour la chirurgie. Sous le Premier Empire la m\u00e9decine militaire fut remarquablement organis\u00e9e, quelques &hellip; <a href=\"https:\/\/blogs.univ-jfc.fr\/projetcroixrouge\/risque-urgence-guerre\/histoire-du-secourisme-et-de-lintervention-durgence\/sauver-sur-le-terrain\/\" class=\"more-link\">Continuer la lecture de <span class=\"screen-reader-text\">Sauver sur le terrain<\/span> <span class=\"meta-nav\">&rarr;<\/span><\/a><\/p>\n","protected":false},"author":89,"featured_media":0,"parent":75,"menu_order":0,"comment_status":"closed","ping_status":"open","template":"","meta":[],"_links":{"self":[{"href":"https:\/\/blogs.univ-jfc.fr\/projetcroixrouge\/wp-json\/wp\/v2\/pages\/1703"}],"collection":[{"href":"https:\/\/blogs.univ-jfc.fr\/projetcroixrouge\/wp-json\/wp\/v2\/pages"}],"about":[{"href":"https:\/\/blogs.univ-jfc.fr\/projetcroixrouge\/wp-json\/wp\/v2\/types\/page"}],"author":[{"embeddable":true,"href":"https:\/\/blogs.univ-jfc.fr\/projetcroixrouge\/wp-json\/wp\/v2\/users\/89"}],"replies":[{"embeddable":true,"href":"https:\/\/blogs.univ-jfc.fr\/projetcroixrouge\/wp-json\/wp\/v2\/comments?post=1703"}],"version-history":[{"count":15,"href":"https:\/\/blogs.univ-jfc.fr\/projetcroixrouge\/wp-json\/wp\/v2\/pages\/1703\/revisions"}],"predecessor-version":[{"id":3851,"href":"https:\/\/blogs.univ-jfc.fr\/projetcroixrouge\/wp-json\/wp\/v2\/pages\/1703\/revisions\/3851"}],"up":[{"embeddable":true,"href":"https:\/\/blogs.univ-jfc.fr\/projetcroixrouge\/wp-json\/wp\/v2\/pages\/75"}],"wp:attachment":[{"href":"https:\/\/blogs.univ-jfc.fr\/projetcroixrouge\/wp-json\/wp\/v2\/media?parent=1703"}],"curies":[{"name":"wp","href":"https:\/\/api.w.org\/{rel}","templated":true}]}}