{"id":1710,"date":"2015-03-12T09:58:39","date_gmt":"2015-03-12T08:58:39","guid":{"rendered":"http:\/\/blogs.univ-jfc.fr\/projetcroixrouge\/?page_id=1710"},"modified":"2015-04-04T09:46:50","modified_gmt":"2015-04-04T08:46:50","slug":"interactions-entre-institutions","status":"publish","type":"page","link":"https:\/\/blogs.univ-jfc.fr\/projetcroixrouge\/risque-urgence-guerre\/histoire-du-secourisme-et-de-lintervention-durgence\/interactions-entre-institutions\/","title":{"rendered":"Interactions entre institutions"},"content":{"rendered":"<h3 style=\"text-align: center\"><b>La Croix-Rouge et l&rsquo;arm\u00e9e, une coop\u00e9ration forte jusqu&rsquo;en 1949<\/b><\/h3>\n<figure id=\"attachment_2268\" aria-describedby=\"caption-attachment-2268\" style=\"width: 300px\" class=\"wp-caption alignright\"><a href=\"http:\/\/blogs.univ-jfc.fr\/projetcroixrouge\/wp-content\/uploads\/sites\/40\/2015\/03\/Les-infirmieres-pilotes-secouristes-de-l-air-en-intervention_slideshow.jpg\"><img loading=\"lazy\" class=\"size-medium wp-image-2268 \" alt=\"Formation des infirmi\u00e8res pilotes\/parachutistes de l'air en 1934\" src=\"http:\/\/blogs.univ-jfc.fr\/projetcroixrouge\/wp-content\/uploads\/sites\/40\/2015\/03\/Les-infirmieres-pilotes-secouristes-de-l-air-en-intervention_slideshow-300x189.jpg\" width=\"300\" height=\"189\" srcset=\"https:\/\/blogs.univ-jfc.fr\/projetcroixrouge\/wp-content\/uploads\/sites\/40\/2015\/03\/Les-infirmieres-pilotes-secouristes-de-l-air-en-intervention_slideshow-300x189.jpg 300w, https:\/\/blogs.univ-jfc.fr\/projetcroixrouge\/wp-content\/uploads\/sites\/40\/2015\/03\/Les-infirmieres-pilotes-secouristes-de-l-air-en-intervention_slideshow.jpg 782w\" sizes=\"(max-width: 300px) 100vw, 300px\" \/><\/a><figcaption id=\"caption-attachment-2268\" class=\"wp-caption-text\">Formation des infirmi\u00e8res pilotes\/parachutistes de l&rsquo;air en 1934<\/figcaption><\/figure>\n<p style=\"text-align: justify\">La Croix-Rouge a \u00e9t\u00e9 \u00e9labor\u00e9e avant tout dans le but de secourir les bless\u00e9s lors de conflits arm\u00e9s, \u00e9videmment l&rsquo;op\u00e9ration dans un tel cadre demande une collaboration entre les Soci\u00e9t\u00e9s Nationales tels que la SSBM et les arm\u00e9es des <span style=\"font-family: Arial,sans-serif\">\u00c9<\/span>tats. En France la premi\u00e8re intervention de la Croix-Rouge s&rsquo;op\u00e8re avec la guerre franco-prussienne en 1870 o\u00f9 elle dirige l&rsquo;ensemble des services de soins ind\u00e9pendants de l&rsquo;arm\u00e9e. En 1878 la SSBM est par un d\u00e9cret militaire officiellement auxiliaire du service de sant\u00e9 de l&rsquo;arm\u00e9e, elle doit organiser et rassembler les \u00e9l\u00e9ments n\u00e9cessaires \u00e0 son intervention en vue d&rsquo;un conflit et peut participer d\u00e8s 1879 aux man\u0153uvres militaires. La Croix-Rouge s&rsquo;adapte aux besoins ainsi voit-on par exemple la cr\u00e9ation d&rsquo;une formation sp\u00e9cifique des infirmi\u00e8res en 1930 en cas de guerre chimique, bien que l&#8217;emploi de gaz soit sanctionn\u00e9 apr\u00e8s la Premi\u00e8re Guerre mondiale. La ratification de la convention n&rsquo;ayant pas \u00e9t\u00e9 faite par tous, la Croix-Rouge se pr\u00e9pare \u00e0 toutes les \u00e9ventualit\u00e9s. La cr\u00e9ation des Infirmi\u00e8res Pilotes\/Parachutistes et Secouristes de l&rsquo;Air (IPSA) en 1934 est un parfait exemple, l&rsquo;aviation encore r\u00e9cente ne disposant pas en effet d&rsquo;un corps de secours contrairement \u00e0 l&rsquo;arm\u00e9e de terre ou \u00e0 la marine.<\/p>\n<h3 style=\"text-align: center\">La Croix-Rouge aupr\u00e8s des civils sous l&rsquo;\u00e9gide de l&rsquo;<span style=\"font-family: Arial,sans-serif\">\u00c9<\/span><span style=\"font-family: Arial,sans-serif\">tat<\/span><\/h3>\n<p style=\"text-align: justify\">La Croix-Rouge d\u00e9veloppe rapidement de nouveaux champs d&rsquo;activit\u00e9s. En 1884 elle i<span style=\"font-family: Arial,sans-serif\">ntervient pour la premi\u00e8re fois dans un cas de crise sanitaire. \u00c0 partir de 1919 elle agit dans la lutte contre la tuberculose sur demande de l&rsquo;\u00c9tat. Elle intervient \u00e9galement dans les cas de catastrophes naturelles en coop\u00e9ration avec les autorit\u00e9s locales et nationales, ainsi que les autres organisations sur place. En 1934 la SSBM organise un groupe d&rsquo;intervention en cas d\u2019\u00e9v\u00e9nements graves ou de catastrophes, le but \u00e9tant d&rsquo;am\u00e9liorer la r\u00e9activit\u00e9 des secours en cas de situations impr\u00e9vues. <\/span>La Croix-Rouge intervient \u00e9galement dans des situations beaucoup plus banales comme l&rsquo;assistance aux nourrissons, aux personnes \u00e2g\u00e9es ou encore lors d\u2019\u00e9v\u00e9nements sportifs. En cas de guerre, la Croix-Rouge collabore \u00e9troitement avec les \u00c9tats. En plus d&rsquo;\u00eatre pr\u00e9sente sur le front, elle organise un lien avec les prisonniers de guerre et les familles, elle profite d&rsquo;avantages sur les courriers et les colis afin de mener \u00e0 bien sa mission. Elle offre \u00e9galement au besoin des soins aux populations touch\u00e9es par les conflits. \u00c0 l&rsquo;occasion l&rsquo;\u00c9tat vient \u00e0 l&rsquo;aide la Croix\u2011Rouge pour la lev\u00e9e de fonds n\u00e9cessaires, en plus des subventions normalement attribu\u00e9es, comme par exemple la cr\u00e9ation d&rsquo;un timbre \u00e0 surtaxe b\u00e9n\u00e9ficiant \u00e0 la Croix\u2011Rouge. La charit\u00e9 publique forme une grande part des ressources de l&rsquo;organisme.<\/p>\n<h3 style=\"text-align: center\">Relations avec les organisations non gouvernementales<\/h3>\n<figure id=\"attachment_2480\" aria-describedby=\"caption-attachment-2480\" style=\"width: 229px\" class=\"wp-caption alignright\"><a href=\"http:\/\/blogs.univ-jfc.fr\/projetcroixrouge\/wp-content\/uploads\/sites\/40\/2015\/03\/ARA.gif\"><img loading=\"lazy\" class=\"size-medium wp-image-2480 \" alt=\"Affiche de l'American Relief Administration en Russie\" src=\"http:\/\/blogs.univ-jfc.fr\/projetcroixrouge\/wp-content\/uploads\/sites\/40\/2015\/03\/ARA-229x300.gif\" width=\"229\" height=\"300\" \/><\/a><figcaption id=\"caption-attachment-2480\" class=\"wp-caption-text\">Affiche de l&rsquo;American Relief Administration en Russie<\/figcaption><\/figure>\n<p style=\"text-align: justify\">Le mouvement des ONG (organisations non gouvernementales) est contemporain des d\u00e9buts de la Croix-Rouge, leur expansion conna\u00eet un essor consid\u00e9rable dans l&rsquo;entre-deux-guerres avec comme objectif premier de venir en aide aux populations civiles. La Croix-Rouge est alors davantage centr\u00e9e sur l&rsquo;aide aux bless\u00e9s militaires et aux prisonniers de guerre. D\u00e8s la fin de la Premi\u00e8re Guerre mondiale de nouveaux acteurs apparaissent notamment dans la lutte contre la famine et vont prendre une importance consid\u00e9rable comme \u00ab\u00a0Fight\u00a0the\u00a0Famine\u00a0\u00bb (elle deviendra Save\u00a0the\u00a0Children\u00a0Fund ou SCF par la suite et reste importante aujourd&rsquo;hui encore) ou encore l&rsquo;ARA (American\u00a0Relief\u00a0Administration)<span style=\"font-family: Arial,sans-serif\">. L&rsquo;aide contre la famine qui, \u00e0 l&rsquo;origine n&rsquo;\u00e9tait que temporaire, va devenir le terrain d&rsquo;action de nombreuses organisations humanitaire.<\/span><\/p>\n<p style=\"text-align: justify\"><a href=\"http:\/\/blogs.univ-jfc.fr\/projetcroixrouge\/bibliographie-2\/\">Pour en savoir plus.<\/a><\/p>\n","protected":false},"excerpt":{"rendered":"<p>La Croix-Rouge et l&rsquo;arm\u00e9e, une coop\u00e9ration forte jusqu&rsquo;en 1949 La Croix-Rouge a \u00e9t\u00e9 \u00e9labor\u00e9e avant tout dans le but de secourir les bless\u00e9s lors de conflits arm\u00e9s, \u00e9videmment l&rsquo;op\u00e9ration dans un tel cadre demande une collaboration entre les Soci\u00e9t\u00e9s Nationales tels que la SSBM et les arm\u00e9es des \u00c9tats. En France la premi\u00e8re intervention de &hellip; <a href=\"https:\/\/blogs.univ-jfc.fr\/projetcroixrouge\/risque-urgence-guerre\/histoire-du-secourisme-et-de-lintervention-durgence\/interactions-entre-institutions\/\" class=\"more-link\">Continuer la lecture de <span class=\"screen-reader-text\">Interactions entre institutions<\/span> <span class=\"meta-nav\">&rarr;<\/span><\/a><\/p>\n","protected":false},"author":89,"featured_media":0,"parent":75,"menu_order":2,"comment_status":"closed","ping_status":"open","template":"","meta":[],"_links":{"self":[{"href":"https:\/\/blogs.univ-jfc.fr\/projetcroixrouge\/wp-json\/wp\/v2\/pages\/1710"}],"collection":[{"href":"https:\/\/blogs.univ-jfc.fr\/projetcroixrouge\/wp-json\/wp\/v2\/pages"}],"about":[{"href":"https:\/\/blogs.univ-jfc.fr\/projetcroixrouge\/wp-json\/wp\/v2\/types\/page"}],"author":[{"embeddable":true,"href":"https:\/\/blogs.univ-jfc.fr\/projetcroixrouge\/wp-json\/wp\/v2\/users\/89"}],"replies":[{"embeddable":true,"href":"https:\/\/blogs.univ-jfc.fr\/projetcroixrouge\/wp-json\/wp\/v2\/comments?post=1710"}],"version-history":[{"count":8,"href":"https:\/\/blogs.univ-jfc.fr\/projetcroixrouge\/wp-json\/wp\/v2\/pages\/1710\/revisions"}],"predecessor-version":[{"id":3853,"href":"https:\/\/blogs.univ-jfc.fr\/projetcroixrouge\/wp-json\/wp\/v2\/pages\/1710\/revisions\/3853"}],"up":[{"embeddable":true,"href":"https:\/\/blogs.univ-jfc.fr\/projetcroixrouge\/wp-json\/wp\/v2\/pages\/75"}],"wp:attachment":[{"href":"https:\/\/blogs.univ-jfc.fr\/projetcroixrouge\/wp-json\/wp\/v2\/media?parent=1710"}],"curies":[{"name":"wp","href":"https:\/\/api.w.org\/{rel}","templated":true}]}}