{"id":1753,"date":"2015-03-12T10:07:38","date_gmt":"2015-03-12T09:07:38","guid":{"rendered":"http:\/\/blogs.univ-jfc.fr\/projetcroixrouge\/?page_id=1753"},"modified":"2015-03-19T09:52:50","modified_gmt":"2015-03-19T08:52:50","slug":"le-paradoxe-de-la-croix-rouge-mener-des-actions-professionnelles-avec-des-benevoles","status":"publish","type":"page","link":"https:\/\/blogs.univ-jfc.fr\/projetcroixrouge\/la-croix-rouge-tarnaise-des-hommes-et-des-femmes\/les-benevoles-de-la-croix-rouge-tarnaise\/le-paradoxe-de-la-croix-rouge-mener-des-actions-professionnelles-avec-des-benevoles\/","title":{"rendered":"Le paradoxe de la Croix-rouge: mener des actions professionnelles avec des b\u00e9n\u00e9voles"},"content":{"rendered":"<p>&nbsp;<\/p>\n<h1 style=\"text-align: justify\"><span style=\"color: #800000\"><span style=\"font-family: Times New Roman,serif\"><span style=\"font-size: medium\"><b>Des actions professionnelles <\/b><\/span><\/span><\/span><\/h1>\n<p style=\"text-align: justify\"><span style=\"color: #000000\">La Croix-Rouge est une organisation qui joue un r\u00f4le tr\u00e8s important dans les catastrophes ou dans les p\u00e9riodes de crise, car elle apporte un renfort \u00e0 l\u2019\u00c9tat. On peut donc dire qu&rsquo;elle est en premi\u00e8re ligne dans les gestions des crises et dans l&rsquo;aide aux populations en difficult\u00e9. Les actions dont les membres sont en charge n\u00e9cessitent une grande rigueur et un professionnalisme important. <\/span><span style=\"color: #000000\">La Croix-Rouge du Tarn intervient dans des domaines comme le secourisme. <\/span><span style=\"color: #000000\">E<\/span><span style=\"color: #000000\">n effet, celle-ci poss\u00e8de un mat\u00e9riel et un personnel qui lui permettent d&rsquo;intervenir efficacement et rapidement. <\/span><span style=\"color: #000000\">Elle m\u00e8ne aussi des actions sociales.<\/span><span style=\"color: #000000\">Pour cela, les b\u00e9n\u00e9voles distribuent des denr\u00e9es alimentaires ou encore des v\u00eatements \u00e0 bas prix dans des magasins affili\u00e9s \u00e0 la Croix-Rouge.<\/span><\/p>\n<p style=\"text-align: justify\"><span style=\"color: #000000\"><span style=\"font-family: Times New Roman,serif\"><span style=\"font-size: medium\"> L&rsquo;association du Tarn peut intervenir \u00e0 l&rsquo;ext\u00e9rieur du d\u00e9partement et les actions qui y sont men\u00e9es sont avant tout des aides dans le domaine du secourisme, pour aider les \u00e9quipes locales, parfois d\u00e9bord\u00e9es, par une demande trop forte en cas de crise. En effet, en cas de probl\u00e8me tel qu&rsquo;une catastrophe naturelle, la Croix-Rouge est \u00e9quip\u00e9e d&rsquo;un syst\u00e8me d&rsquo;appel d&rsquo;urgence nomm\u00e9 Viappel. Ce dispositif, une fois enclench\u00e9, va alors demander de l&rsquo;aide aupr\u00e8s des b\u00e9n\u00e9voles de la r\u00e9gion, qui vont proposer leur aide aupr\u00e8s des sinistr\u00e9s. Par exemple, en juin 2013 de grandes pr\u00e9cipitations provoquent la mont\u00e9e des eaux dans les Pyr\u00e9n\u00e9es. Le petit village de Saint B\u00e9at est ravag\u00e9 par les eaux. Les b\u00e9n\u00e9voles de la Croix-Rouge tarnaise aident les sinistr\u00e9s en leur apportant du r\u00e9confort, des vivres mais \u00e9galement en d\u00e9gageant les rues couvertes de gravats et les maisons envahies par la boue. <\/span><\/span><\/span><\/p>\n<p style=\"text-align: justify\"><span style=\"color: #000000\"><span style=\"font-family: Times New Roman,serif\"><span style=\"font-size: medium\">Ces b\u00e9n\u00e9voles sont form\u00e9s aux premiers secours et cette formation n\u00e9cessite que la Croix-Rouge engage des professionnels pour former des b\u00e9n\u00e9voles dans le cas d&rsquo;actions s\u00e9rieuses de l&rsquo;association.<\/span><\/span><\/span><\/p>\n<p style=\"text-align: justify\"><span style=\"color: #000000\"><span style=\"font-family: Times New Roman,serif\"><span style=\"font-size: medium\">Nous savons que 16 000 salari\u00e9s travaillent au sein de la Croix-Rouge, \u00e0 l&rsquo;\u00e9chelle nationale, mais les b\u00e9n\u00e9voles repr\u00e9sentent la grande majorit\u00e9 du personnel\u00a0: ils sont 50 000 \u00e0 offrir de leur temps pour l&rsquo;organisation nationale. Dans le d\u00e9partement du Tarn on en d\u00e9nombre 465 en 2014. On est donc bien en face d&rsquo;un paradoxe\u00a0: Comment des b\u00e9n\u00e9voles peuvent-ils mener des actions rigoureuses relevant de ce qu&rsquo;il faut bien appeler un grand professionnalisme\u00a0? Comment la Croix-Rouge le g\u00e8re-t-elle\u00a0?<\/span><\/span><\/span><\/p>\n<h1 style=\"text-align: justify\"><span style=\"font-family: Times New Roman,serif\"><span style=\"font-size: medium\"><b><span style=\"color: #800000\">La formation<\/span> <\/b><\/span><\/span><\/h1>\n<p style=\"text-align: justify\"><span style=\"color: #000000\"><span style=\"font-family: Times New Roman,serif\"><span style=\"font-size: medium\">Afin de permettre \u00e0 ses b\u00e9n\u00e9voles de mener des actions professionnelles, la Croix-Rouge met \u00e0 disposition des formations leur permettant d&rsquo;acqu\u00e9rir des comp\u00e9tences, qui sont n\u00e9cessaires pour la prise en charge de certaines situations.<\/span><\/span><\/span><\/p>\n<p style=\"text-align: justify\"><span style=\"color: #000000\"><span style=\"font-family: Times New Roman,serif\"><span style=\"font-size: medium\">On observe cependant que la majorit\u00e9 des formations de la Croix-rouge se d\u00e9roulent sur Paris. Or, la capitale est \u00e9loign\u00e9e du Tarn, et cela repr\u00e9sente pour les b\u00e9n\u00e9voles, qui sont pour certains d&rsquo;une g\u00e9n\u00e9ration peu mobile, un v\u00e9ritable p\u00e9riple. Prendre le train pour aller dans une ville, o\u00f9 ils ne se seraient pas rendus pour une autre occasion, peut d\u00e9courager. Il y a aussi le probl\u00e8me de la disponibilit\u00e9. En effet, certaines personnes, ayant des obligations professionnelles et personnelles, ne peuvent pas se rendre durant une semaine \u00e0 une formation \u00e9loign\u00e9e de leur domicile. Parfois, des s\u00e9minaires sont organis\u00e9s sur Toulouse, ce qui n&#8217;emp\u00eache pas le probl\u00e8me de rebondir et de se buter aux m\u00eames contradictions. Cette hantise \u00e0 la mobilit\u00e9 freine les formations au sein de l&rsquo;association, et donc son efficacit\u00e9. Il est de la responsabilit\u00e9 des membres-dirigeants de la Croix-rouge tarnaise de mettre en avant l&rsquo;importance des formations, pour obtenir plus de professionnalisme de la part de leurs b\u00e9n\u00e9voles.<\/span><\/span><\/span><\/p>\n<h1 style=\"text-align: justify\"><span style=\"color: #800000\"><span style=\"font-family: Times New Roman,serif\"><span style=\"font-size: medium\"><b>L&rsquo;encadrement des b\u00e9n\u00e9voles<\/b><\/span><\/span><\/span><\/h1>\n<p style=\"text-align: justify\"><span style=\"color: #000000\">Le b\u00e9n\u00e9vole est un \u00e9l\u00e9ment indispensable au bon fonctionnement de la Croix-Rouge, mais nous avons vu que celui-ci avait des caract\u00e9ristiques bien particuli\u00e8res, qui le diff\u00e9renciaient du salari\u00e9. Il est donc n\u00e9cessaire de poser un cadre au b\u00e9n\u00e9vole pour que celui-ci puisse mener des actions pr\u00e9cises et rigoureuses avec une prise d&rsquo;initiative contr\u00f4l\u00e9e. L&rsquo;organisation a donc mis en place <\/span><span style=\"color: #000000\">un syst\u00e8me<\/span><span style=\"color: #000000\"> pour mieux encadrer ses b\u00e9n\u00e9voles.<\/span><\/p>\n<figure id=\"attachment_2293\" aria-describedby=\"caption-attachment-2293\" style=\"width: 300px\" class=\"wp-caption aligncenter\"><a href=\"http:\/\/blogs.univ-jfc.fr\/projetcroixrouge\/wp-content\/uploads\/sites\/40\/2015\/02\/CARTE.jpg\"><img loading=\"lazy\" class=\"size-medium wp-image-2293 \" alt=\"Carte des diff\u00e9rentes unit\u00e9s locales dans la d\u00e9l\u00e9gation d\u00e9partementale du Tarn.\" src=\"http:\/\/blogs.univ-jfc.fr\/projetcroixrouge\/wp-content\/uploads\/sites\/40\/2015\/02\/CARTE-300x257.jpg\" width=\"300\" height=\"257\" srcset=\"https:\/\/blogs.univ-jfc.fr\/projetcroixrouge\/wp-content\/uploads\/sites\/40\/2015\/02\/CARTE-300x257.jpg 300w, https:\/\/blogs.univ-jfc.fr\/projetcroixrouge\/wp-content\/uploads\/sites\/40\/2015\/02\/CARTE.jpg 374w\" sizes=\"(max-width: 300px) 100vw, 300px\" \/><\/a><figcaption id=\"caption-attachment-2293\" class=\"wp-caption-text\">Carte des diff\u00e9rentes unit\u00e9s locales dans la d\u00e9l\u00e9gation d\u00e9partementale du Tarn.<\/figcaption><\/figure>\n<p style=\"text-align: justify\"><span style=\"color: #000000\"><span style=\"font-family: Times New Roman,serif\"><span style=\"font-size: medium\">La Croix-Rouge du Tarn est subdivis\u00e9e en plusieurs unit\u00e9s locales, dont l&rsquo;organisation est en place depuis 1930. En effet, on en compte six qui se trouvent \u00e0 Albi-Carmaux, Lavaur, Gaillac, R\u00e9almont, Graulhet et Castres-Mazamet. Chacune de ces unit\u00e9s locales intervient sur une zone bien d\u00e9limit\u00e9e et ce d\u00e9coupage territorial optimise l&rsquo;efficacit\u00e9 des actions men\u00e9es, permettant ainsi aux b\u00e9n\u00e9voles de mener leurs actions sur un territoire pr\u00e9cis.<\/span><\/span><\/span><\/p>\n<p style=\"text-align: justify\"><span style=\"color: #000000\"><span style=\"font-family: Times New Roman,serif\"><span style=\"font-size: medium\">La Croix-Rouge est une association tr\u00e8s hi\u00e9rarchis\u00e9e et cela est aussi le cas au sein de la d\u00e9l\u00e9gation d\u00e9partementale du Tarn o\u00f9 il y a un pr\u00e9sident, un tr\u00e9sorier et un secr\u00e9taire. Ce syst\u00e8me hi\u00e9rarchis\u00e9 est la caract\u00e9ristique principale de la Croix rouge. En effet, cela permet d&rsquo;encadrer les b\u00e9n\u00e9voles dans leurs actions et d&rsquo;\u00e9viter la prise d&rsquo;initiative trop personnelle, d\u00e9connect\u00e9e de l&rsquo;action collective. Ces personnes (pr\u00e9sident-tr\u00e9sorier-secr\u00e9taire) ont un r\u00f4le tr\u00e8s important car c&rsquo;est avec elles que traitent les responsables ayant la m\u00eame fonction au sein de chaque unit\u00e9 locale. Ainsi, le tr\u00e9sorier de l&rsquo;unit\u00e9 locale d&rsquo;Albi-Carmaux devra rendre un bilan de son travail au tr\u00e9sorier d\u00e9partemental. Nous pouvons donc voir ici que, m\u00eame \u00e0 l&rsquo;\u00e9chelle locale, il y a une v\u00e9ritable hi\u00e9rarchie, encore une fois, qui est n\u00e9cessaire pour encadrer les b\u00e9n\u00e9voles et mener des actions rigoureuses. On peut dire que les unit\u00e9s interagissent assez peu entre elles, la lettre \u00e9tant le premier moyen de communication, depuis la cr\u00e9ation en 1930 et jusqu&rsquo;\u00e0 il y a peu, avec le d\u00e9veloppement d&rsquo;internet. Ces derni\u00e8res permettaient ainsi aux pr\u00e9sidents des diff\u00e9rentes unit\u00e9s locales de s&rsquo;\u00e9changer des renseignements de toutes sortes, ou encore servaient tout simplement \u00e0 demander de l&rsquo;aide.<\/span><\/span><\/span><\/p>\n","protected":false},"excerpt":{"rendered":"<p>&nbsp; Des actions professionnelles La Croix-Rouge est une organisation qui joue un r\u00f4le tr\u00e8s important dans les catastrophes ou dans les p\u00e9riodes de crise, car elle apporte un renfort \u00e0 l\u2019\u00c9tat. On peut donc dire qu&rsquo;elle est en premi\u00e8re ligne dans les gestions des crises et dans l&rsquo;aide aux populations en difficult\u00e9. Les actions dont &hellip; <a href=\"https:\/\/blogs.univ-jfc.fr\/projetcroixrouge\/la-croix-rouge-tarnaise-des-hommes-et-des-femmes\/les-benevoles-de-la-croix-rouge-tarnaise\/le-paradoxe-de-la-croix-rouge-mener-des-actions-professionnelles-avec-des-benevoles\/\" class=\"more-link\">Continuer la lecture de <span class=\"screen-reader-text\">Le paradoxe de la Croix-rouge: mener des actions professionnelles avec des b\u00e9n\u00e9voles<\/span> <span class=\"meta-nav\">&rarr;<\/span><\/a><\/p>\n","protected":false},"author":156,"featured_media":0,"parent":576,"menu_order":0,"comment_status":"closed","ping_status":"open","template":"","meta":[],"_links":{"self":[{"href":"https:\/\/blogs.univ-jfc.fr\/projetcroixrouge\/wp-json\/wp\/v2\/pages\/1753"}],"collection":[{"href":"https:\/\/blogs.univ-jfc.fr\/projetcroixrouge\/wp-json\/wp\/v2\/pages"}],"about":[{"href":"https:\/\/blogs.univ-jfc.fr\/projetcroixrouge\/wp-json\/wp\/v2\/types\/page"}],"author":[{"embeddable":true,"href":"https:\/\/blogs.univ-jfc.fr\/projetcroixrouge\/wp-json\/wp\/v2\/users\/156"}],"replies":[{"embeddable":true,"href":"https:\/\/blogs.univ-jfc.fr\/projetcroixrouge\/wp-json\/wp\/v2\/comments?post=1753"}],"version-history":[{"count":11,"href":"https:\/\/blogs.univ-jfc.fr\/projetcroixrouge\/wp-json\/wp\/v2\/pages\/1753\/revisions"}],"predecessor-version":[{"id":2558,"href":"https:\/\/blogs.univ-jfc.fr\/projetcroixrouge\/wp-json\/wp\/v2\/pages\/1753\/revisions\/2558"}],"up":[{"embeddable":true,"href":"https:\/\/blogs.univ-jfc.fr\/projetcroixrouge\/wp-json\/wp\/v2\/pages\/576"}],"wp:attachment":[{"href":"https:\/\/blogs.univ-jfc.fr\/projetcroixrouge\/wp-json\/wp\/v2\/media?parent=1753"}],"curies":[{"name":"wp","href":"https:\/\/api.w.org\/{rel}","templated":true}]}}