{"id":1773,"date":"2015-03-12T10:15:40","date_gmt":"2015-03-12T09:15:40","guid":{"rendered":"http:\/\/blogs.univ-jfc.fr\/projetcroixrouge\/?page_id=1773"},"modified":"2015-03-26T09:33:59","modified_gmt":"2015-03-26T08:33:59","slug":"miguel-palhares","status":"publish","type":"page","link":"https:\/\/blogs.univ-jfc.fr\/projetcroixrouge\/miguel-palhares\/","title":{"rendered":"Miguel Palhares"},"content":{"rendered":"<figure id=\"attachment_1782\" aria-describedby=\"caption-attachment-1782\" style=\"width: 300px\" class=\"wp-caption alignleft\"><a href=\"http:\/\/blogs.univ-jfc.fr\/projetcroixrouge\/wp-content\/uploads\/sites\/40\/2015\/03\/Palhares.jpg\"><img loading=\"lazy\" class=\"size-medium wp-image-1782 \" alt=\"Palhares\" src=\"http:\/\/blogs.univ-jfc.fr\/projetcroixrouge\/wp-content\/uploads\/sites\/40\/2015\/03\/Palhares-300x225.jpg\" width=\"300\" height=\"225\" srcset=\"https:\/\/blogs.univ-jfc.fr\/projetcroixrouge\/wp-content\/uploads\/sites\/40\/2015\/03\/Palhares-300x225.jpg 300w, https:\/\/blogs.univ-jfc.fr\/projetcroixrouge\/wp-content\/uploads\/sites\/40\/2015\/03\/Palhares.jpg 960w\" sizes=\"(max-width: 300px) 100vw, 300px\" \/><\/a><figcaption id=\"caption-attachment-1782\" class=\"wp-caption-text\">Miguel Palhares<\/figcaption><\/figure>\n<p>&nbsp;<\/p>\n<p align=\"JUSTIFY\"><span style=\"font-family: Arial, sans-serif\"><span style=\"font-size: medium\">Entr\u00e9 au sein de la Croix-Rouge en 2010, \u00e0 l&rsquo;\u00e2ge de 16 ans, ce fut d&rsquo;abord pour lui une volont\u00e9 personnelle, puis une mani\u00e8re de contredire les pr\u00e9jug\u00e9s selon lesquels les jeunes seraient inactifs. Il est rentr\u00e9 \u00ab\u00a0<i>par \u00e9go\u00efsme et contre l&rsquo;\u00e9go\u00efsme\u00a0<\/i>\u00bb\u00a0: pour\u00a0lui, la soci\u00e9t\u00e9 devenait de plus en plus individualiste. S&rsquo;engager est un bon moyen pour lutter contre cela. <\/span><\/span><\/p>\n<p><span style=\"line-height: 1.5\">\u00a0<\/span><\/p>\n<p align=\"JUSTIFY\"><span style=\"color: #000000\"><span style=\"font-family: Arial, sans-serif\"><span style=\"font-size: medium\">Il devint tout d&rsquo;abord stagiaire afin de voir des b\u00e9n\u00e9voles secouristes en action. Il a ensuite pass\u00e9 diff\u00e9rentes formations dans le but d&rsquo;int\u00e9grer une \u00e9quipe en tant que secouriste. Son champ d&rsquo;action principal \u00e9tait ainsi le secourisme\u00a0: il ne s&rsquo;est pas content\u00e9 des formations dispens\u00e9es par la Croix-Rouge, mais s&rsquo;est aussi form\u00e9 au fur et \u00e0 mesure des interventions au sein d&rsquo;une \u00e9quipe dynamique et volontaire.<\/span><\/span><\/span><\/p>\n<p align=\"JUSTIFY\"><span style=\"font-family: Arial, sans-serif\"><span style=\"font-size: medium\"> Miguel Palhares a d\u00e9cid\u00e9 de rentrer \u00e0 la Croix-Rouge et non pas dans une autre association car les valeurs qu&rsquo;elle diffuse (Humanit\u00e9, Ind\u00e9pendance, Neutralit\u00e9, Volontariat, Unit\u00e9, Universalit\u00e9 et Impartialit\u00e9) sont proches des siennes. La Croix-Rouge est une association qui rassemble diff\u00e9rentes activit\u00e9s. Sa pr\u00e9sence dans diff\u00e9rents \u00e9v\u00e9nements dans lequel il a particip\u00e9 l&rsquo;a pouss\u00e9 \u00e0 se pr\u00e9senter \u00e0 la Croix-Rouge. <\/span><\/span><\/p>\n<p align=\"JUSTIFY\"><span style=\"color: #000000\"><span style=\"font-family: Arial, sans-serif\"><span style=\"font-size: medium\"> Engag\u00e9, il participa aux Assises de la Jeunesse en 2011 qui promurent les id\u00e9es des jeunes au sein de l&rsquo;association. Il fut d&rsquo;abord responsable d\u00e9partement jeunesse et chercha \u00e0 mobiliser les jeunes b\u00e9n\u00e9voles, \u00e0 aider ceux qui ont des projets et aussi d\u00e9velopper le r\u00e9seau jeunesse. Il est aujourd&rsquo;hui en plus, \u00e0 seulement 21 ans, responsable communication du secteur Castres\/Mazamet et a pour objectif d&rsquo;informer le grand public sur les actions de la Croix-Rouge, avec l&rsquo;aide d&rsquo;un petit groupe de travail qui se concentrera sur cet objectif via les r\u00e9seaux sociaux, les mairies&#8230;<\/span><\/span><\/span><\/p>\n<p align=\"JUSTIFY\"><span style=\"color: #000000\"><span style=\"font-family: Arial, sans-serif\"><span style=\"font-size: medium\"> Il s&rsquo;est investi notamment lors des inondations de Saint-B\u00e9at en juin 2013, lorsqu&rsquo;il est venu en aide \u00e0 des personnes qui avaient tout perdu. <\/span><\/span><\/span><span style=\"color: #000000\"><span style=\"font-family: Arial, sans-serif\"><span style=\"font-size: medium\">\u00ab\u00a0 <\/span><\/span><\/span><span style=\"color: #000000\"><span style=\"font-family: Arial, sans-serif\"><span style=\"font-size: medium\"><i>Je re\u00e7ois autant que ce que je donne, si ce n&rsquo;est plus\u00a0<\/i><\/span><\/span><\/span><span style=\"color: #000000\"><span style=\"font-family: Arial, sans-serif\"><span style=\"font-size: medium\">\u00bb . Ce fut aussi une exp\u00e9rience humaine, dans laquelle il tenta d&rsquo;apporter \u00e0 ceux qui en avaient besoin bonheur et r\u00e9confort.<\/span><\/span><\/span><\/p>\n<p align=\"JUSTIFY\"><span style=\"color: #000000\"><span style=\"font-family: Arial, sans-serif\"><span style=\"font-size: medium\"> Le b\u00e9n\u00e9volat \u00e0 la Croix-Rouge est un moyen de se sentir utile \u00e0 son \u00e9chelle, de s&rsquo;impliquer dans une structure qui peut aider les autres \u00e0 aller mieux. Enfin, l&rsquo;engagement des b\u00e9n\u00e9voles est un fait important\u00a0: chacun donne de son temps en fonction de ses disponibilit\u00e9s, pour tenter d&rsquo;apaiser les souffrances des autres.\u00a0<\/span><\/span><\/span><span style=\"font-family: Arial, sans-serif\">Pour Miguel, <\/span><span style=\"font-family: Arial, sans-serif\"><i>\u00ab\u00a0le b\u00e9n\u00e9vole ne change pas le monde, mais il y contribue.\u00a0\u00bb<\/i><\/span><span style=\"font-family: Arial, sans-serif\">.<\/span><\/p>\n<p align=\"JUSTIFY\">\n<p align=\"JUSTIFY\">\n","protected":false},"excerpt":{"rendered":"<p>&nbsp; Entr\u00e9 au sein de la Croix-Rouge en 2010, \u00e0 l&rsquo;\u00e2ge de 16 ans, ce fut d&rsquo;abord pour lui une volont\u00e9 personnelle, puis une mani\u00e8re de contredire les pr\u00e9jug\u00e9s selon lesquels les jeunes seraient inactifs. Il est rentr\u00e9 \u00ab\u00a0par \u00e9go\u00efsme et contre l&rsquo;\u00e9go\u00efsme\u00a0\u00bb\u00a0: pour\u00a0lui, la soci\u00e9t\u00e9 devenait de plus en plus individualiste. S&rsquo;engager est un &hellip; <a href=\"https:\/\/blogs.univ-jfc.fr\/projetcroixrouge\/miguel-palhares\/\" class=\"more-link\">Continuer la lecture de <span class=\"screen-reader-text\">Miguel Palhares<\/span> <span class=\"meta-nav\">&rarr;<\/span><\/a><\/p>\n","protected":false},"author":128,"featured_media":0,"parent":0,"menu_order":0,"comment_status":"closed","ping_status":"open","template":"","meta":[],"_links":{"self":[{"href":"https:\/\/blogs.univ-jfc.fr\/projetcroixrouge\/wp-json\/wp\/v2\/pages\/1773"}],"collection":[{"href":"https:\/\/blogs.univ-jfc.fr\/projetcroixrouge\/wp-json\/wp\/v2\/pages"}],"about":[{"href":"https:\/\/blogs.univ-jfc.fr\/projetcroixrouge\/wp-json\/wp\/v2\/types\/page"}],"author":[{"embeddable":true,"href":"https:\/\/blogs.univ-jfc.fr\/projetcroixrouge\/wp-json\/wp\/v2\/users\/128"}],"replies":[{"embeddable":true,"href":"https:\/\/blogs.univ-jfc.fr\/projetcroixrouge\/wp-json\/wp\/v2\/comments?post=1773"}],"version-history":[{"count":5,"href":"https:\/\/blogs.univ-jfc.fr\/projetcroixrouge\/wp-json\/wp\/v2\/pages\/1773\/revisions"}],"predecessor-version":[{"id":3291,"href":"https:\/\/blogs.univ-jfc.fr\/projetcroixrouge\/wp-json\/wp\/v2\/pages\/1773\/revisions\/3291"}],"wp:attachment":[{"href":"https:\/\/blogs.univ-jfc.fr\/projetcroixrouge\/wp-json\/wp\/v2\/media?parent=1773"}],"curies":[{"name":"wp","href":"https:\/\/api.w.org\/{rel}","templated":true}]}}