{"id":2246,"date":"2015-03-19T08:38:28","date_gmt":"2015-03-19T07:38:28","guid":{"rendered":"http:\/\/blogs.univ-jfc.fr\/projetcroixrouge\/?page_id=2246"},"modified":"2015-04-01T13:46:10","modified_gmt":"2015-04-01T12:46:10","slug":"prehistoire-de-lhumanitaire","status":"publish","type":"page","link":"https:\/\/blogs.univ-jfc.fr\/projetcroixrouge\/lhumanitaire-en-questions\/la-notion-daction-humanitaire\/prehistoire-de-lhumanitaire\/","title":{"rendered":"L\u2019arch\u00e9ologie de l\u2019humanitaire"},"content":{"rendered":"<p align=\"JUSTIFY\"><span style=\"color: #000000\"><span style=\"font-family: Arial, sans-serif\"><span style=\"font-size: medium\">Durant<\/span><\/span><\/span><span style=\"font-family: Arial, sans-serif\"><span style=\"font-size: medium\"> la p\u00e9riode m\u00e9di\u00e9vale, la religion tient une place pr\u00e9pond\u00e9rante dans ce que l&rsquo;on pourrait qualifier de \u00ab\u00a0<\/span><\/span><span style=\"color: #000000\"><span style=\"font-family: Arial, sans-serif\"><span style=\"font-size: medium\">proto<\/span><\/span><\/span><span style=\"font-family: Arial, sans-serif\"><span style=\"font-size: medium\">-aide humanitaire\u00a0\u00bb. Cette derni\u00e8re se traduit, dans une Europe alors majoritairement chr\u00e9tienne, par la charit\u00e9 et la bienfaisance. Elle se d\u00e9finit \u00e0 l\u2019origine comme des actions de partage au sein d&rsquo;un m\u00eame groupe confessionnel. Elle \u00e9volue \u00e0 travers les \u00e9poques, au rythme des mutations politiques et sociales. En effet, l&rsquo;\u00e9largissement du terme \u00ab\u00a0d&rsquo;humanit\u00e9\u00a0\u00bb est profond\u00e9ment li\u00e9e \u00e0 l&rsquo;extension du statut d&rsquo;humain \u00e0 de nouvelles populations. Cette \u00ab\u00a0humanit\u00e9\u00a0\u00bb peut ainsi \u00e9voluer sous l&rsquo;impulsion de personnages ou d&rsquo;\u00e9v\u00e9nements marquants, mais elle suit surtout la lente progression de la pens\u00e9e humaine.<\/span><\/span><\/p>\n<p align=\"JUSTIFY\"><!--[if gte mso 9]&gt;--><\/p>\n<p align=\"JUSTIFY\"><!--[if gte mso 9]&gt;--><\/p>\n<p><!--[if gte mso 9]&gt;--><\/p>\n<p><!--[if gte mso 10]&gt;--><\/p>\n<p class=\"Standard\" style=\"text-align: justify;line-height: 150%\"><span style=\"font-family: 'Arial',sans-serif;color: black\">L&rsquo;\u00e9poque m\u00e9di\u00e9vale voit la religion encadrer la vie quotidienne des populations. La charit\u00e9 est un principe commun aux trois religions du Livre\u00a0: l&rsquo;Islam, le Christianisme et le Juda\u00efsme. Elle devient une norme que l&rsquo;ensemble des populations appliquent pour vivre en communaut\u00e9. <\/span><span style=\"font-family: 'Arial',sans-serif\">En revanche <span style=\"color: black\">le terme d&rsquo;humanit\u00e9 n&rsquo;a pas le sens que nous lui connaissons aujourd&rsquo;hui. Il est donc plus exact de parler d&rsquo;\u00a0\u00ab\u00a0Universalis\u00a0\u00bb pour d\u00e9signer l&rsquo;ensemble des Hommes.<\/span><\/span><\/p>\n<p class=\"Standard\" style=\"text-align: justify;line-height: 150%\"><span style=\"font-family: 'Arial',sans-serif;color: black\">La charit\u00e9 est pratiqu\u00e9e par l&rsquo;ensemble des populations connues. Toutefois, certaines minorit\u00e9s (<\/span><span style=\"font-family: 'Arial',sans-serif\">handicap\u00e9s, prostitu\u00e9s, l\u00e9preux<span style=\"color: black\">, \u2026) sont marginalis\u00e9es dans le contact qu&rsquo;elles entretiennent avec les autres. De m\u00eame, les \u00ab\u00a0infid\u00e8les\u00a0\u00bb (musulmans, juifs\u2026) tiennent le r\u00f4le de bouc-\u00e9missaires dans la soci\u00e9t\u00e9 chr\u00e9tienne, notamment lors de catastrophes, d&rsquo;\u00e9pid\u00e9mies, etc. Ces individus ne peuvent donc pas pr\u00e9tendre \u00e0 des droits \u00e9gaux (par exemple, les infid\u00e8les et les prostitu\u00e9s ne peuvent pas toucher la nourriture au march\u00e9). Cette stigmatisation ne les emp\u00eache pas pourtant d&rsquo;acc\u00e9der \u00e0 la charit\u00e9 chr\u00e9tienne (du moins pour ceux qui partagent cette confession). Ainsi, les h\u00f4tels-Dieu, les hospices et les l\u00e9proseries sont des institutions cr\u00e9\u00e9es dans le but de procurer la charit\u00e9 aux minorit\u00e9s chr\u00e9tiennes. Elles pr\u00e9servent l&rsquo;ordre public et sanitaire en les isolants. Ces institutions rendent difficile l&rsquo;acceptation sociale de ces \u00ab\u00a0impurs\u00a0\u00bb au titre de semblables. Ils sont n\u00e9anmoins compris dans la communaut\u00e9 humaine, donc inclus dans l&rsquo;\u00ab\u00a0Universalis\u00a0\u00bb.<\/span><\/span><\/p>\n<p align=\"JUSTIFY\"><!--[if gte mso 9]&gt;--><\/p>\n<figure id=\"attachment_3564\" aria-describedby=\"caption-attachment-3564\" style=\"width: 300px\" class=\"wp-caption aligncenter\"><a href=\"http:\/\/blogs.univ-jfc.fr\/projetcroixrouge\/wp-content\/uploads\/sites\/40\/2015\/03\/hotel-dieu.jpg\"><img loading=\"lazy\" class=\"size-medium wp-image-3564  \" alt=\"hotel dieu\" src=\"http:\/\/blogs.univ-jfc.fr\/projetcroixrouge\/wp-content\/uploads\/sites\/40\/2015\/03\/hotel-dieu-300x201.jpg\" width=\"300\" height=\"201\" srcset=\"https:\/\/blogs.univ-jfc.fr\/projetcroixrouge\/wp-content\/uploads\/sites\/40\/2015\/03\/hotel-dieu-300x201.jpg 300w, https:\/\/blogs.univ-jfc.fr\/projetcroixrouge\/wp-content\/uploads\/sites\/40\/2015\/03\/hotel-dieu.jpg 364w\" sizes=\"(max-width: 300px) 100vw, 300px\" \/><\/a><figcaption id=\"caption-attachment-3564\" class=\"wp-caption-text\">L&rsquo;H\u00f4tel-Dieu de Paris, miniature du XVe si\u00e8cle<\/figcaption><\/figure>\n<p><!--[if gte mso 9]&gt;--><\/p>\n<p class=\"Standard\" style=\"text-align: justify;line-height: 150%;background: white\"><span style=\"font-family: 'Arial',sans-serif\">Au cours de la p\u00e9riode moderne, la d\u00e9couverte de nouvelles communaut\u00e9s per\u00e7ues comme primitives, puis l&rsquo;\u00e9mergence de la question indig\u00e8ne remettent en cause la conception que les Europ\u00e9ens se font de l&rsquo;Homme. Les \u00ab\u00a0Indiens\u00a0\u00bb constituent ainsi un objet de r\u00e9flexion pour les \u00e9lites intellectuelles tels que les humanistes de la Renaissance o\u00f9 les Lumi\u00e8res au XVIII<\/span><sup><span style=\"font-family: 'Arial',sans-serif\">e<\/span><\/sup><span style=\"font-family: 'Arial',sans-serif\"> si\u00e8cle. Les Grandes D\u00e9couvertes suscitent \u00e9galement de grandes questions sur l&rsquo;Homme et sa place dans l&rsquo;univers\u00a0: on se demande si l&rsquo;on doit consid\u00e9rer comme humaines et \u00e9gales aux Europ\u00e9ens, ces populations fra\u00eechement <span style=\"background: white\">d\u00e9couvertes. Celles-ci<\/span> provoquent donc une crise identitaire au sein des populations europ\u00e9ennes. Les Europ\u00e9ens ne sont plus le centre du monde mais une petite part d&rsquo;une immensit\u00e9. Tout en justifiant la domination europ\u00e9enne, la religion chr\u00e9tienne essaye d\u2019int\u00e9grer dans la soci\u00e9t\u00e9 ces nouveaux peuples. L\u2019\u00e9volution des mentalit\u00e9s conduit plus tard les philosophes des Lumi\u00e8res &#8211; comme Voltaire &#8211; \u00e0 proposer l\u2019extension de la notion d&rsquo;humain aux esclaves, \u00ab\u00a0barbares\u00a0\u00bb et indig\u00e8nes. Ils font remarquer que ces \u00eatres \u00ab\u00a0diff\u00e9rents\u00a0\u00bb ne le sont en r\u00e9alit\u00e9 pas tellement, puisqu&rsquo;ils pensent et vivent de la m\u00eame mani\u00e8re que les autres\u00a0; il existe certes des diff\u00e9rences entre les cultures, mais ce sont des Hommes et non des b\u00eates. Malgr\u00e9 leur \u00e9ducation chr\u00e9tienne, les Lumi\u00e8res s\u2019opposent ouvertement \u00e0 l&rsquo;intol\u00e9rance religieuse de l\u2019\u00c9glise. La domination europ\u00e9enne sur l&rsquo;humanit\u00e9 est remise en cause car les Lumi\u00e8res \u00e9voquent l&rsquo;\u00e9galit\u00e9 des \u00ab\u00a0races\u00a0\u00bb humaines. Il s\u2019op\u00e8re ici une transition qui conduit progressivement \u00e0 un d\u00e9but de s\u00e9cularisation de la pens\u00e9e humanitaire, ainsi qu&rsquo;\u00e0 une remise en cause de la vision traditionnellement europ\u00e9ocentrique du monde. La confrontation de l&rsquo;Europe avec le reste du monde provoque une premi\u00e8re forme de la\u00efcisation de la soci\u00e9t\u00e9.<\/span><\/p>\n<p class=\"Standard\" style=\"text-align: justify;line-height: 150%\"><span style=\"font-family: 'Arial',sans-serif\">La R\u00e9volution fran\u00e7aise bouleverse encore cette donne\u00a0: en effet la volont\u00e9 de s\u00e9paration entre la religion et le pouvoir s&rsquo;effectue au travers d&rsquo;une politique de d\u00e9christianisation radicale. L&rsquo;esclavage se trouve quant \u00e0 lui aboli, les esclaves devenant partie int\u00e9grante de l&rsquo;humanit\u00e9. Enfin, la religion est tout simplement absente de la D\u00e9claration des Droits de l&rsquo;Homme et du Citoyen (1789), o\u00f9 elle se trouve \u00ab\u00a0remplac\u00e9e\u00a0\u00bb par l&rsquo;\u00e9ducation civique la\u00efque et le devoir envers ses concitoyens. Cette p\u00e9riode, au cours de laquelle \u00e9merge la notion de \u00ab\u00a0droits fondamentaux\u00a0\u00bb qui soutient l&rsquo;extension rapide d&rsquo;une nouvelle conception de l&rsquo;Homme (comme personne libre et \u00e9gale devant ses semblables), conna\u00eet tr\u00e8s rapidement de multiples d\u00e9rives.<\/span><\/p>\n<figure style=\"width: 300px\" class=\"wp-caption aligncenter\"><a href=\"http:\/\/blogs.univ-jfc.fr\/projetcroixrouge\/wp-content\/uploads\/sites\/40\/2015\/03\/Biard_Abolition_de_lesclavage_1849.jpg\"><img loading=\"lazy\" alt=\"Biard_Abolition_de_l'esclavage_1849\" src=\"http:\/\/blogs.univ-jfc.fr\/projetcroixrouge\/wp-content\/uploads\/sites\/40\/2015\/03\/Biard_Abolition_de_lesclavage_1849-300x199.jpg\" width=\"300\" height=\"199\" \/><\/a><figcaption class=\"wp-caption-text\">\u00ab\u00a0L&rsquo;abolition de l&rsquo;esclavage\u00a0\u00bb par Fran\u00e7ois Biard, 1848<\/figcaption><\/figure>\n<p class=\"Standard\" style=\"text-align: justify;line-height: 150%\"><span style=\"font-family: 'Arial',sans-serif\">L&rsquo;Empire remet en place nombre des pratiques de l&rsquo;Ancien R\u00e9gime. Le retour de l\u2019esclavage contribue au rejet de certaines populations, pourtant \u00ab\u00a0int\u00e9gr\u00e9es\u00a0\u00bb \u00e0 l&rsquo;humanit\u00e9 durant la R\u00e9volution. Cependant, des progr\u00e8s sont apport\u00e9s avec les d\u00e9buts d&rsquo;une m\u00e9decine de guerre efficace (cr\u00e9ation des ambulances mobiles, etc.) qui s&rsquo;adapte aux r\u00e9centes \u00e9volutions militaires provoqu\u00e9es par les arm\u00e9es napol\u00e9oniennes.<\/span><\/p>\n<p class=\"Standard\" style=\"text-align: justify;line-height: 150%\"><span style=\"font-family: 'Arial',sans-serif\">La question de l&rsquo;Homme et des institutions humanitaires se trouve quant \u00e0 elle une nouvelle fois boulevers\u00e9e\u00a0: l&rsquo;humanitaire passe aux mains de l\u2019\u00c9tat, et ne consiste plus en une norme religieuse applicable \u00e0 tous. C&rsquo;est gr\u00e2ce au principe de la\u00efcit\u00e9 que la religion perd de la valeur dans l&rsquo;humanitaire. La religion est cependant toujours enracin\u00e9e tant dans la culture que dans les pratiques quotidiennes. Le XIX<\/span><sup><span style=\"font-family: 'Arial',sans-serif\">e<\/span><\/sup><span style=\"font-family: 'Arial',sans-serif\"> si\u00e8cle marque une grande mont\u00e9e de l&rsquo;humanitaire en tant que pratique b\u00e9n\u00e9vole, o\u00f9 aspirations nationales et religieuses reculent face \u00e0 un id\u00e9al humanitaire.<\/span><\/p>\n<p class=\"Standard\" style=\"text-align: justify;line-height: 150%\"><span style=\"font-family: 'Arial',sans-serif\">Le XIX<\/span><sup><span style=\"font-family: 'Arial',sans-serif\">e<\/span><\/sup><span style=\"font-family: 'Arial',sans-serif\"> si\u00e8cle marque en effet une \u00e9volution de l&rsquo;humanitaire<span>\u00a0 <\/span>(l&rsquo;apparition de ce terme date<span>\u00a0 <\/span>d&rsquo;ailleurs de cette \u00e9poque) en tant que mentalit\u00e9 et en tant que pratique s\u00e9cularis\u00e9e. La m\u00e9diatisation des guerres permet ainsi aux la\u00efques comme Florence Nightingale de s&rsquo;impliquer. Ils vont pouvoir assister les populations d\u00e9munies dans le cadre d&rsquo;une aide humanitaire, apport\u00e9e et financ\u00e9e par des personnes influentes et soutenue par des \u00c9tats-nations (telle l&rsquo;Angleterre), mais con\u00e7ue et organis\u00e9e par des associations priv\u00e9es de bienfaisance. Les \u00e9crivains &#8211; les romantiques surtout \u2013 cr\u00e9ent et d\u00e9veloppent le sens du mot \u00ab\u00a0humanitaire\u00a0\u00bb. Ils le d\u00e9finissent comme\u00a0: \u00ab\u00a0qui veut le bien de l&rsquo;humanit\u00e9\u00a0\u00bb, notion d\u00e9gag\u00e9e de toute qu\u00eate d&rsquo;ordre religieux. L&rsquo;humanitaire est applicable \u00e0 toutes et \u00e0 tous. Le <a href=\"http:\/\/blogs.univ-jfc.fr\/projetcroixrouge\/le-cicr\/\">CICR <\/a>vient enfin compl\u00e9ter cette notion, par l&rsquo;id\u00e9e que l&rsquo;humanitaire d\u00e9passe les fronti\u00e8res et les nations. On peut ainsi voir le CICR comme le r\u00e9sultat de la longue construction de la pens\u00e9e humanitaire.<\/span><\/p>\n<p><span style=\"font-size: 12.0pt;font-family: 'Arial',sans-serif\">L&rsquo;Histoire de la notion \u00ab\u00a0d&rsquo;aide humanitaire\u00a0\u00bb est le fruit d&rsquo;une longue r\u00e9flexion entre les Hommes, elle suit les diff\u00e9rents changements de mentalit\u00e9s au cours des si\u00e8cles. En Europe, son \u00e9volution est li\u00e9e \u00e0 la s\u00e9cularisation de la pens\u00e9e chr\u00e9tienne d&rsquo;abord communautaire (adress\u00e9e aux personne\u00a0d&rsquo;un groupe confessionnel), elle devient universelle avec des droits la caract\u00e9risant ind\u00e9pendamment du crit\u00e8re religieux. Cependant, encore aujourd&rsquo;hui, la religion reste pr\u00e9sente dans une certaine \u00ab\u00a0culture humanitaire\u00a0\u00bb, \u00e0 la base d&rsquo;organisations telles que le <a href=\"http:\/\/www.secours-catholique.org\/actualite\/la-charite-moteur-d-evangelisation,11249.html\" target=\"_blank\">Secours Catholique<\/a> se r\u00e9clamant, encore aujourd\u2019hui, de la charit\u00e9 chr\u00e9tienne<\/span>.<\/p>\n<p align=\"JUSTIFY\"><a href=\"http:\/\/blogs.univ-jfc.fr\/projetcroixrouge\/bibliographie-2\/\"><span style=\"font-family: Arial, sans-serif\">Pour aller plus loin\u00a0:<\/span><\/a><\/p>\n<p align=\"JUSTIFY\">Corbon Aubin<\/p>\n<p>&nbsp;<\/p>\n","protected":false},"excerpt":{"rendered":"<p>Durant la p\u00e9riode m\u00e9di\u00e9vale, la religion tient une place pr\u00e9pond\u00e9rante dans ce que l&rsquo;on pourrait qualifier de \u00ab\u00a0proto-aide humanitaire\u00a0\u00bb. Cette derni\u00e8re se traduit, dans une Europe alors majoritairement chr\u00e9tienne, par la charit\u00e9 et la bienfaisance. Elle se d\u00e9finit \u00e0 l\u2019origine comme des actions de partage au sein d&rsquo;un m\u00eame groupe confessionnel. Elle \u00e9volue \u00e0 travers &hellip; <a href=\"https:\/\/blogs.univ-jfc.fr\/projetcroixrouge\/lhumanitaire-en-questions\/la-notion-daction-humanitaire\/prehistoire-de-lhumanitaire\/\" class=\"more-link\">Continuer la lecture de <span class=\"screen-reader-text\">L\u2019arch\u00e9ologie de l\u2019humanitaire<\/span> <span class=\"meta-nav\">&rarr;<\/span><\/a><\/p>\n","protected":false},"author":97,"featured_media":0,"parent":626,"menu_order":0,"comment_status":"closed","ping_status":"open","template":"","meta":[],"_links":{"self":[{"href":"https:\/\/blogs.univ-jfc.fr\/projetcroixrouge\/wp-json\/wp\/v2\/pages\/2246"}],"collection":[{"href":"https:\/\/blogs.univ-jfc.fr\/projetcroixrouge\/wp-json\/wp\/v2\/pages"}],"about":[{"href":"https:\/\/blogs.univ-jfc.fr\/projetcroixrouge\/wp-json\/wp\/v2\/types\/page"}],"author":[{"embeddable":true,"href":"https:\/\/blogs.univ-jfc.fr\/projetcroixrouge\/wp-json\/wp\/v2\/users\/97"}],"replies":[{"embeddable":true,"href":"https:\/\/blogs.univ-jfc.fr\/projetcroixrouge\/wp-json\/wp\/v2\/comments?post=2246"}],"version-history":[{"count":12,"href":"https:\/\/blogs.univ-jfc.fr\/projetcroixrouge\/wp-json\/wp\/v2\/pages\/2246\/revisions"}],"predecessor-version":[{"id":3621,"href":"https:\/\/blogs.univ-jfc.fr\/projetcroixrouge\/wp-json\/wp\/v2\/pages\/2246\/revisions\/3621"}],"up":[{"embeddable":true,"href":"https:\/\/blogs.univ-jfc.fr\/projetcroixrouge\/wp-json\/wp\/v2\/pages\/626"}],"wp:attachment":[{"href":"https:\/\/blogs.univ-jfc.fr\/projetcroixrouge\/wp-json\/wp\/v2\/media?parent=2246"}],"curies":[{"name":"wp","href":"https:\/\/api.w.org\/{rel}","templated":true}]}}