{"id":2569,"date":"2015-03-19T10:10:36","date_gmt":"2015-03-19T09:10:36","guid":{"rendered":"http:\/\/blogs.univ-jfc.fr\/projetcroixrouge\/?page_id=2569"},"modified":"2015-04-04T09:16:41","modified_gmt":"2015-04-04T08:16:41","slug":"egalite-et-parite-homme-femme-la-croix-rouge-reflet-de-la-societe","status":"publish","type":"page","link":"https:\/\/blogs.univ-jfc.fr\/projetcroixrouge\/la-croix-rouge-tarnaise-des-hommes-et-des-femmes\/les-femmes-de-la-croix-rouge\/egalite-et-parite-homme-femme-la-croix-rouge-reflet-de-la-societe\/","title":{"rendered":"\u00c9galit\u00e9 et parit\u00e9 homme-femme : la Croix-Rouge reflet de la soci\u00e9t\u00e9 ?"},"content":{"rendered":"<p align=\"LEFT\"><span style=\"color: #000000\"><span style=\"font-family: 'Times New Roman', serif\"><span style=\"font-size: medium\"><span style=\"font-family: Arial, sans-serif\"><b>La formation a<\/b><\/span><span style=\"font-family: Arial, sans-serif\"><b>u sein de la Croix-Rouge<\/b><\/span><span style=\"font-family: Arial, sans-serif\"><b>, voie de professionnalisation <\/b><\/span><span style=\"font-family: Arial, sans-serif\"><b>pour les femmes<\/b><\/span><\/span><\/span><\/span><\/p>\n<p align=\"JUSTIFY\"><span style=\"color: #000000\"><span style=\"font-size: medium\"><em><\/em><span style=\"font-family: Arial, sans-serif\">La fondation de l&rsquo;Association des Dames de fran\u00e7aises et de l&rsquo;Union des Femmes de France impulse un changement au sein de la Croix-Rouge. Ces associations ouvrent l&rsquo;acc\u00e8s \u00e0 une voie de professionnalisation et \u00e0 la cr\u00e9ation de dipl\u00f4mes pour les femmes.<\/span><\/span><\/span><\/p>\n<p align=\"JUSTIFY\"><span style=\"color: #000000\"><span style=\"font-family: Arial, sans-serif\"><span style=\"font-size: medium\">Le professeur Auguste Duchaussoy, co-fondateur de l&rsquo;association des Dames de France et le chirurgien des h\u00f4pitaux de Paris, qui constatent que les femmes poss\u00e8dent peu de comp\u00e9tences, furent les pionniers dans l&rsquo;id\u00e9e qu&rsquo;il faut former les femmes. En effet, par exemple, d\u00e8s 1887 Auguste Duchaussoy fonde la premi\u00e8re \u00e9cole publique et gratuite de gardes-malades et d&rsquo;ambulanci\u00e8res.<\/span><\/span><\/span><\/p>\n<p align=\"JUSTIFY\"><span style=\"color: #000000\"><span style=\"font-family: Arial, sans-serif\"><span style=\"font-size: medium\">Face \u00e0 la mont\u00e9e de l&rsquo;ADF et de l&rsquo;UFF, la SSBM d\u00e9cide d&rsquo;int\u00e9grer des femmes.\u00a0<\/span><\/span><\/span><span style=\"color: #000000\"><span style=\"font-family: Arial, sans-serif\"><span style=\"font-size: medium\">Au d\u00e9but sont confi\u00e9es aux femmes des missions qui sont consid\u00e9r\u00e9es de leur ressort, comme la constitution de stock de linge, de pansements, la qu\u00eate, etc. En revanche, en 1899, un dispensaire est cr\u00e9\u00e9 dans le quartier de Plaisance \u00e0 Paris dans le XIVe arrondissement. Elles sont sous la tutelle et la surveillance de monitrices. Dans ce dispensaire un enseignement court est cr\u00e9\u00e9 pour les auxiliaires, un cursus de 8 mois pour le titre d&rsquo;ambulanci\u00e8re, et un enseignement de deux ans pour obtenir le titre d&rsquo;infirmi\u00e8re major. Dans son association l&rsquo;Union des Femmes de France, Emma Koechlin-Schwartz propose tout de suite des premiers cours et fonde en 1906 un h\u00f4pital rue de la Jonqui\u00e8re \u00e0 Paris. Une formation courte est mise en place pour permettre d&rsquo;\u00eatre infirmi\u00e8re adjointe, et une autre de deux ans pour avoir le dipl\u00f4me d&rsquo;ambulanci\u00e8re. L\u2019\u00c9tat ne prenant pas en charge la formation des dames dans les domaines m\u00e9dicaux, des \u00e9coles priv\u00e9es et souvent payantes se cr\u00e9ent. <span style=\"color: #0000ff\"><a title=\"L\u2019exemple de Marie-L\u00e9onie G\u00e9nin dans la formation et l\u2019enseignement des femmes\" href=\"http:\/\/blogs.univ-jfc.fr\/projetcroixrouge\/la-croix-rouge-tarnaise-des-hommes-et-des-femmes\/les-femmes-de-la-croix-rouge\/egalite-et-parite-homme-femme-la-croix-rouge-reflet-de-la-societe\/lexemple-de-marie-leonie-genin-dans-la-formation-et-lenseignement-des-femmes\/\">Marie-L\u00e9onie Gu\u00e9nin<\/a>\u00a0<\/span>devient ainsi la fondatrice de l&rsquo;instruction donn\u00e9e aux infirmi\u00e8res \u00e0 la SSBM.\u00a0<\/span><\/span><\/span><\/p>\n<p align=\"JUSTIFY\"><span style=\"color: #000000\"><span style=\"font-family: 'Times New Roman', serif\"><span style=\"font-size: medium\"><span style=\"font-family: Arial, sans-serif\">La Premi\u00e8re Guerre mondiale a ouvert une certaine voie de professionnalisation pour les femmes. Par exemple, en 1922, <\/span><span style=\"font-family: Arial, sans-serif\">suite \u00e0 la guerre\u00a0<\/span><span style=\"font-family: Arial, sans-serif\">le dipl\u00f4me d&rsquo;infirmi\u00e8re est cr<\/span><span style=\"font-family: Arial, sans-serif\">\u00e9<\/span><span style=\"font-family: Arial, sans-serif\">\u00e9<\/span><span style=\"font-family: Arial, sans-serif\">\u00a0trois brevets de capacit\u00e9 permettant de porter le titre d&rsquo;infirmi\u00e8re qui sont l&rsquo;infirmi\u00e8re hospitali\u00e8re, l&rsquo;infirmi\u00e8re visiteuse de la tuberculose ou encore l&rsquo;infirmi\u00e8re visiteuse de l&rsquo;enfance. Ces femmes sont pr\u00e9par\u00e9es dans des \u00e9coles priv\u00e9es et publiques.<\/span><\/span><\/span><\/span><\/p>\n<p align=\"JUSTIFY\"><span style=\"color: #000000\"><span style=\"font-family: Arial, sans-serif\"><span style=\"font-size: medium\"><b>Des postes \u00e0 responsabilit\u00e9 de plus en plus accessibles aux femmes.<\/b> <\/span><\/span><\/span><\/p>\n<p align=\"JUSTIFY\"><span style=\"font-size: medium\"><span style=\"color: #000000\"><span style=\"font-family: Arial, sans-serif\">La dur\u00e9e des conflits a n\u00e9cessit\u00e9 un recours important \u00e0 la main d\u2019\u0153uvre f\u00e9minine. En\u00a0<\/span><\/span><span style=\"color: #000000\"><span style=\"font-family: Arial, sans-serif\">occupant des emplois r\u00e9put\u00e9s masculins, les femmes s\u2019\u00e9loignent alors des st\u00e9r\u00e9otypes qui s\u2019attachent au \u00absexe faible\u00bb. <\/span><\/span><span style=\"color: #000000\"><span style=\"font-family: Arial, sans-serif\">Les femmes de la Croix-Rouge \u00e9taient en premier lieu des infirmi\u00e8res \u00e0 l&rsquo;arri\u00e8re <\/span><\/span><span style=\"color: #000000\"><span style=\"font-family: Arial, sans-serif\">du front,\u00a0<\/span><\/span><span style=\"color: #000000\"><span style=\"font-family: Arial, sans-serif\">mais aussi, elles sont \u00e0 l&rsquo;origine des ouvertures des pouponni\u00e8res. Les femmes de la Croix-Rouge \u00e9taient aussi ambulanci\u00e8res, l&rsquo;une des premi\u00e8res \u00e9tait Marie Curie et sa fille Ir\u00e8ne. Marie Curie finira par \u00eatre nomm\u00e9e directrice du service radiologique de la Croix Rouge. <\/span><\/span><\/span><\/p>\n<p align=\"JUSTIFY\"><span style=\"font-size: medium\"><span style=\"color: #000000\"><span style=\"font-family: Arial, sans-serif\">La qu\u00eate est plus qu&rsquo;une institution \u00e0 la Croix-Rouge fran\u00e7aise, c&rsquo;est un moyen de communication avec la population. Elle remonte \u00e0 la guerre de 1870, lors de la fondation du comit\u00e9 de l&rsquo;association de l&rsquo;Union des Dames de France. Les femmes qui \u00e9taient en charge des qu\u00eates \u00e9taient surnomm\u00e9e \u00ables Qu\u00eateuses\u00bb. En 1912, le Conseil Central de la Croix-Rouge organise des qu\u00eates pour r\u00e9unir des fonds afin d&rsquo;aider les familles n\u00e9cessiteuses et pour le financement des h\u00f4pitaux. Pour se faire, elles passent dans les rues et dans les gares des villes. Par ailleurs elles \u00e9taient plus pr\u00e9cis\u00e9ment surnomm\u00e9<\/span><\/span><span style=\"color: #000000\"><span style=\"font-family: Arial, sans-serif\">es<\/span><\/span><span style=\"color: #000000\"><span style=\"font-family: Arial, sans-serif\"> \u00abLes qu\u00eateuses des gares\u00bb. Il y a aussi des personnes qui ont donn\u00e9 leur biens et leur fortune au financement de la Croix-Rouge. <\/span><\/span><span style=\"color: #000000\"><span style=\"font-family: Arial, sans-serif\">Apr\u00e8s la Premi\u00e8re Guerre mondiale, la Croix-Rouge fran\u00e7aise participe \u00e0 des qu\u00eates au b\u00e9n\u00e9fice d&rsquo;autres \u0153uvres. Le 24 juin 1934, l&rsquo;association est autoris\u00e9e par le minist\u00e8re de l&rsquo;<\/span><\/span><span style=\"color: #000000\"><span style=\"font-family: Arial, sans-serif\">I<\/span><\/span><span style=\"color: #000000\"><span style=\"font-family: Arial, sans-serif\">nt\u00e9rieur \u00e0 organiser sa propre Journ\u00e9e nationale.\u00a0<\/span><\/span><span style=\"color: #000000\"><span style=\"font-family: Arial, sans-serif\">Depuis, chaque ann\u00e9e, l&rsquo;autorisation est renouvel\u00e9e. <\/span><\/span><span style=\"color: #000000\"><span style=\"font-family: Arial, sans-serif\">De nos jours, la Croix-Rouge organise des campagnes publicitaires et des appels aux dons avec pour t\u00eate d&rsquo;affiche, des stars afin de mobiliser le plus de monde possible. La qu\u00eate est un rituel immuable, une forme d&rsquo;engagement, qui a certes \u00e9volu\u00e9, mais dont les bases restent les m\u00eames.<\/span><\/span><\/span><\/p>\n<p align=\"JUSTIFY\"><span style=\"color: #000000\"> <span style=\"font-family: 'Times New Roman', serif\"><span style=\"font-size: medium\"><span style=\"font-family: Arial, sans-serif\"><b>Etude de cas : les femmes dans la Croix-Rouge tarnaise <\/b><\/span><\/span><\/span><\/span><\/p>\n<p align=\"JUSTIFY\"><span style=\"color: #000000\"><span style=\"font-family: 'Times New Roman', serif\"><span style=\"font-size: medium\"><span style=\"font-family: Arial, sans-serif\">On <\/span><span style=\"font-family: Arial, sans-serif\">peut constater qu<\/span><span style=\"font-family: Arial, sans-serif\">&lsquo;<\/span><span style=\"font-family: Arial, sans-serif\">entre 1926 et 1999 <\/span><span style=\"font-family: Arial, sans-serif\">pour toutes les tranches d&rsquo;<\/span><span style=\"font-family: Arial, sans-serif\">\u00e2ge,<\/span><span style=\"font-family: Arial, sans-serif\"> les femmes sont majoritaires <\/span><span style=\"font-family: Arial, sans-serif\">au sein de la Croix-Rouge<\/span><span style=\"font-family: Arial, sans-serif\">. En effet, entre 1926 et 1939 les femmes b\u00e9n\u00e9voles du Tarn sont 49 alors que les hommes ne sont que 11. Entre 1914 et 1959 les femmes sont largement majoritaires, elles sont 96 contre 41 pour les hommes soit plus du double. Entre 1960 et 1979 les femmes sont 44 et les hommes 35 et enfin entre 1980 et 1999 les femmes b\u00e9n\u00e9voles sont 40 et les hommes ne sont que 28. On peut remarquer que pendant l&rsquo;entre deux guerres et \u00e0 l&rsquo;aube de la Seconde Guerre mondiale les femmes b\u00e9n\u00e9voles dans la Croix-Rouge tarnaise sont nombreuses. Pour autant, c&rsquo;est entre la Seconde Guerre mondiale et jusque dans les ann\u00e9es 60 que l&rsquo;\u00e9cart se creuse entre les femmes et les hommes. Gr\u00e2ce \u00e0 cet exemple du Tarn, on peut donc voir que les femmes sont toujours pr\u00e9sentes dans la Croix-Rouge et sont largement majoritaires. Au fil des ann\u00e9es, <\/span><span style=\"font-family: Arial, sans-serif\">le nombre <\/span><span style=\"font-family: Arial, sans-serif\"> de femmes n&rsquo;a pas diminu\u00e9, <\/span><span style=\"font-family: Arial, sans-serif\">elles <\/span><span style=\"font-family: Arial, sans-serif\">sont toujours pr\u00e9sentes et son plus pr\u00e9sentent que les hommes.<\/span><\/span><\/span><\/span><\/p>\n<p align=\"JUSTIFY\"><span style=\"color: #000000\"><span style=\"font-family: 'Times New Roman', serif\"><span style=\"font-size: medium\"><span style=\"font-family: Arial, sans-serif\">En revanche, il est aussi <\/span><span style=\"font-family: Arial, sans-serif\">primordiale <\/span><span style=\"font-family: Arial, sans-serif\">de s&rsquo;int\u00e9resser aux <span style=\"color: #0000ff\"><a title=\"Donn\u00e9es sur la Croix-Rouge tarnaise\" href=\"http:\/\/blogs.univ-jfc.fr\/projetcroixrouge\/donnees-sur-la-croix-rouge-tarnaise\/\">postes que les femmes occupent au sein de la Croix-Rouge tarnaise<\/a>\u00a0<\/span><\/span><span style=\"font-family: Arial, sans-serif\">en particulier<\/span><span style=\"font-family: Arial, sans-serif\"> pendant apr\u00e8s la <\/span><span style=\"font-family: Arial, sans-serif\">Se<\/span><span style=\"font-family: Arial, sans-serif\">conde <\/span><span style=\"font-family: Arial, sans-serif\">G<\/span><span style=\"font-family: Arial, sans-serif\">uerre <\/span><span style=\"font-family: Arial, sans-serif\">M<\/span><span style=\"font-family: Arial, sans-serif\">ondiale. En effet il y a 164 femmes qui exercent des postes dans les actions sociales contre seulement 62 pour les hommes. Le travail dans la branche soutien aux victimes est en majorit\u00e9 repr\u00e9sent<\/span><span style=\"font-family: Arial, sans-serif\">\u00e9<\/span><span style=\"font-family: Arial, sans-serif\"> par des femmes, 35 femmes <\/span><span style=\"font-family: Arial, sans-serif\">pour <\/span><span style=\"font-family: Arial, sans-serif\"> 15 hommes. Enfin chez les \u00e9lus de la Croix-Rouge tarnaise, il y a 11 hommes pour seulement 4 femmes. Seul l&rsquo;activit\u00e9 urgence et secourisme semble a quelques personnes \u00e9galitaires : 27 hommes pour 25 femmes.<\/span><\/span><\/span><\/span><\/p>\n","protected":false},"excerpt":{"rendered":"<p>La formation au sein de la Croix-Rouge, voie de professionnalisation pour les femmes La fondation de l&rsquo;Association des Dames de fran\u00e7aises et de l&rsquo;Union des Femmes de France impulse un changement au sein de la Croix-Rouge. Ces associations ouvrent l&rsquo;acc\u00e8s \u00e0 une voie de professionnalisation et \u00e0 la cr\u00e9ation de dipl\u00f4mes pour les femmes. Le &hellip; <a href=\"https:\/\/blogs.univ-jfc.fr\/projetcroixrouge\/la-croix-rouge-tarnaise-des-hommes-et-des-femmes\/les-femmes-de-la-croix-rouge\/egalite-et-parite-homme-femme-la-croix-rouge-reflet-de-la-societe\/\" class=\"more-link\">Continuer la lecture de <span class=\"screen-reader-text\">\u00c9galit\u00e9 et parit\u00e9 homme-femme : la Croix-Rouge reflet de la soci\u00e9t\u00e9 ?<\/span> <span class=\"meta-nav\">&rarr;<\/span><\/a><\/p>\n","protected":false},"author":129,"featured_media":0,"parent":566,"menu_order":3,"comment_status":"closed","ping_status":"open","template":"","meta":[],"_links":{"self":[{"href":"https:\/\/blogs.univ-jfc.fr\/projetcroixrouge\/wp-json\/wp\/v2\/pages\/2569"}],"collection":[{"href":"https:\/\/blogs.univ-jfc.fr\/projetcroixrouge\/wp-json\/wp\/v2\/pages"}],"about":[{"href":"https:\/\/blogs.univ-jfc.fr\/projetcroixrouge\/wp-json\/wp\/v2\/types\/page"}],"author":[{"embeddable":true,"href":"https:\/\/blogs.univ-jfc.fr\/projetcroixrouge\/wp-json\/wp\/v2\/users\/129"}],"replies":[{"embeddable":true,"href":"https:\/\/blogs.univ-jfc.fr\/projetcroixrouge\/wp-json\/wp\/v2\/comments?post=2569"}],"version-history":[{"count":11,"href":"https:\/\/blogs.univ-jfc.fr\/projetcroixrouge\/wp-json\/wp\/v2\/pages\/2569\/revisions"}],"predecessor-version":[{"id":3845,"href":"https:\/\/blogs.univ-jfc.fr\/projetcroixrouge\/wp-json\/wp\/v2\/pages\/2569\/revisions\/3845"}],"up":[{"embeddable":true,"href":"https:\/\/blogs.univ-jfc.fr\/projetcroixrouge\/wp-json\/wp\/v2\/pages\/566"}],"wp:attachment":[{"href":"https:\/\/blogs.univ-jfc.fr\/projetcroixrouge\/wp-json\/wp\/v2\/media?parent=2569"}],"curies":[{"name":"wp","href":"https:\/\/api.w.org\/{rel}","templated":true}]}}