{"id":2609,"date":"2015-03-19T10:06:28","date_gmt":"2015-03-19T09:06:28","guid":{"rendered":"http:\/\/blogs.univ-jfc.fr\/projetcroixrouge\/?page_id=2609"},"modified":"2015-03-21T15:53:38","modified_gmt":"2015-03-21T14:53:38","slug":"tableau-recapitulatif-des-creation-des-ecoles-de-la-croix-rouge-en-france-et-dans-ses-colonies-de-1881-a-1962","status":"publish","type":"page","link":"https:\/\/blogs.univ-jfc.fr\/projetcroixrouge\/formations-et-professions\/la-croix-rouge-et-ses-ecoles\/tableau-recapitulatif-des-creation-des-ecoles-de-la-croix-rouge-en-france-et-dans-ses-colonies-de-1881-a-1962\/","title":{"rendered":"Tableau des cr\u00e9ations des \u00e9coles de la Croix-Rouge en France et dans ses colonies de 1881 \u00e0 1962"},"content":{"rendered":"<div align=\"RIGHT\">\n<table width=\"641\" cellspacing=\"0\" cellpadding=\"4\">\n<col width=\"311\" \/>\n<col width=\"312\" \/>\n<tbody>\n<tr>\n<td width=\"311\">\n<p align=\"CENTER\"><span style=\"color: #000000\"><span style=\"font-family: Liberation Serif,serif\"><span style=\"font-size: medium\">Date<\/span><\/span><\/span><\/p>\n<\/td>\n<td width=\"312\">\n<p align=\"CENTER\"><span style=\"color: #000000\"><span style=\"font-family: Liberation Serif,serif\"><span style=\"font-size: medium\">Lieux<\/span><\/span><\/span><\/p>\n<\/td>\n<\/tr>\n<tr>\n<td width=\"311\">\n<p align=\"CENTER\"><span style=\"color: #000000\"><span style=\"font-family: Liberation Serif,serif\"><span style=\"font-size: medium\">1881<\/span><\/span><\/span><\/p>\n<\/td>\n<td width=\"312\">\n<p align=\"CENTER\"><span style=\"color: #000000\"><span style=\"font-family: Liberation Serif,serif\"><span style=\"font-size: medium\">Paris \u2013 Peupliers<\/span><\/span><\/span><\/p>\n<\/td>\n<\/tr>\n<tr>\n<td rowspan=\"2\" width=\"311\">\n<p align=\"CENTER\"><span style=\"color: #000000\"><span style=\"font-family: Liberation Serif,serif\"><span style=\"font-size: medium\">1882<\/span><\/span><\/span><\/p>\n<\/td>\n<td width=\"312\">\n<p align=\"CENTER\"><span style=\"color: #000000\"><span style=\"font-family: Liberation Serif,serif\"><span style=\"font-size: medium\">Chamb\u00e9ry<\/span><\/span><\/span><\/p>\n<\/td>\n<\/tr>\n<tr>\n<td width=\"312\">\n<p align=\"CENTER\"><span style=\"color: #000000\"><span style=\"font-family: Liberation Serif,serif\"><span style=\"font-size: medium\">Vesoul &#8211; \u00c9cole d&rsquo;Infirmi\u00e8res de la Croix-Rouge de Vesoul, <\/span><\/span><\/span><\/p>\n<\/td>\n<\/tr>\n<tr>\n<td width=\"311\">\n<p align=\"CENTER\"><span style=\"color: #000000\"><span style=\"font-family: Liberation Serif,serif\"><span style=\"font-size: medium\">1894<\/span><\/span><\/span><\/p>\n<\/td>\n<td width=\"312\">\n<p align=\"CENTER\"><span style=\"color: #000000\"><span style=\"font-family: Liberation Serif,serif\"><span style=\"font-size: medium\">Oran<\/span><\/span><\/span><\/p>\n<\/td>\n<\/tr>\n<tr>\n<td width=\"311\">\n<p align=\"CENTER\"><span style=\"color: #000000\"><span style=\"font-family: Liberation Serif,serif\"><span style=\"font-size: medium\">1885<\/span><\/span><\/span><\/p>\n<\/td>\n<td width=\"312\">\n<p align=\"CENTER\"><span style=\"color: #000000\"><span style=\"font-family: Liberation Serif,serif\"><span style=\"font-size: medium\">Paris- Suzanne-P\u00e9rouse<\/span><\/span><\/span><\/p>\n<\/td>\n<\/tr>\n<tr>\n<td rowspan=\"2\" width=\"311\">\n<p align=\"CENTER\"><span style=\"color: #000000\"><span style=\"font-family: Liberation Serif,serif\"><span style=\"font-size: medium\">1900<\/span><\/span><\/span><\/p>\n<\/td>\n<td width=\"312\">\n<p align=\"CENTER\"><span style=\"color: #000000\"><span style=\"font-family: Liberation Serif,serif\"><span style=\"font-size: medium\">Bordeaux \u2013 \u00c9cole des gardes-malades \u00e0 l\u2019h\u00f4pital saint Andr\u00e9 <\/span><\/span><\/span><\/p>\n<\/td>\n<\/tr>\n<tr>\n<td width=\"312\">\n<p align=\"CENTER\"><span style=\"color: #000000\"><span style=\"font-family: Liberation Serif,serif\"><span style=\"font-size: medium\">Marseille &#8211; Dispensaire &#8211; \u00c9cole &#8211; Clinique de la Soci\u00e9t\u00e9 de Secours aux Bless\u00e9s militaires <\/span><\/span><\/span><\/p>\n<\/td>\n<\/tr>\n<tr>\n<td width=\"311\">\n<p align=\"CENTER\"><span style=\"color: #000000\"><span style=\"font-family: Liberation Serif,serif\"><span style=\"font-size: medium\">1902<\/span><\/span><\/span><\/p>\n<\/td>\n<td width=\"312\">\n<p align=\"CENTER\"><span style=\"color: #000000\"><span style=\"font-family: Liberation Serif,serif\"><span style=\"font-size: medium\">Lyon<\/span><\/span><\/span><\/p>\n<\/td>\n<\/tr>\n<tr>\n<td width=\"311\">\n<p align=\"CENTER\"><span style=\"color: #000000\"><span style=\"font-family: Liberation Serif,serif\"><span style=\"font-size: medium\">1904<\/span><\/span><\/span><\/p>\n<\/td>\n<td width=\"312\">\n<p align=\"CENTER\"><span style=\"color: #000000\"><span style=\"font-family: Liberation Serif,serif\"><span style=\"font-size: medium\">Toulon<\/span><\/span><\/span><\/p>\n<\/td>\n<\/tr>\n<tr>\n<td rowspan=\"2\" width=\"311\">\n<p align=\"CENTER\"><span style=\"color: #000000\"><span style=\"font-family: Liberation Serif,serif\"><span style=\"font-size: medium\">1905<\/span><\/span><\/span><\/p>\n<\/td>\n<td width=\"312\">\n<p align=\"CENTER\"><span style=\"color: #000000\"><span style=\"font-family: Liberation Serif,serif\"><span style=\"font-size: medium\">Orl\u00e9ans &#8211; \u00c9cole d&rsquo;Infirmi\u00e8res SSBM <\/span><\/span><\/span><\/p>\n<\/td>\n<\/tr>\n<tr>\n<td width=\"312\">\n<p align=\"CENTER\"><span style=\"font-family: Liberation Serif,serif\"><span style=\"font-size: medium\"><span style=\"color: #000000\">Tours &#8211; \u00c9cole<\/span> d&rsquo;Infirmi\u00e8res et d&rsquo;Assistantes sociales de la Croix-Rouge<\/span><\/span><\/p>\n<\/td>\n<\/tr>\n<tr>\n<td rowspan=\"6\" width=\"311\">\n<p align=\"CENTER\"><span style=\"color: #000000\"><span style=\"font-family: Liberation Serif,serif\"><span style=\"font-size: medium\">1906<\/span><\/span><\/span><\/p>\n<p align=\"CENTER\">\n<\/td>\n<td width=\"312\">\n<p align=\"CENTER\"><span style=\"font-family: Liberation Serif,serif\"><span style=\"font-size: medium\"><span style=\"color: #000000\">Alen\u00e7on &#8211; \u00c9cole<\/span> d&rsquo;Infirmi\u00e8res et d&rsquo;assistantes sociales de la Croix-Rouge <\/span><\/span><\/p>\n<\/td>\n<\/tr>\n<tr>\n<td width=\"312\">\n<p align=\"CENTER\"><span style=\"font-family: Liberation Serif,serif\"><span style=\"font-size: medium\"><span style=\"color: #000000\">Bourges &#8211; \u00c9cole<\/span> d&rsquo;Infirmi\u00e8res hospitali\u00e8res de la Croix-Rouge fran\u00e7aise <\/span><\/span><\/p>\n<\/td>\n<\/tr>\n<tr>\n<td width=\"312\">\n<p align=\"CENTER\"><span style=\"font-family: Liberation Serif,serif\"><span style=\"font-size: medium\"><span style=\"color: #000000\">La Rochelle &#8211; \u00c9cole<\/span> d&rsquo;infirmi\u00e8res de la Croix-Rouge de la Rochelle<\/span><\/span><\/p>\n<\/td>\n<\/tr>\n<tr>\n<td width=\"312\">\n<p align=\"CENTER\"><span style=\"color: #000000\"><span style=\"font-family: Liberation Serif,serif\"><span style=\"font-size: medium\">Limoges<\/span><\/span><\/span><\/p>\n<\/td>\n<\/tr>\n<tr>\n<td width=\"312\">\n<p align=\"CENTER\"><span style=\"color: #000000\"><span style=\"font-family: Liberation Serif,serif\"><span style=\"font-size: medium\">Roubaix &#8211; \u00c9cole d&rsquo;Infirmi\u00e8res de la Croix Rouge fran\u00e7aise <\/span><\/span><\/span><\/p>\n<\/td>\n<\/tr>\n<tr>\n<td width=\"312\">\n<p align=\"CENTER\"><span style=\"color: #000000\"><span style=\"font-family: Liberation Serif,serif\"><span style=\"font-size: medium\">Troyes &#8211; \u00c9cole d&rsquo;Infirmi\u00e8res de la Croix Rouge fran\u00e7aise de Troyes <\/span><\/span><\/span><\/p>\n<\/td>\n<\/tr>\n<tr>\n<td rowspan=\"2\" width=\"311\">\n<p align=\"CENTER\"><span style=\"color: #000000\"><span style=\"font-family: Liberation Serif,serif\"><span style=\"font-size: medium\">1908<\/span><\/span><\/span><\/p>\n<\/td>\n<td width=\"312\">\n<p align=\"CENTER\"><span style=\"color: #000000\"><span style=\"font-family: Liberation Serif,serif\"><span style=\"font-size: medium\">Brest &#8211; \u00c9cole d&rsquo;Infirmi\u00e8res de la Croix Rouge <\/span><\/span><\/span><\/p>\n<\/td>\n<\/tr>\n<tr>\n<td width=\"312\">\n<p align=\"CENTER\"><span style=\"color: #000000\"><span style=\"font-family: Liberation Serif,serif\"><span style=\"font-size: medium\">Chalons-sur-Marne \u00c9cole d&rsquo;Infirmi\u00e8res de la Croix-Rouge <\/span><\/span><\/span><\/p>\n<\/td>\n<\/tr>\n<tr>\n<td rowspan=\"2\" width=\"311\">\n<p align=\"CENTER\"><span style=\"color: #000000\"><span style=\"font-family: Liberation Serif,serif\"><span style=\"font-size: medium\">1910<\/span><\/span><\/span><\/p>\n<\/td>\n<td width=\"312\">\n<p align=\"CENTER\"><span style=\"font-family: Liberation Serif,serif\"><span style=\"font-size: medium\"><span style=\"color: #000000\">Moulins &#8211; \u00c9coles<\/span> d&rsquo;infirmi\u00e8res et d&rsquo;assistantes sociales de Moulins <\/span><\/span><\/p>\n<\/td>\n<\/tr>\n<tr>\n<td width=\"312\">\n<p align=\"CENTER\"><span style=\"font-family: Liberation Serif,serif\"><span style=\"font-size: medium\"><span style=\"color: #000000\">Saint-\u00c9tienne &#8211; \u00c9cole<\/span> professionnelle d&rsquo;infirmi\u00e8res de la Richelandi\u00e8re <\/span><\/span><\/p>\n<\/td>\n<\/tr>\n<tr>\n<td width=\"311\">\n<p align=\"CENTER\"><span style=\"color: #000000\"><span style=\"font-family: Liberation Serif,serif\"><span style=\"font-size: medium\">1911<\/span><\/span><\/span><\/p>\n<\/td>\n<td width=\"312\">\n<p align=\"CENTER\"><span style=\"font-family: Liberation Serif,serif\"><span style=\"font-size: medium\"><span style=\"color: #000000\">Laval &#8211; \u00c9cole<\/span> de la Croix-Rouge Fran\u00e7aise <\/span><\/span><\/p>\n<\/td>\n<\/tr>\n<tr>\n<td width=\"311\">\n<p align=\"CENTER\"><span style=\"color: #000000\"><span style=\"font-family: Liberation Serif,serif\"><span style=\"font-size: medium\">1912<\/span><\/span><\/span><\/p>\n<\/td>\n<td width=\"312\">\n<p align=\"CENTER\"><span style=\"color: #000000\"><span style=\"font-family: Liberation Serif,serif\"><span style=\"font-size: medium\">Toulouse &#8211; \u00c9cole d&rsquo;Infirmi\u00e8res du Comit\u00e9 de Toulouse de la Soci\u00e9t\u00e9 de Secours aux Bless\u00e9s militaires <\/span><\/span><\/span><\/p>\n<\/td>\n<\/tr>\n<tr>\n<td rowspan=\"2\" width=\"311\">\n<p align=\"CENTER\"><span style=\"color: #000000\"><span style=\"font-family: Liberation Serif,serif\"><span style=\"font-size: medium\">1913<\/span><\/span><\/span><\/p>\n<\/td>\n<td width=\"312\">\n<p align=\"CENTER\"><span style=\"color: #000000\"><span style=\"font-family: Liberation Serif,serif\"><span style=\"font-size: medium\">Angoul\u00eame &#8211; \u00c9cole d&rsquo;infirmi\u00e8res de la Croix Rouge d&rsquo;Angoul\u00eame, <\/span><\/span><\/span><\/p>\n<\/td>\n<\/tr>\n<tr>\n<td width=\"312\">\n<p align=\"CENTER\"><span style=\"color: #000000\"><span style=\"font-family: Liberation Serif,serif\"><span style=\"font-size: medium\">Douai &#8211; \u00c9cole d&rsquo;Infirmi\u00e8res de la Croix-Rouge fran\u00e7aise <\/span><\/span><\/span><\/p>\n<\/td>\n<\/tr>\n<tr>\n<td width=\"311\">\n<p align=\"CENTER\"><span style=\"color: #000000\"><span style=\"font-family: Liberation Serif,serif\"><span style=\"font-size: medium\">Vers 1914<\/span><\/span><\/span><\/p>\n<\/td>\n<td width=\"312\">\n<p align=\"CENTER\"><span style=\"color: #000000\"><span style=\"font-family: Liberation Serif,serif\"><span style=\"font-size: medium\">Valence &#8211; \u00c9cole d&rsquo;Infirmi\u00e8res de Valence <\/span><\/span><\/span><\/p>\n<\/td>\n<\/tr>\n<tr>\n<td width=\"311\">\n<p align=\"CENTER\"><span style=\"color: #000000\"><span style=\"font-family: Liberation Serif,serif\"><span style=\"font-size: medium\">1919<\/span><\/span><\/span><\/p>\n<\/td>\n<td width=\"312\">\n<p align=\"CENTER\"><span style=\"color: #000000\"><span style=\"font-family: Liberation Serif,serif\"><span style=\"font-size: medium\">Metz &#8211; \u00c9cole d&rsquo;Infirmi\u00e8res de la Croix-Rouge <\/span><\/span><\/span><\/p>\n<\/td>\n<\/tr>\n<tr>\n<td rowspan=\"2\" width=\"311\">\n<p align=\"CENTER\"><span style=\"color: #000000\"><span style=\"font-family: Liberation Serif,serif\"><span style=\"font-size: medium\">1922<\/span><\/span><\/span><\/p>\n<\/td>\n<td width=\"312\">\n<p align=\"CENTER\"><span style=\"color: #000000\"><span style=\"font-family: Liberation Serif,serif\"><span style=\"font-size: medium\">Nevers &#8211; \u00c9cole d&rsquo;Infirmi\u00e8res hospitali\u00e8res de la Croix-Rouge fran\u00e7aise \u00ab\u00a0Ren\u00e9 Le Droumagnet\u00a0\u00bb\u00a0<\/span><\/span><\/span><\/p>\n<\/td>\n<\/tr>\n<tr>\n<td width=\"312\">\n<p align=\"CENTER\"><span style=\"color: #000000\"><span style=\"font-family: Liberation Serif,serif\"><span style=\"font-size: medium\">Rouen &#8211; \u00c9cole d&rsquo;Infirmi\u00e8res et d&rsquo;Assistantes sociales du Centre hospitalier r\u00e9gional <\/span><\/span><\/span><\/p>\n<\/td>\n<\/tr>\n<tr>\n<td rowspan=\"2\" width=\"311\">\n<p align=\"CENTER\"><span style=\"color: #000000\"><span style=\"font-family: Liberation Serif,serif\"><span style=\"font-size: medium\">1923<\/span><\/span><\/span><\/p>\n<\/td>\n<td width=\"312\">\n<p align=\"CENTER\"><span style=\"color: #000000\"><span style=\"font-family: Liberation Serif,serif\"><span style=\"font-size: medium\">Alger<\/span><\/span><\/span><\/p>\n<\/td>\n<\/tr>\n<tr>\n<td width=\"312\">\n<p align=\"CENTER\"><span style=\"font-family: Liberation Serif,serif\"><span style=\"font-size: medium\"><span style=\"color: #000000\">Nice &#8211; \u00c9cole<\/span> d&rsquo;Infirmi\u00e8res hospitali\u00e8res de la Croix-Rouge <\/span><\/span><\/p>\n<\/td>\n<\/tr>\n<tr>\n<td rowspan=\"2\" width=\"311\">\n<p align=\"CENTER\"><span style=\"color: #000000\"><span style=\"font-family: Liberation Serif,serif\"><span style=\"font-size: medium\">1924<\/span><\/span><\/span><\/p>\n<\/td>\n<td width=\"312\">\n<p align=\"CENTER\"><span style=\"color: #000000\"><span style=\"font-family: Liberation Serif,serif\"><span style=\"font-size: medium\">Arras &#8211; \u00c9cole d&rsquo;Infirmi\u00e8res de la Croix-Rouge fran\u00e7aise, <\/span><\/span><\/span><\/p>\n<\/td>\n<\/tr>\n<tr>\n<td width=\"312\">\n<p align=\"CENTER\"><span style=\"color: #000000\"><span style=\"font-family: Liberation Serif,serif\"><span style=\"font-size: medium\">Tourcoing &#8211; \u00c9cole d&rsquo;Infirmi\u00e8res de la Croix Rouge fran\u00e7aise <\/span><\/span><\/span><\/p>\n<\/td>\n<\/tr>\n<tr>\n<td width=\"311\">\n<p align=\"CENTER\"><span style=\"color: #000000\"><span style=\"font-family: Liberation Serif,serif\"><span style=\"font-size: medium\">1927<\/span><\/span><\/span><\/p>\n<\/td>\n<td width=\"312\">\n<p align=\"CENTER\"><span style=\"color: #000000\"><span style=\"font-family: Liberation Serif,serif\"><span style=\"font-size: medium\">Lens &#8211; IFSI Croix-Rouge Fran\u00e7aise de Lens<\/span><\/span><\/span><\/p>\n<\/td>\n<\/tr>\n<tr>\n<td width=\"311\">\n<p align=\"CENTER\"><span style=\"color: #000000\"><span style=\"font-family: Liberation Serif,serif\"><span style=\"font-size: medium\">1928<\/span><\/span><\/span><\/p>\n<\/td>\n<td width=\"312\">\n<p align=\"CENTER\"><span style=\"color: #000000\"><span style=\"font-family: Liberation Serif,serif\"><span style=\"font-size: medium\">Angers &#8211; \u00c9cole d&rsquo;Infirmi\u00e8res professionnelles de la Croix-Rouge <\/span><\/span><\/span><\/p>\n<\/td>\n<\/tr>\n<tr>\n<td width=\"311\">\n<p align=\"CENTER\"><span style=\"color: #000000\"><span style=\"font-family: Liberation Serif,serif\"><span style=\"font-size: medium\">1930<\/span><\/span><\/span><\/p>\n<\/td>\n<td width=\"312\">\n<p align=\"CENTER\"><span style=\"color: #000000\"><span style=\"font-family: Liberation Serif,serif\"><span style=\"font-size: medium\">Casablanca<\/span><\/span><\/span><\/p>\n<\/td>\n<\/tr>\n<tr>\n<td width=\"311\">\n<p align=\"CENTER\"><span style=\"color: #000000\"><span style=\"font-family: Liberation Serif,serif\"><span style=\"font-size: medium\">1932<\/span><\/span><\/span><\/p>\n<\/td>\n<td width=\"312\">\n<p align=\"CENTER\"><span style=\"color: #000000\"><span style=\"font-family: Liberation Serif,serif\"><span style=\"font-size: medium\">Le Havre &#8211; \u00c9cole d&rsquo;Infirmi\u00e8res du Centre hospitalier et de la Croix-Rouge fran\u00e7aise <\/span><\/span><\/span><\/p>\n<\/td>\n<\/tr>\n<tr>\n<td width=\"311\">\n<p align=\"CENTER\"><span style=\"font-family: Liberation Serif,serif\"><span style=\"font-size: medium\">1932<\/span><\/span><\/p>\n<\/td>\n<td width=\"312\">\n<p align=\"CENTER\"><span style=\"color: #000000\"><span style=\"font-family: Liberation Serif,serif\"><span style=\"font-size: medium\">Lons-le-Saunier <\/span><\/span><\/span><span style=\"color: #000000\"><span style=\"font-family: Liberation Serif,serif\"><span style=\"font-size: medium\">&#8211; \u00c9cole<\/span><\/span><\/span><span style=\"color: #000000\"><span style=\"font-family: Liberation Serif,serif\"><span style=\"font-size: medium\"> d&rsquo;Infirmi\u00e8res de la Croix-Rouge <\/span><\/span><\/span><\/p>\n<\/td>\n<\/tr>\n<tr>\n<td width=\"311\">\n<p align=\"CENTER\"><span style=\"color: #000000\"><span style=\"font-family: Liberation Serif,serif\"><span style=\"font-size: medium\">1933<\/span><\/span><\/span><\/p>\n<\/td>\n<td width=\"312\">\n<p align=\"CENTER\"><span style=\"color: #000000\"><span style=\"font-family: Liberation Serif,serif\"><span style=\"font-size: medium\">Paris &#8211; Croix Saint-Simon<\/span><\/span><\/span><\/p>\n<\/td>\n<\/tr>\n<tr>\n<td width=\"311\">\n<p align=\"CENTER\"><span style=\"color: #000000\"><span style=\"font-family: Liberation Serif,serif\"><span style=\"font-size: medium\">1934<\/span><\/span><\/span><\/p>\n<\/td>\n<td width=\"312\">\n<p align=\"CENTER\"><span style=\"color: #000000\"><span style=\"font-family: Liberation Serif,serif\"><span style=\"font-size: medium\">Laigle &#8211; \u00c9cole d&rsquo;Infirmi\u00e8res du Comit\u00e9 de l&rsquo;Association des Dames fran\u00e7aises \u00e0 l&rsquo;H\u00f4pital civil<\/span><\/span><\/span><\/p>\n<\/td>\n<\/tr>\n<tr>\n<td width=\"311\">\n<p align=\"CENTER\"><span style=\"color: #000000\"><span style=\"font-family: Liberation Serif,serif\"><span style=\"font-size: medium\">1937<\/span><\/span><\/span><\/p>\n<\/td>\n<td width=\"312\">\n<p align=\"CENTER\"><span style=\"color: #000000\"><span style=\"font-family: Liberation Serif,serif\"><span style=\"font-size: medium\">Colmar &#8211; Centre Hospitalier Louis Pasteur <\/span><\/span><\/span><\/p>\n<\/td>\n<\/tr>\n<tr>\n<td width=\"311\">\n<p align=\"CENTER\"><span style=\"color: #000000\"><span style=\"font-family: Liberation Serif,serif\"><span style=\"font-size: medium\">1938<\/span><\/span><\/span><\/p>\n<\/td>\n<td width=\"312\">\n<p align=\"CENTER\"><span style=\"color: #000000\"><span style=\"font-family: Liberation Serif,serif\"><span style=\"font-size: medium\">B\u00e9thune &#8211; \u00c9cole d&rsquo;Infirmi\u00e8res de la Croix-Rouge fran\u00e7aise <\/span><\/span><\/span><\/p>\n<\/td>\n<\/tr>\n<tr>\n<td width=\"311\">\n<p align=\"CENTER\"><span style=\"color: #000000\"><span style=\"font-family: Liberation Serif,serif\"><span style=\"font-size: medium\">1960<\/span><\/span><\/span><\/p>\n<\/td>\n<td width=\"312\">\n<p align=\"CENTER\"><span style=\"font-family: Liberation Serif,serif\"><span style=\"font-size: medium\"><span style=\"color: #000000\">Nantes &#8211; \u00c9cole<\/span> d&rsquo;Infirmi\u00e8res et d&rsquo;Assistantes sociales de l&rsquo;H\u00f4tel Dieu<\/span><\/span><\/p>\n<\/td>\n<\/tr>\n<tr>\n<td width=\"311\">\n<p align=\"CENTER\"><span style=\"color: #000000\"><span style=\"font-family: Liberation Serif,serif\"><span style=\"font-size: medium\">1962<\/span><\/span><\/span><\/p>\n<\/td>\n<td width=\"312\">\n<p align=\"CENTER\"><span style=\"color: #000000\"><span style=\"font-family: Liberation Serif,serif\"><span style=\"font-size: medium\">Tarbes &#8211; \u00c9cole d&rsquo;Infirmi\u00e8res Croix-Rouge fran\u00e7aises &#8211; Centre hospitalier <\/span><\/span><\/span><\/p>\n<\/td>\n<\/tr>\n<\/tbody>\n<\/table>\n<\/div>\n<p align=\"JUSTIFY\">\n","protected":false},"excerpt":{"rendered":"<p>Date Lieux 1881 Paris \u2013 Peupliers 1882 Chamb\u00e9ry Vesoul &#8211; \u00c9cole d&rsquo;Infirmi\u00e8res de la Croix-Rouge de Vesoul, 1894 Oran 1885 Paris- Suzanne-P\u00e9rouse 1900 Bordeaux \u2013 \u00c9cole des gardes-malades \u00e0 l\u2019h\u00f4pital saint Andr\u00e9 Marseille &#8211; Dispensaire &#8211; \u00c9cole &#8211; Clinique de la Soci\u00e9t\u00e9 de Secours aux Bless\u00e9s militaires 1902 Lyon 1904 Toulon 1905 Orl\u00e9ans &#8211; \u00c9cole &hellip; <a href=\"https:\/\/blogs.univ-jfc.fr\/projetcroixrouge\/formations-et-professions\/la-croix-rouge-et-ses-ecoles\/tableau-recapitulatif-des-creation-des-ecoles-de-la-croix-rouge-en-france-et-dans-ses-colonies-de-1881-a-1962\/\" class=\"more-link\">Continuer la lecture de <span class=\"screen-reader-text\">Tableau des cr\u00e9ations des \u00e9coles de la Croix-Rouge en France et dans ses colonies de 1881 \u00e0 1962<\/span> <span class=\"meta-nav\">&rarr;<\/span><\/a><\/p>\n","protected":false},"author":152,"featured_media":0,"parent":52,"menu_order":4,"comment_status":"closed","ping_status":"open","template":"","meta":[],"_links":{"self":[{"href":"https:\/\/blogs.univ-jfc.fr\/projetcroixrouge\/wp-json\/wp\/v2\/pages\/2609"}],"collection":[{"href":"https:\/\/blogs.univ-jfc.fr\/projetcroixrouge\/wp-json\/wp\/v2\/pages"}],"about":[{"href":"https:\/\/blogs.univ-jfc.fr\/projetcroixrouge\/wp-json\/wp\/v2\/types\/page"}],"author":[{"embeddable":true,"href":"https:\/\/blogs.univ-jfc.fr\/projetcroixrouge\/wp-json\/wp\/v2\/users\/152"}],"replies":[{"embeddable":true,"href":"https:\/\/blogs.univ-jfc.fr\/projetcroixrouge\/wp-json\/wp\/v2\/comments?post=2609"}],"version-history":[{"count":3,"href":"https:\/\/blogs.univ-jfc.fr\/projetcroixrouge\/wp-json\/wp\/v2\/pages\/2609\/revisions"}],"predecessor-version":[{"id":2790,"href":"https:\/\/blogs.univ-jfc.fr\/projetcroixrouge\/wp-json\/wp\/v2\/pages\/2609\/revisions\/2790"}],"up":[{"embeddable":true,"href":"https:\/\/blogs.univ-jfc.fr\/projetcroixrouge\/wp-json\/wp\/v2\/pages\/52"}],"wp:attachment":[{"href":"https:\/\/blogs.univ-jfc.fr\/projetcroixrouge\/wp-json\/wp\/v2\/media?parent=2609"}],"curies":[{"name":"wp","href":"https:\/\/api.w.org\/{rel}","templated":true}]}}