{"id":2884,"date":"2015-03-23T12:24:21","date_gmt":"2015-03-23T11:24:21","guid":{"rendered":"http:\/\/blogs.univ-jfc.fr\/projetcroixrouge\/?page_id=2884"},"modified":"2015-03-23T12:24:26","modified_gmt":"2015-03-23T11:24:26","slug":"lexemple-de-marie-leonie-genin-dans-la-formation-et-lenseignement-des-femmes","status":"publish","type":"page","link":"https:\/\/blogs.univ-jfc.fr\/projetcroixrouge\/la-croix-rouge-tarnaise-des-hommes-et-des-femmes\/les-femmes-de-la-croix-rouge\/egalite-et-parite-homme-femme-la-croix-rouge-reflet-de-la-societe\/lexemple-de-marie-leonie-genin-dans-la-formation-et-lenseignement-des-femmes\/","title":{"rendered":"L&rsquo;exemple de Marie-L\u00e9onie G\u00e9nin dans la formation et l&rsquo;enseignement des femmes"},"content":{"rendered":"<p align=\"JUSTIFY\"><span style=\"font-family: Arial, sans-serif\"><span style=\"font-size: medium\">Marie L\u00e9onie G\u00e9nin, n\u00e9e en 1859, est la fondatrice de l&rsquo;instruction donn\u00e9e aux infirmi\u00e8res de la SSBM. Elle resta pendant quarante-cinq ans \u00e0 la t\u00eate de l\u2019h\u00f4pital-\u00e9cole des Peupliers. En 1889 dans le quartier du XIV<sup>\u00e8<\/sup> si\u00e8cle arrondissement de Plaisance, elle cr\u00e9e un dispensaire avec des moyens d\u00e9risoires. C&rsquo;est \u00e0 cette p\u00e9riode que Marie L\u00e9onie G\u00e9nin re\u00e7oit la visite de la g\u00e9n\u00e9rale Voisin, vice &#8211; pr\u00e9sidente du Comit\u00e9 de dames \u00e0 la SSBM. La g\u00e9n\u00e9rale Voisin, vice-pr\u00e9sidente du Comit\u00e9 des dames \u00e0 la SSBM et pr\u00e9sidente de la Commission g\u00e9n\u00e9rale des ambulances de la soci\u00e9t\u00e9, impressionn\u00e9e par le d\u00e9vouement de Marie L\u00e9onie G\u00e9nin, propose \u00e0 celle-ci de recevoir des dames qui souhaitent apprendre \u00e0 soigner les malades. D\u00e8s l&rsquo;ann\u00e9e 1899, le dispensaire s\u2019agrandit et emm\u00e9nag\u00e9 en dispensaire-\u00e9cole d&rsquo;infirmi\u00e8re. Au bout de quelques ann\u00e9es, le dispensaire d\u00e9m\u00e9nage et est transform\u00e9 en h\u00f4pital-\u00e9cole. Install\u00e9 dans de nouveaux locaux, l&rsquo;\u00e9cole est inaugur\u00e9e le 14 novembre 1908 et Marie L\u00e9onie en prend la direction. Pendant la Premi\u00e8re Guerre mondiale, l\u2019h\u00f4pital re\u00e7oit 2510 bless\u00e9s. L&rsquo;\u00e9cole re\u00e7oit l&rsquo;agr\u00e9ment du minist\u00e8re de la sant\u00e9 publique pour la pr\u00e9paration du dipl\u00f4me d\u2019\u00c9tat social en 1932. La vie de Marie L\u00e9onie G\u00e9nin est marqu\u00e9e par son d\u00e9vouement \u00e0 l\u2019h\u00f4pital des Peupliers jusqu\u2019\u00e0 sa mort en 1947. Au cours de sa vie, elle re\u00e7oit plusieurs distinctions comme la croix de chevalier et d&rsquo;officier de la L\u00e9gion d&rsquo;honneur, des palmes acad\u00e9miques, m\u00e9dailles de la Croix-Rouge, m\u00e9daille de la Croix-Rouge espagnole, m\u00e9daille pontificale Beni Meronti, et les grandes m\u00e9dailles d&rsquo;honneur de la SSBM. Elle est une des plus grandes dames de l&rsquo;enseignement infirmier de la Croix- Rouge fran\u00e7aise. <\/span><\/span><\/p>\n<p lang=\"zxx\" align=\"JUSTIFY\"><span style=\"color: #000000\"><span style=\"font-family: 'Times New Roman', serif\"><span style=\"font-size: medium\"><span style=\"font-family: Arial, sans-serif\">Avec la cr\u00e9ation de ces enseignements, la Soci\u00e9t\u00e9 de Secours aux Bless\u00e9s Militaires garanti une certaine mixit\u00e9 au sein de la Croix &#8211; Rouge fran\u00e7aise. Soixante- dix dispensaires- \u00e9coles sont fond\u00e9s entre 1889 et 1911. La Croix- Rouge fran\u00e7aise \u00e0 partir de ann\u00e9es 1880 se f\u00e9minise donc de plus en plus et les femmes deviennent largement majoritaires dans les trois branches de la Croix-Rouge et leur pr\u00e9sence est alors indispensable surtout lors des conflits.\u00a0<\/span><\/span><\/span><\/span><\/p>\n<p align=\"JUSTIFY\"><span style=\"font-size: medium\">\u00a0<\/span><\/p>\n","protected":false},"excerpt":{"rendered":"<p>Marie L\u00e9onie G\u00e9nin, n\u00e9e en 1859, est la fondatrice de l&rsquo;instruction donn\u00e9e aux infirmi\u00e8res de la SSBM. Elle resta pendant quarante-cinq ans \u00e0 la t\u00eate de l\u2019h\u00f4pital-\u00e9cole des Peupliers. En 1889 dans le quartier du XIV\u00e8 si\u00e8cle arrondissement de Plaisance, elle cr\u00e9e un dispensaire avec des moyens d\u00e9risoires. C&rsquo;est \u00e0 cette p\u00e9riode que Marie L\u00e9onie &hellip; <a href=\"https:\/\/blogs.univ-jfc.fr\/projetcroixrouge\/la-croix-rouge-tarnaise-des-hommes-et-des-femmes\/les-femmes-de-la-croix-rouge\/egalite-et-parite-homme-femme-la-croix-rouge-reflet-de-la-societe\/lexemple-de-marie-leonie-genin-dans-la-formation-et-lenseignement-des-femmes\/\" class=\"more-link\">Continuer la lecture de <span class=\"screen-reader-text\">L&rsquo;exemple de Marie-L\u00e9onie G\u00e9nin dans la formation et l&rsquo;enseignement des femmes<\/span> <span class=\"meta-nav\">&rarr;<\/span><\/a><\/p>\n","protected":false},"author":129,"featured_media":0,"parent":2569,"menu_order":4,"comment_status":"closed","ping_status":"open","template":"","meta":[],"_links":{"self":[{"href":"https:\/\/blogs.univ-jfc.fr\/projetcroixrouge\/wp-json\/wp\/v2\/pages\/2884"}],"collection":[{"href":"https:\/\/blogs.univ-jfc.fr\/projetcroixrouge\/wp-json\/wp\/v2\/pages"}],"about":[{"href":"https:\/\/blogs.univ-jfc.fr\/projetcroixrouge\/wp-json\/wp\/v2\/types\/page"}],"author":[{"embeddable":true,"href":"https:\/\/blogs.univ-jfc.fr\/projetcroixrouge\/wp-json\/wp\/v2\/users\/129"}],"replies":[{"embeddable":true,"href":"https:\/\/blogs.univ-jfc.fr\/projetcroixrouge\/wp-json\/wp\/v2\/comments?post=2884"}],"version-history":[{"count":2,"href":"https:\/\/blogs.univ-jfc.fr\/projetcroixrouge\/wp-json\/wp\/v2\/pages\/2884\/revisions"}],"predecessor-version":[{"id":2886,"href":"https:\/\/blogs.univ-jfc.fr\/projetcroixrouge\/wp-json\/wp\/v2\/pages\/2884\/revisions\/2886"}],"up":[{"embeddable":true,"href":"https:\/\/blogs.univ-jfc.fr\/projetcroixrouge\/wp-json\/wp\/v2\/pages\/2569"}],"wp:attachment":[{"href":"https:\/\/blogs.univ-jfc.fr\/projetcroixrouge\/wp-json\/wp\/v2\/media?parent=2884"}],"curies":[{"name":"wp","href":"https:\/\/api.w.org\/{rel}","templated":true}]}}