{"id":314,"date":"2015-02-03T16:01:41","date_gmt":"2015-02-03T15:01:41","guid":{"rendered":"http:\/\/blogs.univ-jfc.fr\/projetcroixrouge\/?page_id=314"},"modified":"2015-04-12T09:29:03","modified_gmt":"2015-04-12T08:29:03","slug":"laction-sanitaire-de-la-croix-rouge-pour-aider-les-victimes-de-grandes-maladies","status":"publish","type":"page","link":"https:\/\/blogs.univ-jfc.fr\/projetcroixrouge\/pauvrete-action-sanitaire-et-sociale\/la-croix-rouge-et-les-fleaux-sociaux-dans-lentre-deux-guerres\/laction-sanitaire-de-la-croix-rouge-pour-aider-les-victimes-de-grandes-maladies\/","title":{"rendered":"L&rsquo;action sanitaire de la Croix-Rouge pour aider les victimes de grandes maladies"},"content":{"rendered":"<p align=\"JUSTIFY\"><strong><span style=\"color: #000000\"><span style=\"font-family: Arial,sans-serif\"><span style=\"font-size: medium\">La lutte contre la tuberculose<\/span><\/span><\/span><\/strong><\/p>\n<p align=\"JUSTIFY\"><span style=\"color: #000000\"><span style=\"font-family: Arial,sans-serif\"><span style=\"font-size: medium\">\u00a0\u00a0\u00a0\u00a0\u00a0\u00a0\u00a0 La tuberculose est un fl\u00e9au qui a largement touch\u00e9 la France pendant l&rsquo;entre-deux-guerre<\/span><\/span><\/span><span style=\"color: #000000\"><span style=\"font-family: Arial,sans-serif\"><span style=\"font-size: medium\">s<\/span><\/span><\/span><span style=\"color: #000000\"><span style=\"font-family: Arial,sans-serif\"><span style=\"font-size: medium\">. Il a entra\u00een\u00e9 la mise en place de nouvelles structures et a \u00e9galement contribu\u00e9 \u00e0 une professionnalisation des activit\u00e9s de soins et d&rsquo;assistance. La Croix-Rouge fran\u00e7aise c&rsquo;est particuli\u00e8rement mobilis\u00e9e dans la lutte contre ce fl\u00e9au social, au vu de son ampleur apr\u00e8s la Premi\u00e8re Guerre mondiale. <\/span><\/span><\/span><span style=\"color: #000000\"><span style=\"font-family: Arial,sans-serif\"><span style=\"font-size: medium\">La tuberculose est une maladie infectieuse contagieuse due au bacille de Koch, qui est une bact\u00e9rie. La tuberculose pulmonaire est la plus courante, mais beaucoup d&rsquo;autres organes peuvent \u00eatre touch\u00e9s par cette maladie.<\/span><\/span><\/span><sup><span style=\"color: #000000\"><span style=\"font-family: Arial,sans-serif\"><span style=\"font-size: medium\"><a href=\"#sdfootnote1sym\"><sup>1<\/sup><\/a> <\/span><\/span><\/span><\/sup><span style=\"font-family: Arial,sans-serif\"><span style=\"font-size: medium\">La moiti\u00e9 des d\u00e9c\u00e8s d\u2019individus \u00e2g\u00e9s de 20 \u00e0 40 ans \u00e9taient <\/span><\/span><span style=\"font-family: Arial,sans-serif\"><span style=\"font-size: medium\">dus <\/span><\/span><span style=\"font-family: Arial,sans-serif\"><span style=\"font-size: medium\">\u00e0 la tuberculose pulmonaire.<a href=\"#sdfootnote2sym\"><sup>2<\/sup><\/a> Celle-ci, aussi appel\u00e9e phtisie, \u00e9tait \u00e0 l&rsquo;origine de 220 d\u00e9c\u00e8s pour 100 000 habitants, en France au d\u00e9but du XXe si\u00e8cle. L&rsquo;aide sociale contre cette maladie se d\u00e9veloppa notamment par le biais de la loi L\u00e9on Bourgeois de 1916 instituant les dispensaires d&rsquo;hygi\u00e8ne sociale et de pr\u00e9servation antituberculeuse, et la loi Honnorat fixant les conditions de fonctionnement des sanatoriums.<a href=\"#sdfootnote3sym\"><sup>3<\/sup><\/a> D\u00e8s 1919, l\u2019entre-deux-guerres voit fleurir partout des dispensaires g\u00e9n\u00e9raux, antituberculeux. Ceux-ci ont pour mission de \u00ab\u00a0faire l&rsquo;\u00e9ducation antituberculeuse\u00a0\u00bb et d&rsquo;assurer ou de faciliter l&rsquo;entr\u00e9e dans des sanatoriums. Dans ces dispensaires on d\u00e9livre des consultations gratuites et des distributions de m\u00e9dicaments, qui sont offerts aux malades atteints de la tuberculose.<a href=\"#sdfootnote4sym\"><sup>4<\/sup><\/a> <\/span><\/span><span style=\"color: #000000\"><span style=\"font-family: Arial,sans-serif\"><span style=\"font-size: medium\">De nombreuses structures d&rsquo;assistances aux militaires tuberculeux mais \u00e9galement aux civils atteints par cette maladie, <\/span><\/span><\/span><span style=\"color: #000000\"><span style=\"font-family: Arial,sans-serif\"><span style=\"font-size: medium\">sont <\/span><\/span><\/span><span style=\"color: #000000\"><span style=\"font-family: Arial,sans-serif\"><span style=\"font-size: medium\">mis<\/span><\/span><\/span><span style=\"color: #000000\"><span style=\"font-family: Arial,sans-serif\"><span style=\"font-size: medium\">es<\/span><\/span><\/span><span style=\"color: #000000\"><span style=\"font-family: Arial,sans-serif\"><span style=\"font-size: medium\"> en place apr\u00e8s la Premi\u00e8re Guerre mondiale par la SSBM.<a href=\"#sdfootnote5sym\"><sup>5<\/sup><\/a> <\/span><\/span><\/span><span style=\"font-family: Arial,sans-serif\"><span style=\"font-size: medium\">\u00c0 Lyon et \u00e0 Paris, l&rsquo;action sociale de la SSBM concerne majoritairement la lutte antituberculeuse. Par exemple \u00e0 l&rsquo;h\u00f4pital-\u00e9cole des Peupliers, depuis la fin de la Grande Guerre, l&rsquo;enseignement comprenait huit le\u00e7ons sur le bacille de Koch, <\/span><\/span><span style=\"font-family: Arial,sans-serif\"><span style=\"font-size: medium\">qui est<\/span><\/span><span style=\"font-family: Arial,sans-serif\"><span style=\"font-size: medium\"> \u00e0 l&rsquo;origine de la tuberculose, mais \u00e9galement sur l&rsquo;\u00e9quipement antituberculeux. Au cours de cet enseignement, on insistait sur la traque de la tuberculose et cela en priorit\u00e9 dans les foyers les plus d\u00e9sh\u00e9rit\u00e9s.<a href=\"#sdfootnote6sym\"><sup>6<\/sup><\/a> <\/span><\/span><\/p>\n<div style=\"text-align: justify\">\n<p align=\"JUSTIFY\"><span style=\"font-family: Arial,sans-serif\"><span style=\"font-size: medium\">\u00a0\u00a0\u00a0\u00a0\u00a0\u00a0\u00a0<\/span><\/span><\/p>\n<figure id=\"attachment_1322\" aria-describedby=\"caption-attachment-1322\" style=\"width: 300px\" class=\"wp-caption alignleft\"><a href=\"http:\/\/blogs.univ-jfc.fr\/projetcroixrouge\/wp-content\/uploads\/sites\/40\/2015\/02\/BCG.png\"><img loading=\"lazy\" class=\"size-medium wp-image-1322      \" title=\"La mortalit\u00e9 g\u00e9n\u00e9rale et tuberculeuse (en %) de 981 enfants vaccin\u00e9s entre juillet 1924 et f\u00e9vrier 1926 dans des dispensaires (Y. BIRAUD,  Rapport de la Conf\u00e9rence pour l\u2019\u00e9tude de la vaccination antituberculeuse par le BCG, Institut Pasteur de Paris, octobre 1928, Archives de la Soci\u00e9t\u00e9 des Nations).\" alt=\"\" src=\"http:\/\/blogs.univ-jfc.fr\/projetcroixrouge\/wp-content\/uploads\/sites\/40\/2015\/02\/BCG-300x104.png\" width=\"300\" height=\"104\" srcset=\"https:\/\/blogs.univ-jfc.fr\/projetcroixrouge\/wp-content\/uploads\/sites\/40\/2015\/02\/BCG-300x104.png 300w, https:\/\/blogs.univ-jfc.fr\/projetcroixrouge\/wp-content\/uploads\/sites\/40\/2015\/02\/BCG.png 462w\" sizes=\"(max-width: 300px) 100vw, 300px\" \/><\/a><figcaption id=\"caption-attachment-1322\" class=\"wp-caption-text\">Efficacit\u00e9 du BCG<\/figcaption><\/figure>\n<p align=\"JUSTIFY\"><span style=\"font-family: Arial,sans-serif\"><span style=\"font-size: medium\">En 1921 est mis au point un vaccin antituberculeux par Albert Calmette et Camille Gu\u00e9rin, respectivement m\u00e9decin et v\u00e9t\u00e9rinaire. Le vaccin, nomm\u00e9 BCG permet d&rsquo;am\u00e9liorer la lutte contre ce fl\u00e9au d\u2019envergure.<a href=\"#sdfootnote7sym\"><sup>7<\/sup><\/a> C&rsquo;est le 18 juillet 1921 qu&rsquo;eut lieu la premi\u00e8re vaccination \u00e0 la cr\u00e8che de la maternit\u00e9 de l\u2019h\u00f4pital de la Charit\u00e9 \u00e0 Paris. C&rsquo;est un nouveau-n\u00e9 qui re\u00e7ut le vaccin du BCG, puis 121 nourrissons se verront administrer le vaccin par voie buccale. Sur 317 personnes vaccin\u00e9es \u00e0 la Charit\u00e9 entre 1922 et 1926, un seul meurt de tuberculose.<a href=\"#sdfootnote8sym\"><sup>8\u00a0\u00a0\u00a0\u00a0 \u00a0 \u00a0 \u00a0 \u00a0 \u00a0 \u00a0 \u00a0 \u00a0 \u00a0 \u00a0 \u00a0 \u00a0 \u00a0 \u00a0 \u00a0 \u00a0 \u00a0 \u00a0 \u00a0 \u00a0 \u00a0 \u00a0 \u00a0 \u00a0 \u00a0 \u00a0 \u00a0 \u00a0 \u00a0 \u00a0 \u00a0 \u00a0 \u00a0 \u00a0 \u00a0 \u00a0 \u00a0 \u00a0 \u00a0 \u00a0 \u00a0 \u00a0 \u00a0 \u00a0 \u00a0 \u00a0 \u00a0 \u00a0 \u00a0 \u00a0 \u00a0 \u00a0 \u00a0 \u00a0 \u00a0 \u00a0 \u00a0 \u00a0 \u00a0 \u00a0 \u00a0 \u00a0 \u00a0 \u00a0 \u00a0 \u00a0 \u00a0 \u00a0\u00a0<\/sup><\/a><\/span><\/span><\/p>\n<p align=\"JUSTIFY\"><span style=\"font-family: Arial,sans-serif\"><span style=\"font-size: medium\"><a href=\"#sdfootnote8sym\"><sup> \u00a0\u00a0\u00a0\u00a0\u00a0\u00a0\u00a0\u00a0\u00a0\u00a0\u00a0\u00a0 <\/sup><\/a><\/span><\/span><\/p>\n<p align=\"JUSTIFY\"><strong><span style=\"color: #000000\"><span style=\"font-family: Arial,sans-serif\"><span style=\"font-size: medium\">La mobilisation contre le cancer<\/span><\/span><\/span><\/strong><\/p>\n<figure id=\"attachment_3512\" aria-describedby=\"caption-attachment-3512\" style=\"width: 185px\" class=\"wp-caption alignright\"><a href=\"http:\/\/blogs.univ-jfc.fr\/projetcroixrouge\/wp-content\/uploads\/sites\/40\/2015\/02\/Capture-d_cran-2014-12-02-_-11_20_20_png.jpg\"><img loading=\"lazy\" class=\"size-medium wp-image-3512 \" title=\"Affiche en noir et blanc de la Ligue fran\u00e7aise contre le cancer, 1926. (Site officiel du mus\u00e9e Curie).\" alt=\"\" src=\"http:\/\/blogs.univ-jfc.fr\/projetcroixrouge\/wp-content\/uploads\/sites\/40\/2015\/02\/Capture-d_cran-2014-12-02-_-11_20_20_png-185x300.jpg\" width=\"185\" height=\"300\" srcset=\"https:\/\/blogs.univ-jfc.fr\/projetcroixrouge\/wp-content\/uploads\/sites\/40\/2015\/02\/Capture-d_cran-2014-12-02-_-11_20_20_png-185x300.jpg 185w, https:\/\/blogs.univ-jfc.fr\/projetcroixrouge\/wp-content\/uploads\/sites\/40\/2015\/02\/Capture-d_cran-2014-12-02-_-11_20_20_png.jpg 289w\" sizes=\"(max-width: 185px) 100vw, 185px\" \/><\/a><figcaption id=\"caption-attachment-3512\" class=\"wp-caption-text\">Pr\u00e9vention du cancer<\/figcaption><\/figure>\n<p align=\"JUSTIFY\">\u00a0\u00a0\u00a0\u00a0\u00a0\u00a0\u00a0\u00a0 <span style=\"color: #000000\"><span style=\"font-family: Arial,sans-serif\"><span style=\"font-size: medium\">Le cancer est un fl\u00e9au social qui a fortement touch\u00e9 la France pendant l&rsquo;entre-deux-guerres. Par exemple en 1926, il y eut 40 000 d\u00e9c\u00e8s pour cause de cancer.<a href=\"#sdfootnote9sym\"><sup>9<\/sup><\/a> La ligue contre le cancer fut cr\u00e9\u00e9e en 1918, et elle est reconnue d&rsquo;utilit\u00e9 publique en 1920. Se met alors en place une intense propagande relay\u00e9e notamment par les infirmi\u00e8res. La Ligue contre le cancer lance un appel \u00e0 la Croix-Rouge pour l&rsquo;aider \u00e0 lutter contre ce fl\u00e9au. Puis avec l&rsquo;appui des pouvoirs publics, elle d\u00e9veloppe l&rsquo;implantation r\u00e9gionale de comit\u00e9s.<a href=\"#sdfootnote10sym\"><sup>10<\/sup><\/a><\/span><\/span><\/span><\/p>\n<p align=\"JUSTIFY\"><span style=\"font-family: Arial,sans-serif\"><span style=\"font-size: medium\"><span style=\"color: #000000\">\u00a0\u00a0\u00a0\u00a0\u00a0\u00a0\u00a0 C&rsquo;est en 1922 qu&rsquo;est prise la d\u00e9cision d\u2019installer sur l&rsquo;ensemble du territoire fran\u00e7ais des instituts sp\u00e9cialis\u00e9s. Le but est de centraliser les diff\u00e9rents traitements et d&rsquo;organiser la prise en charge des malades et notamment le diagnostic pr\u00e9coce. Pour r\u00e9pondre aux attentes locales, des acteurs locaux <\/span><span style=\"color: #000000\">sont<\/span><span style=\"color: #000000\"> mobilis\u00e9s, comme notamment les facult\u00e9s de m\u00e9decines et les conseils g\u00e9n\u00e9raux. Des cours sur le cancer s<\/span><span style=\"color: #000000\">ont <\/span><span style=\"color: #000000\">\u00e9galement <\/span><span style=\"color: #000000\">organis\u00e9s par la Croix-Rouge et ce d\u00e8s 1923, <\/span><span style=\"color: #000000\">ainsi <\/span><span style=\"color: #000000\">que <\/span><span style=\"color: #000000\">des conf\u00e9rences sur le th\u00e8me du cancer \u00e0 destination des infirmi\u00e8res de la Croix-Rouge. <\/span><span style=\"color: #000000\">On m\u00e8ne<\/span><span style=\"color: #000000\"> notamment<\/span><span style=\"color: #000000\"> des campagnes de sensibilisation pour la lutte contre le cancer. Le diagnostic pr\u00e9coce de ce fl\u00e9au social <\/span><span style=\"color: #000000\">est<\/span><span style=\"color: #000000\"> le centre de la lutte contre celui-ci. Avec l&rsquo;apparition de nouveaux traitements, <\/span><span style=\"color: #000000\">notamment celui par radiation,<\/span><span style=\"color: #000000\"> apparaissent de nouveaux espoirs<\/span><span style=\"color: #000000\">.<\/span><span style=\"color: #000000\"> Pour d\u00e9pister au plus t\u00f4t cette maladie, il faut une propagande inlassable aupr\u00e8s du public et des moyens d\u2019enseignement et de renseignement \u00e0 l&rsquo;usage des m\u00e9decins, d&rsquo;o\u00f9 les conf\u00e9rences \u00e0 destination des infirmi\u00e8res de la Croix-Rouge.<\/span><span style=\"color: #000000\"> Le Comit\u00e9 central des Dames, les comit\u00e9s locaux de la Croix-Rouge et les \u00e9coles d&rsquo;infirmi\u00e8res <\/span><span style=\"color: #000000\">int\u00e8grent<\/span><span style=\"color: #000000\"> dans leur programme de formation la question du cancer. <\/span><span style=\"color: #000000\">De plus en 1923, <\/span><span style=\"color: #000000\">une dizaine de centre<\/span><span style=\"color: #000000\">s<\/span><span style=\"color: #000000\"> de traitements contre le cancer v<\/span><span style=\"color: #000000\">oient<\/span><span style=\"color: #000000\"> le jour en province.<\/span><span style=\"color: #000000\"><a href=\"#sdfootnote11sym\"><sup>11<\/sup><\/a> <\/span><\/span><\/span><\/p>\n<p align=\"JUSTIFY\"><span style=\"color: #000000\"><span style=\"font-family: Arial,sans-serif\"><span style=\"font-size: medium\">\u00a0\u00a0\u00a0\u00a0\u00a0\u00a0\u00a0 Pendant l&rsquo;entre-deux-guerres une forte action politique se met en place, dans le but de cr\u00e9er et de d\u00e9velopper des centres et des dispensaires anticanc\u00e9reux et \u00e9galement de d\u00e9velopper les formations d&rsquo;infirmi\u00e8res visiteuses. Il est donc important pour la Ligue contre le cancer que le Comit\u00e9 des Dames des dirigeants des trois soci\u00e9t\u00e9s de Croix-Rouge participe \u00e0 la lutte contre ce fl\u00e9au et contribue ainsi \u00e0 la professionnalisation du m\u00e9tier d&rsquo;infirmi\u00e8re. Le Comit\u00e9 des Dames intervient aussi directement aupr\u00e8s de malades atteints de cancer. Elle les prend en charge et joue un r\u00f4le d&rsquo;assistance aupr\u00e8s d&rsquo;eux. Les Dames visiteuses qui pass\u00e8rent de 17 en 1918 \u00e0 plus d&rsquo;une centaine en 1930, vont alterner entre le suivi des malades \u00e0 domicile et \u00e0 l&rsquo;h\u00f4pital. Elles vont tenter d\u2019apaiser les souffrances des personnes atteintes de cancer.<a href=\"#sdfootnote12sym\"><sup>12<\/sup><\/a> La Ligue contre le cancer va ainsi pouvoir mener ses actions avec d&rsquo;autres associations priv\u00e9es.<a href=\"#sdfootnote13sym\"><sup>13<\/sup><\/a><\/span><\/span><\/span><\/p>\n<p><span style=\"font-family: Arial,sans-serif\">R\u00e9dactrice : Angeline ALET. <\/span><\/p>\n<p align=\"JUSTIFY\"><span style=\"font-family: Arial,sans-serif\"><span style=\"font-size: medium\"><span style=\"color: #000000\"><span style=\"font-size: small\"><a href=\"http:\/\/blogs.univ-jfc.fr\/projetcroixrouge\/wp-admin\/post.php?post=314&amp;action=edit#sdfootnote1anc\">1<\/a> La sant\u00e9 de A \u00e0 Z, Tome 6\u00a0: <\/span><\/span><span style=\"color: #000000\"><span style=\"font-size: small\"><i>les maladies infectieuses<\/i><\/span><\/span><span style=\"color: #000000\"><span style=\"font-size: small\">, Bruxelles, 2003, p. 114.<\/span><\/span><\/span><\/span><\/p>\n<p><span style=\"color: #000000\"><span style=\"font-family: Arial,sans-serif\"><span style=\"font-size: small\"><a href=\"http:\/\/blogs.univ-jfc.fr\/projetcroixrouge\/wp-admin\/post.php?post=314&amp;action=edit#sdfootnote2anc\">2<\/a> <a href=\"http:\/\/www.ipubli.inserm.fr\/\" target=\"_blank\">http:\/\/www.ipubli.inserm.fr<\/a>, <\/span><\/span><\/span><span style=\"color: #000000\"><span style=\"font-family: Arial,sans-serif\"><span style=\"font-size: small\"><i>Notes sur l\u2019histoire de la vaccination par le BCG en France, 1921-1970<\/i><\/span><\/span><\/span><span style=\"color: #000000\"><span style=\"font-family: Arial,sans-serif\"><span style=\"font-size: small\">, publication de l&rsquo;Institut National de la sant\u00e9 et de la recherche m\u00e9dicale (Inserm), directeur de publication Yves L\u00e9vy, Pr\u00e9sident-directeur g\u00e9n\u00e9ral de l&rsquo;Inserm.<\/span><\/span><\/span><\/p>\n<p><span style=\"color: #000000\"><span style=\"font-family: Arial,sans-serif\"><span style=\"font-size: small\"><a href=\"http:\/\/blogs.univ-jfc.fr\/projetcroixrouge\/wp-admin\/post.php?post=314&amp;action=edit#sdfootnote3anc\">3 <\/a>Jean Guillermand, <\/span><\/span><\/span><span style=\"color: #000000\"><span style=\"font-family: Arial,sans-serif\"><span style=\"font-size: small\"><i>op.cit<\/i><\/span><\/span><\/span><span style=\"color: #000000\"><span style=\"font-family: Arial,sans-serif\"><span style=\"font-size: small\">.<\/span><\/span><\/span><\/p>\n<p><span style=\"color: #000000\"><span style=\"font-family: Arial,sans-serif\"><span style=\"font-size: small\"><a href=\"http:\/\/blogs.univ-jfc.fr\/projetcroixrouge\/wp-admin\/post.php?post=314&amp;action=edit#sdfootnote4anc\">4 <\/a>Pierre Guillaume, <\/span><\/span><\/span><span style=\"color: #000000\"><span style=\"font-family: Arial,sans-serif\"><span style=\"font-size: small\"><i>Du d\u00e9sespoir au salut : les tuberculeux aux XIXe et XXe si\u00e8cles, <\/i><\/span><\/span><\/span><span style=\"color: #000000\"><span style=\"font-family: Arial,sans-serif\"><span style=\"font-size: small\">Paris, Aubier, 1986, p. 180.<\/span><\/span><\/span><\/p>\n<p><span style=\"color: #000000\"><span style=\"font-family: Arial,sans-serif\"><span style=\"font-size: small\"><a href=\"http:\/\/blogs.univ-jfc.fr\/projetcroixrouge\/wp-admin\/post.php?post=314&amp;action=edit#sdfootnote5anc\">5 <\/a><a href=\"http:\/\/archives.cg37.fr\/\" target=\"_blank\">http:\/\/archives.cg37.fr<\/a>, archives d\u00e9partementales d&rsquo;Indre-et-Loire, \u00e9dit\u00e9 par le Conseil G\u00e9n\u00e9ral d&rsquo;Indre-et-Loire.<\/span><\/span><\/span><\/p>\n<p><span style=\"color: #000000\"><span style=\"font-family: Arial,sans-serif\"><span style=\"font-size: small\"><a href=\"http:\/\/blogs.univ-jfc.fr\/projetcroixrouge\/wp-admin\/post.php?post=314&amp;action=edit#sdfootnote6anc\">6 <\/a>Jean Guillermand, <\/span><\/span><\/span><span style=\"color: #000000\"><span style=\"font-family: Arial,sans-serif\"><span style=\"font-size: small\"><i>op.cit<\/i><\/span><\/span><\/span><span style=\"color: #000000\"><span style=\"font-family: Arial,sans-serif\"><span style=\"font-size: small\">.<\/span><\/span><\/span><\/p>\n<p><span style=\"color: #000000\"><span style=\"font-family: Arial,sans-serif\"><span style=\"font-size: small\"><a href=\"http:\/\/blogs.univ-jfc.fr\/projetcroixrouge\/wp-admin\/post.php?post=314&amp;action=edit#sdfootnote7anc\">7 <\/a>Site <a href=\"http:\/\/www.france.fr\/\" target=\"_blank\">france.fr<\/a>, Service d\u2019information du Gouvernement.<\/span><\/span><\/span><\/p>\n<p><span style=\"color: #000000\"><span style=\"font-family: Arial,sans-serif\"><span style=\"font-size: small\"><a href=\"http:\/\/blogs.univ-jfc.fr\/projetcroixrouge\/wp-admin\/post.php?post=314&amp;action=edit#sdfootnote8anc\">8 <\/a>Yves Biraud, <\/span><\/span><\/span><span style=\"color: #000000\"><span style=\"font-family: Arial,sans-serif\"><span style=\"font-size: small\"><i>Rapport de la Conf\u00e9rence pour l\u2019\u00e9tude de la vaccination antituberculeuse par le BCG tenue \u00e0 l\u2019Institut Pasteur de Paris du 15 au 18 octobre 1928<\/i><\/span><\/span><\/span><span style=\"color: #000000\"><span style=\"font-family: Arial,sans-serif\"><span style=\"font-size: small\"> (Gen\u00e8ve : 1928), Soci\u00e9t\u00e9 des Nations (1928), Organisation d\u2019hygi\u00e8ne, Archives de la Soci\u00e9t\u00e9 des Nations.<\/span><\/span><\/span><\/p>\n<p><span style=\"color: #000000\"><span style=\"font-family: Arial,sans-serif\"><span style=\"font-size: small\"><a href=\"http:\/\/blogs.univ-jfc.fr\/projetcroixrouge\/wp-admin\/post.php?post=314&amp;action=edit#sdfootnote9anc\">9<\/a> <a href=\"http:\/\/www.la-maison-du-cancer.com\" target=\"_blank\">www.la-maison-du-cancer.com<\/a>, site \u00e9dit\u00e9 par l&rsquo;association La Maison du Cancer association d&rsquo;int\u00e9r\u00eat g\u00e9n\u00e9ral r\u00e9gie par la loi 1901.<\/span><\/span><\/span><\/p>\n<p><span style=\"color: #000000\"><span style=\"font-family: Arial,sans-serif\"><span style=\"font-size: small\"><a href=\"http:\/\/blogs.univ-jfc.fr\/projetcroixrouge\/wp-admin\/post.php?post=314&amp;action=edit#sdfootnote10anc\">10 <\/a><a href=\"http:\/\/www.biusante.parisdescartes.fr\" target=\"_blank\">www.biusante.parisdescartes.fr<\/a>, la Biblioth\u00e8que interuniversitaire de Sant\u00e9 Issue de la fusion en 2011 des biblioth\u00e8ques interuniversitaires de m\u00e9decine et de pharmacie.<\/span><\/span><\/span><\/p>\n<p><span style=\"color: #000000\"><span style=\"font-family: Arial,sans-serif\"><span style=\"font-size: small\"><a href=\"http:\/\/blogs.univ-jfc.fr\/projetcroixrouge\/wp-admin\/post.php?post=314&amp;action=edit#sdfootnote11anc\">11 <\/a>Jean-Pierre Camilleri, et Jean Coursaget, <\/span><\/span><\/span><span style=\"color: #000000\"><span style=\"font-family: Arial,sans-serif\"><span style=\"font-size: small\"><i>Pionniers de la radioth\u00e9rapie<\/i><\/span><\/span><\/span><span style=\"color: #000000\"><span style=\"font-family: Arial,sans-serif\"><span style=\"font-size: small\">, EDP Sciences, 2005 pp. 192 et 193.<\/span><\/span><\/span><\/p>\n<p><span style=\"color: #000000\"><span style=\"font-family: Arial,sans-serif\"><span style=\"font-size: small\"><a href=\"http:\/\/blogs.univ-jfc.fr\/projetcroixrouge\/wp-admin\/post.php?post=314&amp;action=edit#sdfootnote12anc\">12<\/a> <a href=\"http:\/\/www.biusante.parisdescartes.fr\" target=\"_blank\">www.biusante.parisdescartes.fr<\/a>, <\/span><\/span><\/span><span style=\"color: #000000\"><span style=\"font-family: Arial,sans-serif\"><span style=\"font-size: small\"><i>op.cit.<\/i><\/span><\/span><\/span><\/p>\n<p><span style=\"color: #000000\"><span style=\"font-family: Arial,sans-serif\"><span style=\"font-size: small\"><a href=\"http:\/\/blogs.univ-jfc.fr\/projetcroixrouge\/wp-admin\/post.php?post=314&amp;action=edit#sdfootnote13anc\">13 <\/a>Patrice Pinell, <\/span><\/span><\/span><span style=\"color: #000000\"><span style=\"font-family: Arial,sans-serif\"><span style=\"font-size: small\"><i>Fl\u00e9au moderne et m\u00e9decine d&rsquo;avenir [La canc\u00e9rologie fran\u00e7aise entre les deux guerres]<\/i><\/span><\/span><\/span><span style=\"color: #000000\"><span style=\"font-family: Arial,sans-serif\"><span style=\"font-size: small\">, num\u00e9ro 68, pp. 50 et 51<\/span><\/span><\/span><\/p>\n<\/div>\n","protected":false},"excerpt":{"rendered":"<p>La lutte contre la tuberculose \u00a0\u00a0\u00a0\u00a0\u00a0\u00a0\u00a0 La tuberculose est un fl\u00e9au qui a largement touch\u00e9 la France pendant l&rsquo;entre-deux-guerres. Il a entra\u00een\u00e9 la mise en place de nouvelles structures et a \u00e9galement contribu\u00e9 \u00e0 une professionnalisation des activit\u00e9s de soins et d&rsquo;assistance. La Croix-Rouge fran\u00e7aise c&rsquo;est particuli\u00e8rement mobilis\u00e9e dans la lutte contre ce fl\u00e9au social, &hellip; <a href=\"https:\/\/blogs.univ-jfc.fr\/projetcroixrouge\/pauvrete-action-sanitaire-et-sociale\/la-croix-rouge-et-les-fleaux-sociaux-dans-lentre-deux-guerres\/laction-sanitaire-de-la-croix-rouge-pour-aider-les-victimes-de-grandes-maladies\/\" class=\"more-link\">Continuer la lecture de <span class=\"screen-reader-text\">L&rsquo;action sanitaire de la Croix-Rouge pour aider les victimes de grandes maladies<\/span> <span class=\"meta-nav\">&rarr;<\/span><\/a><\/p>\n","protected":false},"author":42,"featured_media":0,"parent":100,"menu_order":1,"comment_status":"closed","ping_status":"open","template":"","meta":[],"_links":{"self":[{"href":"https:\/\/blogs.univ-jfc.fr\/projetcroixrouge\/wp-json\/wp\/v2\/pages\/314"}],"collection":[{"href":"https:\/\/blogs.univ-jfc.fr\/projetcroixrouge\/wp-json\/wp\/v2\/pages"}],"about":[{"href":"https:\/\/blogs.univ-jfc.fr\/projetcroixrouge\/wp-json\/wp\/v2\/types\/page"}],"author":[{"embeddable":true,"href":"https:\/\/blogs.univ-jfc.fr\/projetcroixrouge\/wp-json\/wp\/v2\/users\/42"}],"replies":[{"embeddable":true,"href":"https:\/\/blogs.univ-jfc.fr\/projetcroixrouge\/wp-json\/wp\/v2\/comments?post=314"}],"version-history":[{"count":38,"href":"https:\/\/blogs.univ-jfc.fr\/projetcroixrouge\/wp-json\/wp\/v2\/pages\/314\/revisions"}],"predecessor-version":[{"id":3908,"href":"https:\/\/blogs.univ-jfc.fr\/projetcroixrouge\/wp-json\/wp\/v2\/pages\/314\/revisions\/3908"}],"up":[{"embeddable":true,"href":"https:\/\/blogs.univ-jfc.fr\/projetcroixrouge\/wp-json\/wp\/v2\/pages\/100"}],"wp:attachment":[{"href":"https:\/\/blogs.univ-jfc.fr\/projetcroixrouge\/wp-json\/wp\/v2\/media?parent=314"}],"curies":[{"name":"wp","href":"https:\/\/api.w.org\/{rel}","templated":true}]}}