{"id":3179,"date":"2015-03-26T09:08:07","date_gmt":"2015-03-26T08:08:07","guid":{"rendered":"http:\/\/blogs.univ-jfc.fr\/projetcroixrouge\/?page_id=3179"},"modified":"2015-03-26T09:12:58","modified_gmt":"2015-03-26T08:12:58","slug":"les-adaptations-des-ong-a-ces-critiques","status":"publish","type":"page","link":"https:\/\/blogs.univ-jfc.fr\/projetcroixrouge\/lhumanitaire-en-questions\/financer-laction-humanitaire\/les-adaptations-des-ong-a-ces-critiques\/","title":{"rendered":"Les adaptations des ONG \u00e0 ces critiques"},"content":{"rendered":"<p style=\"text-align: justify\">Depuis les ann\u00e9es 90, le mode de fonctionnement des organisations humanitaires a \u00e9volu\u00e9, elles ont besoin de plus en plus de moyens financiers. Cela s\u2019explique par deux raisons principales. D\u2019une part les ONG s\u2019engagent sur un nombre croissant de missions diff\u00e9rentes\u00a0; d\u2019autre part, l\u2019envoi d\u2019aide humanitaire (personnels, nourriture, infrastructure, soins,\u2026) ne cesse d\u2019augmenter. Cette croissance du nombre de missions implique une croissance des besoins qui entraine une demande de financement exponentielle. Cela n\u00e9cessite donc un changement de strat\u00e9gie.<\/p>\n<p style=\"text-align: justify\">Ce changement de strat\u00e9gie est aussi d\u00fb \u00e0 une \u00e9volution de la m\u00e9diatisation au cours de la d\u00e9cennie 1990 qui a eu pour cons\u00e9quence d\u2019accro\u00eetre de mani\u00e8re consid\u00e9rable l\u2019exposition m\u00e9diatique des ONG. Ce qui \u00e9tait initialement un point positif. La communication a permis aux ONG de soigner leur image aupr\u00e8s des donateurs. En effet une organisation ayant une bonne image attirera d\u2019avantage de dons, d\u2019o\u00f9 le fait que la communication soit devenue essentiel de nos jours.<\/p>\n<p style=\"text-align: justify\">D\u00e8s le d\u00e9but des ann\u00e9es 2000, la presse s\u2019est int\u00e9ress\u00e9e aux modes de fonctionnement des ONG. Cela a fait ressortir des activit\u00e9s financi\u00e8res douteuses. Elles ont d\u00fb trouver des moyens pour ne pas perdre leurs donateurs qui sont une source importante de revenu. Dans le but de se d\u00e9fendre contre les critiques et de restaurer leur image, la communication est devenue un secteur strat\u00e9gique pour elles. Bien que repr\u00e9sentant une faible partie du budget total, ces derni\u00e8res ont d\u00e9pens\u00e9 d&rsquo;importantes sommes dans ce domaine. Le montant allou\u00e9 \u00e0 la communication a sensiblement augment\u00e9 dans le budget de ces organisations. A pr\u00e9sent, ce secteur est utilis\u00e9 comme m\u00e9canisme de d\u00e9fense contre les attaques qui leur sont port\u00e9es.<\/p>\n<p style=\"text-align: justify\">\u00a0Les services de communication sont d\u00e9sormais l\u00e0 pour parer aux attaques qui sont formul\u00e9es \u00e0 leur encontre et pour lancer des campagnes de dons, comme par exemple la campagne de la Croix Rouge avec Adriana Karembeu.<\/p>\n","protected":false},"excerpt":{"rendered":"<p>Depuis les ann\u00e9es 90, le mode de fonctionnement des organisations humanitaires a \u00e9volu\u00e9, elles ont besoin de plus en plus de moyens financiers. Cela s\u2019explique par deux raisons principales. D\u2019une part les ONG s\u2019engagent sur un nombre croissant de missions diff\u00e9rentes\u00a0; d\u2019autre part, l\u2019envoi d\u2019aide humanitaire (personnels, nourriture, infrastructure, soins,\u2026) ne cesse d\u2019augmenter. Cette croissance &hellip; <a href=\"https:\/\/blogs.univ-jfc.fr\/projetcroixrouge\/lhumanitaire-en-questions\/financer-laction-humanitaire\/les-adaptations-des-ong-a-ces-critiques\/\" class=\"more-link\">Continuer la lecture de <span class=\"screen-reader-text\">Les adaptations des ONG \u00e0 ces critiques<\/span> <span class=\"meta-nav\">&rarr;<\/span><\/a><\/p>\n","protected":false},"author":55,"featured_media":0,"parent":238,"menu_order":3,"comment_status":"closed","ping_status":"open","template":"","meta":[],"_links":{"self":[{"href":"https:\/\/blogs.univ-jfc.fr\/projetcroixrouge\/wp-json\/wp\/v2\/pages\/3179"}],"collection":[{"href":"https:\/\/blogs.univ-jfc.fr\/projetcroixrouge\/wp-json\/wp\/v2\/pages"}],"about":[{"href":"https:\/\/blogs.univ-jfc.fr\/projetcroixrouge\/wp-json\/wp\/v2\/types\/page"}],"author":[{"embeddable":true,"href":"https:\/\/blogs.univ-jfc.fr\/projetcroixrouge\/wp-json\/wp\/v2\/users\/55"}],"replies":[{"embeddable":true,"href":"https:\/\/blogs.univ-jfc.fr\/projetcroixrouge\/wp-json\/wp\/v2\/comments?post=3179"}],"version-history":[{"count":2,"href":"https:\/\/blogs.univ-jfc.fr\/projetcroixrouge\/wp-json\/wp\/v2\/pages\/3179\/revisions"}],"predecessor-version":[{"id":3196,"href":"https:\/\/blogs.univ-jfc.fr\/projetcroixrouge\/wp-json\/wp\/v2\/pages\/3179\/revisions\/3196"}],"up":[{"embeddable":true,"href":"https:\/\/blogs.univ-jfc.fr\/projetcroixrouge\/wp-json\/wp\/v2\/pages\/238"}],"wp:attachment":[{"href":"https:\/\/blogs.univ-jfc.fr\/projetcroixrouge\/wp-json\/wp\/v2\/media?parent=3179"}],"curies":[{"name":"wp","href":"https:\/\/api.w.org\/{rel}","templated":true}]}}