{"id":3401,"date":"2015-03-26T10:09:15","date_gmt":"2015-03-26T09:09:15","guid":{"rendered":"http:\/\/blogs.univ-jfc.fr\/projetcroixrouge\/?page_id=3401"},"modified":"2015-03-26T10:19:28","modified_gmt":"2015-03-26T09:19:28","slug":"donnees-sur-la-croix-rouge-tarnaise","status":"publish","type":"page","link":"https:\/\/blogs.univ-jfc.fr\/projetcroixrouge\/donnees-sur-la-croix-rouge-tarnaise\/","title":{"rendered":"Donn\u00e9es sur la Croix-Rouge tarnaise"},"content":{"rendered":"<p><a href=\"http:\/\/blogs.univ-jfc.fr\/projetcroixrouge\/wp-content\/uploads\/sites\/40\/2015\/03\/effectifs-des-b\u00e9n\u00e9voles-du-Tarn-par-leur-ann\u00e9e-de-naissance-et-selon-le-sexe-2.jpg\"><img loading=\"lazy\" class=\"alignnone size-medium wp-image-3419\" alt=\"effectifs des b\u00e9n\u00e9voles du Tarn par leur ann\u00e9e de naissance et selon le sexe (2)\" src=\"http:\/\/blogs.univ-jfc.fr\/projetcroixrouge\/wp-content\/uploads\/sites\/40\/2015\/03\/effectifs-des-b\u00e9n\u00e9voles-du-Tarn-par-leur-ann\u00e9e-de-naissance-et-selon-le-sexe-2-300x147.jpg\" width=\"300\" height=\"147\" srcset=\"https:\/\/blogs.univ-jfc.fr\/projetcroixrouge\/wp-content\/uploads\/sites\/40\/2015\/03\/effectifs-des-b\u00e9n\u00e9voles-du-Tarn-par-leur-ann\u00e9e-de-naissance-et-selon-le-sexe-2-300x147.jpg 300w, https:\/\/blogs.univ-jfc.fr\/projetcroixrouge\/wp-content\/uploads\/sites\/40\/2015\/03\/effectifs-des-b\u00e9n\u00e9voles-du-Tarn-par-leur-ann\u00e9e-de-naissance-et-selon-le-sexe-2.jpg 681w\" sizes=\"(max-width: 300px) 100vw, 300px\" \/><\/a><\/p>\n<p>&nbsp;<\/p>\n<p><a href=\"http:\/\/blogs.univ-jfc.fr\/projetcroixrouge\/wp-content\/uploads\/sites\/40\/2015\/03\/effectifs-des-b\u00e9n\u00e9vles-par-activit\u00e9-selon-le-texte-2.jpg\"><img loading=\"lazy\" class=\"alignnone size-medium wp-image-3431\" alt=\"effectifs des b\u00e9n\u00e9vles par activit\u00e9 selon le texte (2)\" src=\"http:\/\/blogs.univ-jfc.fr\/projetcroixrouge\/wp-content\/uploads\/sites\/40\/2015\/03\/effectifs-des-b\u00e9n\u00e9vles-par-activit\u00e9-selon-le-texte-2-300x60.jpg\" width=\"300\" height=\"60\" srcset=\"https:\/\/blogs.univ-jfc.fr\/projetcroixrouge\/wp-content\/uploads\/sites\/40\/2015\/03\/effectifs-des-b\u00e9n\u00e9vles-par-activit\u00e9-selon-le-texte-2-300x60.jpg 300w, https:\/\/blogs.univ-jfc.fr\/projetcroixrouge\/wp-content\/uploads\/sites\/40\/2015\/03\/effectifs-des-b\u00e9n\u00e9vles-par-activit\u00e9-selon-le-texte-2.jpg 714w\" sizes=\"(max-width: 300px) 100vw, 300px\" \/><\/a><\/p>\n<p><a href=\"http:\/\/blogs.univ-jfc.fr\/projetcroixrouge\/wp-content\/uploads\/sites\/40\/2015\/03\/selon-le-sexe.jpg\"><img loading=\"lazy\" class=\"alignnone size-medium wp-image-3439\" alt=\"selon le sexe\" src=\"http:\/\/blogs.univ-jfc.fr\/projetcroixrouge\/wp-content\/uploads\/sites\/40\/2015\/03\/selon-le-sexe-300x166.jpg\" width=\"300\" height=\"166\" srcset=\"https:\/\/blogs.univ-jfc.fr\/projetcroixrouge\/wp-content\/uploads\/sites\/40\/2015\/03\/selon-le-sexe-300x166.jpg 300w, https:\/\/blogs.univ-jfc.fr\/projetcroixrouge\/wp-content\/uploads\/sites\/40\/2015\/03\/selon-le-sexe.jpg 608w\" sizes=\"(max-width: 300px) 100vw, 300px\" \/><\/a><\/p>\n<p>&nbsp;<\/p>\n<p>&nbsp;<\/p>\n","protected":false},"excerpt":{"rendered":"<p>&nbsp; &nbsp; &nbsp;<\/p>\n","protected":false},"author":129,"featured_media":0,"parent":0,"menu_order":0,"comment_status":"closed","ping_status":"open","template":"","meta":[],"_links":{"self":[{"href":"https:\/\/blogs.univ-jfc.fr\/projetcroixrouge\/wp-json\/wp\/v2\/pages\/3401"}],"collection":[{"href":"https:\/\/blogs.univ-jfc.fr\/projetcroixrouge\/wp-json\/wp\/v2\/pages"}],"about":[{"href":"https:\/\/blogs.univ-jfc.fr\/projetcroixrouge\/wp-json\/wp\/v2\/types\/page"}],"author":[{"embeddable":true,"href":"https:\/\/blogs.univ-jfc.fr\/projetcroixrouge\/wp-json\/wp\/v2\/users\/129"}],"replies":[{"embeddable":true,"href":"https:\/\/blogs.univ-jfc.fr\/projetcroixrouge\/wp-json\/wp\/v2\/comments?post=3401"}],"version-history":[{"count":3,"href":"https:\/\/blogs.univ-jfc.fr\/projetcroixrouge\/wp-json\/wp\/v2\/pages\/3401\/revisions"}],"predecessor-version":[{"id":3440,"href":"https:\/\/blogs.univ-jfc.fr\/projetcroixrouge\/wp-json\/wp\/v2\/pages\/3401\/revisions\/3440"}],"wp:attachment":[{"href":"https:\/\/blogs.univ-jfc.fr\/projetcroixrouge\/wp-json\/wp\/v2\/media?parent=3401"}],"curies":[{"name":"wp","href":"https:\/\/api.w.org\/{rel}","templated":true}]}}