{"id":368,"date":"2015-02-05T08:57:28","date_gmt":"2015-02-05T07:57:28","guid":{"rendered":"http:\/\/blogs.univ-jfc.fr\/projetcroixrouge\/?page_id=368"},"modified":"2015-03-26T09:28:54","modified_gmt":"2015-03-26T08:28:54","slug":"pauvrete-et-action-privee-au-xixe-siecle","status":"publish","type":"page","link":"https:\/\/blogs.univ-jfc.fr\/projetcroixrouge\/pauvrete-action-sanitaire-et-sociale\/pauvrete-action-sanitaire-et-sociale-au-xixe-siecle\/pauvrete-et-action-privee-au-xixe-siecle\/","title":{"rendered":"Pauvret\u00e9 et action publique au XIXe si\u00e8cle"},"content":{"rendered":"<p dir=\"ltr\" style=\"text-align: justify\">Sous l\u2019Ancien R\u00e9gime, l&rsquo;action de l&rsquo;Etat contre la pauvret\u00e9 est pr\u00e9sent\u00e9e comme r\u00e9pressive, visant plus \u00e0 \u00e9radiquer la pauvret\u00e9, \u00e0 l&rsquo;\u00e9carter du regard, qu&rsquo;\u00e0 aider les pauvres. Au XIXe si\u00e8cle, cependant, se d\u00e9veloppe une forme d&rsquo;assistance publique, une volont\u00e9 d&rsquo;accompagnement qui peut rappeler les actions priv\u00e9es. On peut s\u00e9parer en trois mouvements les actions publiques au cours de ce si\u00e8cle\u00a0: si on observe chez plusieurs \u0153uvres une continuit\u00e9, d&rsquo;autres sont red\u00e9finies, soit par envie d&rsquo;une meilleure acceptation par le peuple, soit par une vis\u00e9e de la\u00efcisation de ces actions.<\/p>\n<p dir=\"ltr\" style=\"text-align: justify\">Ainsi, comment l&rsquo;Etat a-t-il proc\u00e9d\u00e9, au XIXe si\u00e8cle, pour red\u00e9finir sa politique en termes d&rsquo;assistance sociale\u00a0? L&rsquo;Etat visait-il seulement \u00e0 mieux faire accepter son aide du peuple et \u00e0 r\u00e9duire l&rsquo;influence de la religion ?<\/p>\n<figure id=\"attachment_1291\" aria-describedby=\"caption-attachment-1291\" style=\"width: 367px\" class=\"wp-caption alignleft\"><a href=\"http:\/\/blogs.univ-jfc.fr\/projetcroixrouge\/wp-content\/uploads\/sites\/40\/2015\/03\/Mendicit\u00e9-interdite-dans-lOise.jpg\"><img loading=\"lazy\" class=\" wp-image-1291    \" title=\"Panneau interdisant la mendicit\u00e9 dans la Seine &amp; Oise (fr.topic.topos)\" alt=\"Des panneaux tels que celui-ci \u00e9taient affich\u00e9s dans toute la France\" src=\"http:\/\/blogs.univ-jfc.fr\/projetcroixrouge\/wp-content\/uploads\/sites\/40\/2015\/03\/Mendicit\u00e9-interdite-dans-lOise.jpg\" width=\"367\" height=\"130\" srcset=\"https:\/\/blogs.univ-jfc.fr\/projetcroixrouge\/wp-content\/uploads\/sites\/40\/2015\/03\/Mendicit\u00e9-interdite-dans-lOise.jpg 524w, https:\/\/blogs.univ-jfc.fr\/projetcroixrouge\/wp-content\/uploads\/sites\/40\/2015\/03\/Mendicit\u00e9-interdite-dans-lOise-300x106.jpg 300w\" sizes=\"(max-width: 367px) 100vw, 367px\" \/><\/a><figcaption id=\"caption-attachment-1291\" class=\"wp-caption-text\">Des panneaux tels que celui-ci \u00e9taient affich\u00e9s dans toute la France<\/figcaption><\/figure>\n<p dir=\"ltr\" style=\"text-align: justify\"><strong>La transformation des h\u00f4pitaux et la difficult\u00e9 des d\u00e9p\u00f4ts de mendicit\u00e9<\/strong><\/p>\n<p dir=\"ltr\" style=\"text-align: justify\">Les derni\u00e8res ann\u00e9es de l&rsquo;Ancien R\u00e9gime ont vu la fin des h\u00f4pitaux g\u00e9n\u00e9raux, tr\u00e8s impopulaires. Etant plus des lieux d&rsquo;enfermement des pauvres que des endroits o\u00f9 ceux-ci \u00e9taient accompagn\u00e9s, ils sont remplac\u00e9s par les d\u00e9p\u00f4ts de mendicit\u00e9. Institu\u00e9s sous Louis XV, ceux-ci sont confirm\u00e9s par Napol\u00e9on Ier, qui accorde beaucoup d&rsquo;importance \u00e0 la question de la pauvret\u00e9<sup>1<\/sup>. Pour lui, la lutte contre la pauvret\u00e9 passe par une meilleure compr\u00e9hension par le peuple du terme de mendicit\u00e9, d&rsquo;o\u00f9 l&rsquo;importance des d\u00e9p\u00f4ts de mendicit\u00e9, qui ont la mission d&rsquo;enfermer les mendiants et de les diff\u00e9rencier des \u00ab\u00a0bons pauvres\u00a0\u00bb. Cependant, la r\u00e9int\u00e9gration des mendiants dans la soci\u00e9t\u00e9, confi\u00e9e aux d\u00e9p\u00f4ts de mendicit\u00e9, ne fonctionne pas. Le bilan de ces institutions est chaotique\u00a0: des 37 d\u00e9p\u00f4ts ouverts en 1814, ils ne sont plus que sept en 1837, et ceux qui ont r\u00e9sist\u00e9 n&rsquo;h\u00e9bergent que 2 % de mendiants, le reste des occupants \u00e9tant partag\u00e9 entre prostitu\u00e9es et libertins, majoritairement<sup>2<\/sup>. Jamais les d\u00e9p\u00f4ts de mendicit\u00e9 n&rsquo;ont fonctionn\u00e9 comme l&rsquo;entendaient les pouvoirs qui les ont mis en place. Mais l&rsquo;aide de l&rsquo;Etat ne s&rsquo;arr\u00eate pas \u00e0 ces aides au niveau national. A un \u00e9chelon plus local, la lutte contre la pauvret\u00e9 se fait cette fois-ci par la r\u00e9insertion du pauvre par le travail. Au XIXe si\u00e8cle existent les ateliers libres de charit\u00e9, annexes aux d\u00e9p\u00f4ts de mendicit\u00e9. Par exemple, la filature des indigents qui existe \u00e0 Paris conna\u00eet des difficult\u00e9s au cours du XIXe si\u00e8cle mais se maintient et, en 1844, aide un total de 4 383 indigents en leur offrant un emploi r\u00e9mun\u00e9r\u00e9<sup>3<\/sup>. Des actions similaires se multipliant en France, ces aides locales montrent l&rsquo;importance de l&rsquo;assistance directe, mais aussi le besoin de personnaliser celle-ci, et ainsi de ne pas adopter de solution radicale comme l&rsquo;\u00e9taient les h\u00f4pitaux g\u00e9n\u00e9raux et comme le sont au XIXe si\u00e8cle les d\u00e9p\u00f4ts de mendicit\u00e9.<\/p>\n<figure id=\"attachment_1289\" aria-describedby=\"caption-attachment-1289\" style=\"width: 332px\" class=\"wp-caption alignright\"><a href=\"http:\/\/blogs.univ-jfc.fr\/projetcroixrouge\/wp-content\/uploads\/sites\/40\/2015\/03\/D\u00e9p\u00f4t-de-mendicit\u00e9-de-Villers-Coter\u00eats.jpg\"><img loading=\"lazy\" class=\"wp-image-1289   \" title=\"D\u00e9p\u00f4t de mendicit\u00e9 de Villers-Cotter\u00eats (prisons-cherche-midi-mauzac.com)\" alt=\"L'aust\u00e9rit\u00e9 d'un bureau de mendicit\u00e9\" src=\"http:\/\/blogs.univ-jfc.fr\/projetcroixrouge\/wp-content\/uploads\/sites\/40\/2015\/03\/D\u00e9p\u00f4t-de-mendicit\u00e9-de-Villers-Coter\u00eats.jpg\" width=\"332\" height=\"233\" srcset=\"https:\/\/blogs.univ-jfc.fr\/projetcroixrouge\/wp-content\/uploads\/sites\/40\/2015\/03\/D\u00e9p\u00f4t-de-mendicit\u00e9-de-Villers-Coter\u00eats.jpg 615w, https:\/\/blogs.univ-jfc.fr\/projetcroixrouge\/wp-content\/uploads\/sites\/40\/2015\/03\/D\u00e9p\u00f4t-de-mendicit\u00e9-de-Villers-Coter\u00eats-300x210.jpg 300w\" sizes=\"(max-width: 332px) 100vw, 332px\" \/><\/a><figcaption id=\"caption-attachment-1289\" class=\"wp-caption-text\">L&rsquo;aust\u00e9rit\u00e9 d&rsquo;un bureau de mendicit\u00e9<\/figcaption><\/figure>\n<p dir=\"ltr\" style=\"text-align: justify\"><strong>Qu&rsquo;en pense la population ?<br \/>\n<\/strong><\/p>\n<p dir=\"ltr\" style=\"text-align: justify\">On peut se demander quelle est l\u2019implication du peuple dans l\u2019action sociale publique. Celui-ci n\u2019appr\u00e9ciait pas les h\u00f4pitaux g\u00e9n\u00e9raux et n\u2019appr\u00e9cie pas plus les d\u00e9p\u00f4ts de mendicit\u00e9, tout comme les h\u00f4pitaux en g\u00e9n\u00e9ral, qui fonctionnent mal et entra\u00eenent de grosses d\u00e9penses, et repr\u00e9sentaient un malaise du peuple, comme l\u2019a montr\u00e9 Balzac dans plusieurs tomes de sa Com\u00e9die humaine. Cependant, on demande rarement une aide de la population en g\u00e9n\u00e9ral, pr\u00e9f\u00e9rant demander la participation de certains corps de m\u00e9tiers, comme par exemple les m\u00e9tiers du spectacle. Ainsi, la \u201ctaxe sur les pauvres\u201d est mise en oeuvre pour r\u00e9cup\u00e9rer de l\u2019argent sans d\u00e9clencher la col\u00e8re de la population: chaque mois, la recette d\u2019un spectacle est r\u00e9cup\u00e9r\u00e9e et revers\u00e9e aux grands pauvres, \u201cceux que la honte emp\u00eache de mendier\u201d<sup>4<\/sup>. Les m\u00e9tiers du spectacle n\u2019\u00e9tant pas particuli\u00e8rement soutenus par le reste de la population, cette mesure qui vise \u00e0 taxer uniquement cette part du peuple permet d\u2019aider les pauvres tout en se faisant accepter. Cette aide est m\u00eame appr\u00e9ci\u00e9e, le respect pour les pauvres honn\u00eates \u00e9tant aussi grand que la peur des vagabonds. Enfin, le rapport au peuple transgresse parfois la fronti\u00e8re entre aide publique et priv\u00e9e, comme le montre le label \u201cfondation d\u2019utilit\u00e9 publique\u201d remis \u00e0 certaines associations priv\u00e9es. C\u2019est notamment le cas des monts-de-pi\u00e9t\u00e9, apparus en Italie autour de 1440, en France en 1643 et \u00e0 Paris en 1777<sup>5<\/sup>, qui se voient offrir une meilleure visibilit\u00e9 gr\u00e2ce \u00e0 cette accr\u00e9ditation de l\u2019Etat. Et ce malgr\u00e9 le rapport direct de cette action priv\u00e9e, visible par le simple mot de pi\u00e9t\u00e9, \u00e0 l\u2019Eglise.<\/p>\n<p dir=\"ltr\" style=\"text-align: justify\"><strong>Une envie de la\u00efcisation des \u0153uvres<\/strong><\/p>\n<p dir=\"ltr\" style=\"text-align: justify\">Cela peut en effet \u00e9tonner puisque l&rsquo;Etat montre au XIXe si\u00e8cle une volont\u00e9, sinon de s\u00e9paration, au moins de distanciation d&rsquo;avec l&rsquo;Eglise, qui sera effective en 1905. On n&rsquo;observe pas r\u00e9ellement cela dans un changement des actions, les mutations s&rsquo;op\u00e9rant plus en fa\u00e7ade. L&rsquo;aide des monts-de-pi\u00e9t\u00e9, dont les clients sont, selon une \u00e9tude faite \u00e0 Rouen, pour pr\u00e8s de 70 % d&rsquo;entre eux, soit des ouvriers soit des journaliers<sup>6<\/sup>, est donc assez importante. Mais, dans les \u0153uvres publiques, il est clair que l&rsquo;Eglise perd en importance. C&rsquo;est ce qu&rsquo;on voit par exemple avec les \u00ab\u00a0bureaux de charit\u00e9\u00a0\u00bb, renomm\u00e9s en \u00ab\u00a0bureaux de bienfaisance\u00a0\u00bb. Le mod\u00e8le de ces deux aides est le m\u00eame, mais le retrait du mot \u00ab\u00a0charit\u00e9\u00a0\u00bb, propre \u00e0 la religion, est un signe. On veut ainsi encourager \u00e0 aider plus par humanit\u00e9 que par foi. Une volont\u00e9 \u00e9galement inscrite dans la loi, pour la premi\u00e8re fois. Pour autant, les aides priv\u00e9es religieuses, comme le mont-de-pi\u00e9t\u00e9 \u00e9voqu\u00e9 plus haut, ne sont pas ignor\u00e9es. Les bureaux de bienfaisance ayant pour objectif de r\u00e9cup\u00e9rer des dons et de les faire parvenir aux pauvres, ils apparaissent, comme les qualifie Andr\u00e9 Gueslin, comme des \u00ab\u00a0institutions de l&rsquo;entre-deux\u00a0\u00bb. La philanthropie et l&rsquo;aide publique sont reli\u00e9es, et cela renforce les deux c\u00f4t\u00e9s\u00a0: Un cinqui\u00e8me du budget des bureaux de bienfaisance vient des dons<sup>7<\/sup>, et les aides priv\u00e9es sont plus pr\u00e9sentes que jamais par le pass\u00e9.<\/p>\n<p><sup>1<\/sup> <em>La s\u00e9curit\u00e9 sociale. Son Histoire \u00e0 travers les textes<\/em>, tome 1, p. 118<br \/>\n<sup>2<\/sup> J. Vall\u00e9e, <em>Les d\u00e9p\u00f4ts de mendicit\u00e9 : leur utilisation comme moyen d&rsquo;assistance<\/em>, Paris, Giard et Bri\u00e8re, 1908, p. 67-74<br \/>\n<sup>3<\/sup> A. Gueslin, dans <em>Gens Pauvres, pauvres gens dans la France du XIXe si\u00e8cle<\/em>, Paris, Aubier, 1998, p. 255<br \/>\n<sup>4<\/sup> E. Rostand,<em> L&rsquo;action sociale par l&rsquo;initiative priv\u00e9e<\/em>, tome 1. Paris, 1892, 715 p.<br \/>\n<sup>5<\/sup> A. Gueslin,<em> Gens Pauvres, pauvres gens<\/em>, op. cit. p. 262<br \/>\n<sup>6<\/sup> A. Gueslin, <em>op. cit.<\/em> p. 262<br \/>\n<sup>7<\/sup>D\u2019apr\u00e8s Paul Bucquet, cit\u00e9 par A. Gueslin, <em>Gens pauvres, pauvres gens dans la France du XIXe si\u00e8cle<\/em>, Paris, Aubier, 1998, p. 276<\/p>\n","protected":false},"excerpt":{"rendered":"<p>Sous l\u2019Ancien R\u00e9gime, l&rsquo;action de l&rsquo;Etat contre la pauvret\u00e9 est pr\u00e9sent\u00e9e comme r\u00e9pressive, visant plus \u00e0 \u00e9radiquer la pauvret\u00e9, \u00e0 l&rsquo;\u00e9carter du regard, qu&rsquo;\u00e0 aider les pauvres. Au XIXe si\u00e8cle, cependant, se d\u00e9veloppe une forme d&rsquo;assistance publique, une volont\u00e9 d&rsquo;accompagnement qui peut rappeler les actions priv\u00e9es. On peut s\u00e9parer en trois mouvements les actions publiques &hellip; <a href=\"https:\/\/blogs.univ-jfc.fr\/projetcroixrouge\/pauvrete-action-sanitaire-et-sociale\/pauvrete-action-sanitaire-et-sociale-au-xixe-siecle\/pauvrete-et-action-privee-au-xixe-siecle\/\" class=\"more-link\">Continuer la lecture de <span class=\"screen-reader-text\">Pauvret\u00e9 et action publique au XIXe si\u00e8cle<\/span> <span class=\"meta-nav\">&rarr;<\/span><\/a><\/p>\n","protected":false},"author":117,"featured_media":0,"parent":96,"menu_order":0,"comment_status":"closed","ping_status":"open","template":"","meta":[],"_links":{"self":[{"href":"https:\/\/blogs.univ-jfc.fr\/projetcroixrouge\/wp-json\/wp\/v2\/pages\/368"}],"collection":[{"href":"https:\/\/blogs.univ-jfc.fr\/projetcroixrouge\/wp-json\/wp\/v2\/pages"}],"about":[{"href":"https:\/\/blogs.univ-jfc.fr\/projetcroixrouge\/wp-json\/wp\/v2\/types\/page"}],"author":[{"embeddable":true,"href":"https:\/\/blogs.univ-jfc.fr\/projetcroixrouge\/wp-json\/wp\/v2\/users\/117"}],"replies":[{"embeddable":true,"href":"https:\/\/blogs.univ-jfc.fr\/projetcroixrouge\/wp-json\/wp\/v2\/comments?post=368"}],"version-history":[{"count":14,"href":"https:\/\/blogs.univ-jfc.fr\/projetcroixrouge\/wp-json\/wp\/v2\/pages\/368\/revisions"}],"predecessor-version":[{"id":3274,"href":"https:\/\/blogs.univ-jfc.fr\/projetcroixrouge\/wp-json\/wp\/v2\/pages\/368\/revisions\/3274"}],"up":[{"embeddable":true,"href":"https:\/\/blogs.univ-jfc.fr\/projetcroixrouge\/wp-json\/wp\/v2\/pages\/96"}],"wp:attachment":[{"href":"https:\/\/blogs.univ-jfc.fr\/projetcroixrouge\/wp-json\/wp\/v2\/media?parent=368"}],"curies":[{"name":"wp","href":"https:\/\/api.w.org\/{rel}","templated":true}]}}