{"id":52,"date":"2015-01-05T11:35:23","date_gmt":"2015-01-05T10:35:23","guid":{"rendered":"http:\/\/blogs.univ-jfc.fr\/projetcroixrouge\/?page_id=52"},"modified":"2015-03-28T15:58:49","modified_gmt":"2015-03-28T14:58:49","slug":"la-croix-rouge-et-ses-ecoles","status":"publish","type":"page","link":"https:\/\/blogs.univ-jfc.fr\/projetcroixrouge\/formations-et-professions\/la-croix-rouge-et-ses-ecoles\/","title":{"rendered":"La Croix-Rouge et ses \u00e9coles"},"content":{"rendered":"<figure id=\"attachment_2760\" aria-describedby=\"caption-attachment-2760\" style=\"width: 156px\" class=\"wp-caption alignright\"><a href=\"http:\/\/blogs.univ-jfc.fr\/projetcroixrouge\/wp-content\/uploads\/sites\/40\/2015\/01\/CRmod.png\"><img loading=\"lazy\" class=\" wp-image-2760    \" title=\"Mus\u00e9e de l'Argonne, m\u00e9daille de la SSBM\" alt=\"CRmod\" src=\"http:\/\/blogs.univ-jfc.fr\/projetcroixrouge\/wp-content\/uploads\/sites\/40\/2015\/01\/CRmod-279x300.png\" width=\"156\" height=\"169\" \/><\/a><figcaption id=\"caption-attachment-2760\" class=\"wp-caption-text\">Hommage aux infirmi\u00e8res de la Premi\u00e8re Guerre mondiale<\/figcaption><\/figure>\n<p style=\"text-align: justify\"><span style=\"color: #000000\"><span style=\"font-family: 'Liberation Serif', serif\">Dans une France en pleine la\u00efcisation, la III<sup>e<\/sup> R\u00e9publique voit le mouvement de transfert de l&rsquo;\u00e9ducation dispens\u00e9e par l\u2019\u00c9glise \u00e0 l\u2019\u00c9tat s&rsquo;acc\u00e9l\u00e9rer. Cependant, l\u2019\u00c9tat ne peut pas r\u00e9pondre totalement et imm\u00e9diatement \u00e0 l&rsquo;ampleur de ce d\u00e9fi. La charge en est donc laiss\u00e9e \u00e0 des institutions comme la Croix-Rouge qui <a title=\"La gen\u00e8se des \u00e9coles de la Croix-Rouge en France jusqu'en 1877\" href=\"http:\/\/blogs.univ-jfc.fr\/projetcroixrouge\/formations-et-professions\/la-croix-rouge-et-ses-ecoles\/2133-2\/\">cr\u00e9e des \u00e9coles \u00e0 partir de 1877<\/a>.<\/span><\/span><\/p>\n<p>&nbsp;<\/p>\n<p>&nbsp;<\/p>\n<p>&nbsp;<\/p>\n<figure id=\"attachment_2124\" aria-describedby=\"caption-attachment-2124\" style=\"width: 155px\" class=\"wp-caption alignleft\"><img loading=\"lazy\" class=\" wp-image-2124 \" style=\"line-height: 1.5\" title=\"Biblioth\u00e8que nationale de France\" alt=\"\" src=\"http:\/\/blogs.univ-jfc.fr\/projetcroixrouge\/wp-content\/uploads\/sites\/40\/2015\/01\/Infirmiere-158x300.jpg\" width=\"155\" height=\"249\" \/><figcaption id=\"caption-attachment-2124\" class=\"wp-caption-text\">Infirmi\u00e8re de la SSBM (1914-18)<\/figcaption><\/figure>\n<p align=\"justify\"><span style=\"color: #000000\"><span style=\"font-family: 'Liberation Serif', serif\"><span>\u00a0La cr\u00e9ation de ces \u00e9coles entra\u00eene une nouvelle gestion des formations m\u00e9dicales. Ainsi, diff\u00e9rentes techniques d&rsquo;enseignement et de gestion voient le jour et tout un nouveau fonctionnement se met en place. Cette gestion in\u00e9dite voit sa cons\u00e9crat<\/span><\/span><\/span><span style=\"font-family: 'Liberation Serif', serif;color: #000000;line-height: 1.5\">ion en 1922 avec <a title=\"Le fonctionnement des \u00e9coles de la Croix-Rouge\" href=\"http:\/\/blogs.univ-jfc.fr\/projetcroixrouge\/formations-et-professions\/la-croix-rouge-et-ses-ecoles\/le-fonctionnement-des-ecoles-de-la-croix-rouge\/\">la reconnaissance de ces \u00e9coles par l\u2019\u00c9tat.<\/a><\/span><\/p>\n<p>&nbsp;<\/p>\n<p>&nbsp;<\/p>\n<p>&nbsp;<\/p>\n<p>&nbsp;<\/p>\n<p>&nbsp;<\/p>\n<figure id=\"attachment_2125\" aria-describedby=\"caption-attachment-2125\" style=\"width: 300px\" class=\"wp-caption alignright\"><a href=\"http:\/\/blogs.univ-jfc.fr\/projetcroixrouge\/wp-content\/uploads\/sites\/40\/2015\/01\/Apprentissage-du-pansement.jpg\"><img loading=\"lazy\" class=\"size-medium wp-image-2125   \" title=\"Archives de la Croix-Rouge fran\u00e7aise, Paris.\" alt=\"\" src=\"http:\/\/blogs.univ-jfc.fr\/projetcroixrouge\/wp-content\/uploads\/sites\/40\/2015\/01\/Apprentissage-du-pansement-300x189.jpg\" width=\"300\" height=\"189\" srcset=\"https:\/\/blogs.univ-jfc.fr\/projetcroixrouge\/wp-content\/uploads\/sites\/40\/2015\/01\/Apprentissage-du-pansement-300x189.jpg 300w, https:\/\/blogs.univ-jfc.fr\/projetcroixrouge\/wp-content\/uploads\/sites\/40\/2015\/01\/Apprentissage-du-pansement.jpg 782w\" sizes=\"(max-width: 300px) 100vw, 300px\" \/><\/a><figcaption id=\"caption-attachment-2125\" class=\"wp-caption-text\">Apprentissage du pansement &#8211; Lyon &#8211; Seconde Guerre mondiale<\/figcaption><\/figure>\n<p align=\"justify\"><span style=\"color: #000000\"><span style=\"font-family: 'Liberation Serif', serif\"><span>La soci\u00e9t\u00e9 du XX<sup>e<\/sup> si\u00e8cle conna\u00eet une \u00e9volution des soins m\u00e9dicaux. cela a pour cons\u00e9quence de diversifier de plus en plus les formations propos\u00e9es. De surcro\u00eet, la France conna\u00eet une red\u00e9finition du r\u00f4le social et professionnel de la femme. Les \u00e9coles de la Croix-Rouge ont donc d\u00fb s&rsquo;adapter aux <a title=\"L\u2019adaptation aux \u00e9volutions du XXe si\u00e8cle\" href=\"http:\/\/blogs.univ-jfc.fr\/projetcroixrouge\/formations-et-professions\/la-croix-rouge-et-ses-ecoles\/ladaptation-aux-evolutions-du-xxe-siecle\/\">\u00e9volutions de la soci\u00e9t\u00e9 du XXe si\u00e8cle.<\/a><\/span><\/span><\/span><\/p>\n<p>&nbsp;<\/p>\n<p>&nbsp;<\/p>\n<p>&nbsp;<\/p>\n<p><a title=\"En savoir plus sur les \u00e9coles de la Croix-Rouge\" href=\"http:\/\/blogs.univ-jfc.fr\/projetcroixrouge\/formations-et-professions\/la-croix-rouge-et-ses-ecoles\/en-savoir-plus-sur-les-ecoles-de-la-croix-rouge\/\">\u00a0En savoir plus : La Croix-Rouge et les \u00e9coles<\/a><\/p>\n<p>&nbsp;<\/p>\n<p><strong>Etudiantes<\/strong> : Claire Roques et Anne-Isabelle Merlet (L2) ; Kelly Denis, Cindy Rivi\u00e8re, Guillaume Tachenne, Julia Vidal.<\/p>\n","protected":false},"excerpt":{"rendered":"<p>Dans une France en pleine la\u00efcisation, la IIIe R\u00e9publique voit le mouvement de transfert de l&rsquo;\u00e9ducation dispens\u00e9e par l\u2019\u00c9glise \u00e0 l\u2019\u00c9tat s&rsquo;acc\u00e9l\u00e9rer. Cependant, l\u2019\u00c9tat ne peut pas r\u00e9pondre totalement et imm\u00e9diatement \u00e0 l&rsquo;ampleur de ce d\u00e9fi. La charge en est donc laiss\u00e9e \u00e0 des institutions comme la Croix-Rouge qui cr\u00e9e des \u00e9coles \u00e0 partir de &hellip; <a href=\"https:\/\/blogs.univ-jfc.fr\/projetcroixrouge\/formations-et-professions\/la-croix-rouge-et-ses-ecoles\/\" class=\"more-link\">Continuer la lecture de <span class=\"screen-reader-text\">La Croix-Rouge et ses \u00e9coles<\/span> <span class=\"meta-nav\">&rarr;<\/span><\/a><\/p>\n","protected":false},"author":15,"featured_media":0,"parent":8,"menu_order":1,"comment_status":"closed","ping_status":"open","template":"","meta":[],"_links":{"self":[{"href":"https:\/\/blogs.univ-jfc.fr\/projetcroixrouge\/wp-json\/wp\/v2\/pages\/52"}],"collection":[{"href":"https:\/\/blogs.univ-jfc.fr\/projetcroixrouge\/wp-json\/wp\/v2\/pages"}],"about":[{"href":"https:\/\/blogs.univ-jfc.fr\/projetcroixrouge\/wp-json\/wp\/v2\/types\/page"}],"author":[{"embeddable":true,"href":"https:\/\/blogs.univ-jfc.fr\/projetcroixrouge\/wp-json\/wp\/v2\/users\/15"}],"replies":[{"embeddable":true,"href":"https:\/\/blogs.univ-jfc.fr\/projetcroixrouge\/wp-json\/wp\/v2\/comments?post=52"}],"version-history":[{"count":22,"href":"https:\/\/blogs.univ-jfc.fr\/projetcroixrouge\/wp-json\/wp\/v2\/pages\/52\/revisions"}],"predecessor-version":[{"id":3516,"href":"https:\/\/blogs.univ-jfc.fr\/projetcroixrouge\/wp-json\/wp\/v2\/pages\/52\/revisions\/3516"}],"up":[{"embeddable":true,"href":"https:\/\/blogs.univ-jfc.fr\/projetcroixrouge\/wp-json\/wp\/v2\/pages\/8"}],"wp:attachment":[{"href":"https:\/\/blogs.univ-jfc.fr\/projetcroixrouge\/wp-json\/wp\/v2\/media?parent=52"}],"curies":[{"name":"wp","href":"https:\/\/api.w.org\/{rel}","templated":true}]}}