{"id":59,"date":"2015-01-05T11:38:26","date_gmt":"2015-01-05T10:38:26","guid":{"rendered":"http:\/\/blogs.univ-jfc.fr\/projetcroixrouge\/?page_id=59"},"modified":"2015-03-30T10:05:00","modified_gmt":"2015-03-30T09:05:00","slug":"la-croix-rouge-et-ses-formations-2","status":"publish","type":"page","link":"https:\/\/blogs.univ-jfc.fr\/projetcroixrouge\/formations-et-professions\/la-croix-rouge-et-ses-formations-2\/","title":{"rendered":"Les formations de la Croix-Rouge"},"content":{"rendered":"<figure id=\"attachment_1366\" aria-describedby=\"caption-attachment-1366\" style=\"width: 84px\" class=\"wp-caption alignleft\"><a href=\"http:\/\/blogs.univ-jfc.fr\/projetcroixrouge\/wp-content\/uploads\/sites\/40\/2015\/01\/croix-rouge1.jpg\"><img loading=\"lazy\" class=\" wp-image-1366   \" title=\"Banni\u00e8re de l'organisme SSBM de Paris \u00e0 partir de1864. Clich\u00e9 Croix Rouge.\" alt=\"1864\" src=\"http:\/\/blogs.univ-jfc.fr\/projetcroixrouge\/wp-content\/uploads\/sites\/40\/2015\/01\/croix-rouge1-150x150.jpg\" width=\"84\" height=\"84\" srcset=\"https:\/\/blogs.univ-jfc.fr\/projetcroixrouge\/wp-content\/uploads\/sites\/40\/2015\/01\/croix-rouge1-150x150.jpg 150w, https:\/\/blogs.univ-jfc.fr\/projetcroixrouge\/wp-content\/uploads\/sites\/40\/2015\/01\/croix-rouge1.jpg 223w\" sizes=\"(max-width: 84px) 100vw, 84px\" \/><\/a><figcaption id=\"caption-attachment-1366\" class=\"wp-caption-text\">1864.<\/figcaption><\/figure>\n<p align=\"JUSTIFY\"><span style=\"font-family: Arial, sans-serif\"><span style=\"font-size: medium\"><span style=\"color: #000000\">Au XIX<\/span><span style=\"color: #000000\"><sup>e<\/sup><\/span><span style=\"color: #000000\"> si\u00e8cle, se poursuit en France la tradition multis\u00e9culaire de d\u00e9l\u00e9guer aux\u00a0<\/span><\/span><\/span><span style=\"font-family: Arial, sans-serif\"><span style=\"font-size: medium\"><span style=\"color: #000000\">organismes religieux l&rsquo;action de soigner et d&rsquo;assister les plus vuln\u00e9rables dans plusieurs structures d&rsquo;accueil. L\u2019\u00c9tat intervenant finalement peu. Face aux faiblesses de ces institutions, le besoin de cr\u00e9er <\/span><span style=\"color: #ff6600\"><a title=\"UN ORGANISME ALTERNATIF \u00c0 L\u2019ACTION DE L\u2019EGLISE ET DE L\u2019ETAT\" href=\"http:\/\/blogs.univ-jfc.fr\/projetcroixrouge\/formations-et-professions\/la-croix-rouge-et-ses-formations-2\/un-organisme-alternatif-a-laction-de-leglise-et-de-letat\/\"><span style=\"color: #ff6600\"><span style=\"text-decoration: underline\">un organisme alternatif \u00e0 l&rsquo;action de l\u2019\u00c9glise et de l\u2019\u00c9tat<\/span><\/span><\/a><\/span><span style=\"color: #000000\"> a pris forme<\/span><span style=\"color: #000000\"><i> sous le nom de<\/i><\/span><em><span style=\"color: #000000\"> Soci\u00e9t\u00e9 de Secours aux Bless\u00e9s<\/span><\/em><span style=\"color: #000000\"><i> Militaires<\/i><\/span><span style=\"color: #000000\">,<\/span><span style=\"color: #000000\"> ancienne d\u00e9nomination de la Croix-Rouge fran\u00e7aise jusqu&rsquo;en 1940.<\/span><\/span><\/span><\/p>\n<figure id=\"attachment_2037\" aria-describedby=\"caption-attachment-2037\" style=\"width: 110px\" class=\"wp-caption alignright\"><a href=\"http:\/\/blogs.univ-jfc.fr\/projetcroixrouge\/wp-content\/uploads\/sites\/40\/2015\/01\/Affiche-d\u00e9crivant-les-formations-de-la-CR-\u00e0-partir-de-1880-Source-site-de-la-CRF-Pour-Intro.jpg\"><img loading=\"lazy\" class=\" wp-image-2037     \" title=\"Affiche de la Croix Rouge montrant les formations propos\u00e9es en 1880.\" alt=\"Les formations de la Croix Rouge (1880)\" src=\"http:\/\/blogs.univ-jfc.fr\/projetcroixrouge\/wp-content\/uploads\/sites\/40\/2015\/01\/Affiche-d\u00e9crivant-les-formations-de-la-CR-\u00e0-partir-de-1880-Source-site-de-la-CRF-Pour-Intro-189x300.jpg\" width=\"110\" height=\"176\" srcset=\"https:\/\/blogs.univ-jfc.fr\/projetcroixrouge\/wp-content\/uploads\/sites\/40\/2015\/01\/Affiche-d\u00e9crivant-les-formations-de-la-CR-\u00e0-partir-de-1880-Source-site-de-la-CRF-Pour-Intro-189x300.jpg 189w, https:\/\/blogs.univ-jfc.fr\/projetcroixrouge\/wp-content\/uploads\/sites\/40\/2015\/01\/Affiche-d\u00e9crivant-les-formations-de-la-CR-\u00e0-partir-de-1880-Source-site-de-la-CRF-Pour-Intro.jpg 378w\" sizes=\"(max-width: 110px) 100vw, 110px\" \/><\/a><figcaption id=\"caption-attachment-2037\" class=\"wp-caption-text\">1880<\/figcaption><\/figure>\n<p align=\"JUSTIFY\"><span style=\"font-family: Arial, sans-serif\"><span style=\"font-size: medium\">La Croix-Rouge propose, depuis la fin du XIX<sup>e<\/sup> si\u00e8cle, une grande<span style=\"color: #ff6600\"> <span style=\"text-decoration: underline\"><a title=\"La diversit\u00e9 des formations\" href=\"http:\/\/blogs.univ-jfc.fr\/projetcroixrouge\/formations-et-professions\/la-croix-rouge-et-ses-formations-2\/1213-2\/\"><span style=\"color: #ff6600;text-decoration: underline\">diversit\u00e9 de<\/span><\/a><\/span><span style=\"text-decoration: underline\">\u00a0<\/span><\/span><\/span><\/span><span style=\"font-family: Arial, sans-serif\"><span style=\"font-size: medium\"><span style=\"text-decoration: underline\"><span style=\"color: #ff6600\"><a title=\"La diversit\u00e9 des formations\" href=\"http:\/\/blogs.univ-jfc.fr\/projetcroixrouge\/formations-et-professions\/la-croix-rouge-et-ses-formations-2\/1213-2\/\"><span style=\"color: #ff6600;text-decoration: underline\">formations.<\/span><\/a><\/span><\/span> Tout type de situations y est abord\u00e9 : les risques du quotidien, les\u00a0<\/span><\/span><span style=\"font-family: Arial, sans-serif\"><span style=\"font-size: medium\">premiers soins \u00e0 apporter lors d&rsquo;une catastrophe naturelle ou encore les premiers r\u00e9flexes \u00e0 avoir face \u00e0 un bless\u00e9 grave. L&rsquo;int\u00e9r\u00eat de ces formations r\u00e9side dans leur ad\u00e9quation \u00e0 un large public, \u00e0 la fois dans son profil et son origine g\u00e9ographique, rassemblant des \u00e9l\u00e8ves originaires de toute la France et de l&rsquo;\u00e9tranger, enfants ou adultes,\u00a0 particuliers ou professionnels.<\/span><\/span><\/p>\n<figure id=\"attachment_2038\" aria-describedby=\"caption-attachment-2038\" style=\"width: 147px\" class=\"wp-caption aligncenter\"><a href=\"http:\/\/blogs.univ-jfc.fr\/projetcroixrouge\/wp-content\/uploads\/sites\/40\/2015\/01\/banniere-web-psc1-300x250.gif\"><img loading=\"lazy\" class=\"wp-image-2038 \" title=\"Un formateur de la Croix Rouge dispensant une formation au secourisme et \u00e0 la pr\u00e9vention aux risques infantiles\" alt=\"Formation au secourisme infantile \" src=\"http:\/\/blogs.univ-jfc.fr\/projetcroixrouge\/wp-content\/uploads\/sites\/40\/2015\/01\/banniere-web-psc1-300x250.gif\" width=\"147\" height=\"130\" \/><\/a><figcaption id=\"caption-attachment-2038\" class=\"wp-caption-text\">Formation au secourisme infantile<\/figcaption><\/figure>\n<p style=\"text-align: justify\">La Croix-Rouge est en\u00a0<span style=\"text-decoration: underline;color: #ff6600\"><a title=\"Des formations en perp\u00e9tuelle \u00e9volution\" href=\"http:\/\/blogs.univ-jfc.fr\/projetcroixrouge\/formations-et-professions\/la-croix-rouge-et-ses-formations-2\/des-formations-en-perpetuelle-evolution\/\"><span style=\"color: #ff6600;text-decoration: underline\">constante \u00e9volution.<\/span><\/a><\/span>\u00a0Elle met tout en \u0153uvre afin de r\u00e9pondre aux besoins de tous. Aujourd&rsquo;hui, comme hier, les changements de la soci\u00e9t\u00e9 obligent la Croix-Rouge \u00e0 s&rsquo;adapter. A l&rsquo;origine, organisme de secours aux bless\u00e9s militaires, la Croix-Rouge propose, au XXIe si\u00e8cle, un large palette de formations, en lien avec les probl\u00e8mes actuels.<\/p>\n<p style=\"text-align: justify\"><a title=\"En savoir plus : Les formations de la Croix-Rouge\" href=\"http:\/\/blogs.univ-jfc.fr\/projetcroixrouge\/formations-et-professions\/la-croix-rouge-et-ses-formations-2\/en-savoir-plus-les-formations-de-la-croix-rouge\/\">En savoir plus : Les formations de la Croix-Rouge<\/a><\/p>\n<p style=\"text-align: justify\"><span style=\"color: #ff0000\"><span style=\"color: #000000\">\u00a0<\/span><\/span><\/p>\n<p style=\"text-align: justify\"><span style=\"color: #ff0000\"><span style=\"color: #000000\">Etudiants: Antony Rodrigues (L2) ; Caroline Spielmann (L1) ; Charlotte Vaissier ( L1).<\/span><\/span><\/p>\n<dl class=\"wp-caption alignright\" id=\"attachment_1204\" style=\"width: 100px\">\n<dt class=\"wp-caption-dt\"><\/dt>\n<dd class=\"wp-caption-dd\">\u00a0<\/dd>\n<\/dl>\n<dl class=\"wp-caption alignright\" id=\"attachment_1204\" style=\"width: 144px\">\n<dt class=\"wp-caption-dt\"><\/dt>\n<dd class=\"wp-caption-dd\"><span style=\"color: #141412;font-size: 16px;line-height: 1.5\"><strong><span style=\"color: #ff0000\">\u00a0<\/span><\/strong><\/span><\/dd>\n<\/dl>\n","protected":false},"excerpt":{"rendered":"<p>Au XIXe si\u00e8cle, se poursuit en France la tradition multis\u00e9culaire de d\u00e9l\u00e9guer aux\u00a0organismes religieux l&rsquo;action de soigner et d&rsquo;assister les plus vuln\u00e9rables dans plusieurs structures d&rsquo;accueil. L\u2019\u00c9tat intervenant finalement peu. Face aux faiblesses de ces institutions, le besoin de cr\u00e9er un organisme alternatif \u00e0 l&rsquo;action de l\u2019\u00c9glise et de l\u2019\u00c9tat a pris forme sous le &hellip; <a href=\"https:\/\/blogs.univ-jfc.fr\/projetcroixrouge\/formations-et-professions\/la-croix-rouge-et-ses-formations-2\/\" class=\"more-link\">Continuer la lecture de <span class=\"screen-reader-text\">Les formations de la Croix-Rouge<\/span> <span class=\"meta-nav\">&rarr;<\/span><\/a><\/p>\n","protected":false},"author":15,"featured_media":0,"parent":8,"menu_order":3,"comment_status":"closed","ping_status":"open","template":"","meta":[],"_links":{"self":[{"href":"https:\/\/blogs.univ-jfc.fr\/projetcroixrouge\/wp-json\/wp\/v2\/pages\/59"}],"collection":[{"href":"https:\/\/blogs.univ-jfc.fr\/projetcroixrouge\/wp-json\/wp\/v2\/pages"}],"about":[{"href":"https:\/\/blogs.univ-jfc.fr\/projetcroixrouge\/wp-json\/wp\/v2\/types\/page"}],"author":[{"embeddable":true,"href":"https:\/\/blogs.univ-jfc.fr\/projetcroixrouge\/wp-json\/wp\/v2\/users\/15"}],"replies":[{"embeddable":true,"href":"https:\/\/blogs.univ-jfc.fr\/projetcroixrouge\/wp-json\/wp\/v2\/comments?post=59"}],"version-history":[{"count":48,"href":"https:\/\/blogs.univ-jfc.fr\/projetcroixrouge\/wp-json\/wp\/v2\/pages\/59\/revisions"}],"predecessor-version":[{"id":3555,"href":"https:\/\/blogs.univ-jfc.fr\/projetcroixrouge\/wp-json\/wp\/v2\/pages\/59\/revisions\/3555"}],"up":[{"embeddable":true,"href":"https:\/\/blogs.univ-jfc.fr\/projetcroixrouge\/wp-json\/wp\/v2\/pages\/8"}],"wp:attachment":[{"href":"https:\/\/blogs.univ-jfc.fr\/projetcroixrouge\/wp-json\/wp\/v2\/media?parent=59"}],"curies":[{"name":"wp","href":"https:\/\/api.w.org\/{rel}","templated":true}]}}