{"id":626,"date":"2015-02-26T10:26:49","date_gmt":"2015-02-26T09:26:49","guid":{"rendered":"http:\/\/blogs.univ-jfc.fr\/projetcroixrouge\/?page_id=626"},"modified":"2015-04-01T13:48:51","modified_gmt":"2015-04-01T12:48:51","slug":"la-notion-daction-humanitaire","status":"publish","type":"page","link":"https:\/\/blogs.univ-jfc.fr\/projetcroixrouge\/lhumanitaire-en-questions\/la-notion-daction-humanitaire\/","title":{"rendered":"La notion d&rsquo;Action Humanitaire"},"content":{"rendered":"<ul>\n<li>\n<p align=\"JUSTIFY\"><span style=\"font-family: Arial, sans-serif\"><span style=\"font-size: medium\">L&rsquo;histoire de la notion d&rsquo;aide humanitaire est intimement li\u00e9e \u00e0 celle de l&rsquo;extension du statut d&rsquo;humain \u00e0 des groupes d&rsquo;individus auxquels ce droit n&rsquo;\u00e9tait jusqu&rsquo;alors pas reconnu.\u00a0<\/span><\/span><span style=\"font-family: Arial, sans-serif\"><span style=\"font-size: medium\">Selon les convictions ou les int\u00e9r\u00eats de chacun, on peut choisir de faire d\u00e9buter cette <a href=\"http:\/\/blogs.univ-jfc.fr\/projetcroixrouge\/lhumanitaire-en-questions\/la-notion-daction-humanitaire\/prehistoire-de-lhumanitaire\/\">\u00abarch\u00e9ologie\u00a0\u00bb de l\u2019humanitaire<\/a> \u00e0 diverses p\u00e9riodes de l\u2019histoire<\/span><\/span><span style=\"font-family: Arial, sans-serif\"><span style=\"font-size: medium\">.\u00a0<\/span><\/span><span style=\"color: #000000\"><span style=\"font-family: Arial, sans-serif\"><span style=\"font-size: medium\">Nous avons choisi d\u2019\u00e9clairer ici sur le <\/span><\/span><\/span><span style=\"color: #000000\"><span style=\"font-family: Arial, sans-serif\"><span style=\"font-size: medium\">lie<\/span><\/span><\/span><span style=\"font-family: Arial, sans-serif\"><span style=\"font-size: medium\">n ancien entre notion d&rsquo;humanitaire et religion, lien dont la s\u00e9cularisation permet \u00e0 partir du XIX<\/span><\/span><sup><span style=\"font-family: Arial, sans-serif\"><span style=\"font-size: medium\">e<\/span><\/span><\/sup><span style=\"font-family: Arial, sans-serif\"><span style=\"font-size: medium\"> si\u00e8cle le d\u00e9veloppement de l\u2019humanitaire \u00ab\u00a0moderne\u00a0\u00bb. Nous suivrons donc cette \u00e9volution depuis le \u00ab\u00a0Beau Moyen-Age\u00a0\u00bb jusqu&rsquo;\u00e0 la cr\u00e9ation du CICR en 1863.<\/span><\/span><\/p>\n<\/li>\n<\/ul>\n<figure id=\"attachment_1629\" aria-describedby=\"caption-attachment-1629\" style=\"width: 252px\" class=\"wp-caption aligncenter\"><a href=\"http:\/\/blogs.univ-jfc.fr\/projetcroixrouge\/wp-content\/uploads\/sites\/40\/2015\/02\/La-charit\u00e9-chr\u00e9tienne.jpg\"><img loading=\"lazy\" class=\" wp-image-1629  \" alt=\"La charit\u00e9 chr\u00e9tienne\" src=\"http:\/\/blogs.univ-jfc.fr\/projetcroixrouge\/wp-content\/uploads\/sites\/40\/2015\/02\/La-charit\u00e9-chr\u00e9tienne-300x221.jpg\" width=\"252\" height=\"186\" srcset=\"https:\/\/blogs.univ-jfc.fr\/projetcroixrouge\/wp-content\/uploads\/sites\/40\/2015\/02\/La-charit\u00e9-chr\u00e9tienne-300x221.jpg 300w, https:\/\/blogs.univ-jfc.fr\/projetcroixrouge\/wp-content\/uploads\/sites\/40\/2015\/02\/La-charit\u00e9-chr\u00e9tienne.jpg 402w\" sizes=\"(max-width: 252px) 100vw, 252px\" \/><\/a><figcaption id=\"caption-attachment-1629\" class=\"wp-caption-text\">Vitrail de l&rsquo;\u00e9glise Saint-Jean Baptiste \u00e0 Saint-Jean-d&rsquo;Ang\u00e9ly\u00a0:\u00a0\u00ab\u00a0Sainte Radegonde fait l\u2019aum\u00f4ne aux pauvres\u00a0\u00bb<\/figcaption><\/figure>\n<ul>\n<li>\n<p align=\"JUSTIFY\"><span style=\"font-family: Arial, sans-serif\"><span style=\"color: #141412\"><span style=\"font-size: medium\">Par le biais de cette institutionnalisation politique \u00e0 travers le CICR, la Croix-Rouge entame un long combat via son action mat\u00e9rielle et humaine. Au d\u00e9but du XX si\u00e8cle, les deux guerres mondiales projettent ce mouvement \u00e0 but humanitaire sur la sc\u00e8ne plan\u00e9taire, d&rsquo;abord europ\u00e9enne puis internationale. Ces conflits provoquent une\u00a0<\/span><\/span><a href=\"http:\/\/blogs.univ-jfc.fr\/projetcroixrouge\/lhumanitaire-en-questions\/la-notion-daction-humanitaire\/lhumanitaire-face-aux-enjeux-du-xxieme-siecle\/\"><span style=\"color: #ac0404\"><span style=\"font-size: medium\">mutation de la Croix-Rouge au contact des conflits mondiaux.<\/span><\/span><\/a><span style=\"color: #141412\"><span style=\"font-size: medium\">\u00a0Cet \u00e9largissement de son champ d&rsquo;action prend de l&rsquo;ampleur avec les d\u00e9buts de la formation des blocs id\u00e9ologiques durant la Guerre Froide, et les nouvelles conjonctures politiques qui en d\u00e9coulent.\u00a0<\/span><\/span><\/span><\/p>\n<\/li>\n<\/ul>\n<figure id=\"attachment_1561\" aria-describedby=\"caption-attachment-1561\" style=\"width: 165px\" class=\"wp-caption aligncenter\"><a href=\"http:\/\/blogs.univ-jfc.fr\/projetcroixrouge\/wp-content\/uploads\/sites\/40\/2015\/02\/Ter11.jpg\"><img loading=\"lazy\" class=\"wp-image-1561       \" alt=\"Ter11\" src=\"http:\/\/blogs.univ-jfc.fr\/projetcroixrouge\/wp-content\/uploads\/sites\/40\/2015\/02\/Ter11-196x300.jpg\" width=\"165\" height=\"252\" srcset=\"https:\/\/blogs.univ-jfc.fr\/projetcroixrouge\/wp-content\/uploads\/sites\/40\/2015\/02\/Ter11-196x300.jpg 196w, https:\/\/blogs.univ-jfc.fr\/projetcroixrouge\/wp-content\/uploads\/sites\/40\/2015\/02\/Ter11.jpg 670w\" sizes=\"(max-width: 165px) 100vw, 165px\" \/><\/a><figcaption id=\"caption-attachment-1561\" class=\"wp-caption-text\">Carte postale de la Croix-Rouge de 14-18<\/figcaption><\/figure>\n<ul>\n<li>\n<p align=\"JUSTIFY\"><span style=\"color: #141412\"><span style=\"font-family: Arial, sans-serif\"><span style=\"font-size: medium\">Suite aux crises du XX\u00e8me si\u00e8cle, l&rsquo;humanitaire profite de la mise en place d&rsquo;un nouvel ordre mondial afin d&rsquo;\u00e9voluer pour \u00eatre toujours plus moderne et juste. \u00c9tudier<\/span><\/span><\/span><a href=\"http:\/\/blogs.univ-jfc.fr\/projetcroixrouge\/lhumanitaire-en-questions\/la-notion-daction-humanitaire\/lhumanitaire-face-aux-enjeux-de-la-mondialisation\/\"><span style=\"color: #ac0404\"><span style=\"font-family: Arial, sans-serif\"><span style=\"font-size: medium\">\u00a0l&rsquo;action humanitaire face aux enjeux de la mondialisation<\/span><\/span><\/span><\/a><span style=\"color: #000080\"><span style=\"font-family: Arial, sans-serif\"><span style=\"font-size: medium\"><span style=\"text-decoration: underline\">,<\/span><\/span><\/span><\/span><span style=\"color: #141412\"><span style=\"font-family: Arial, sans-serif\"><span style=\"font-size: medium\">\u00a0c&rsquo;est observer une multitude de nouveaut\u00e9s apportant son lot de progr\u00e8s mais aussi de limites. Les acteurs de l&rsquo;humanitaire doivent se questionner sur leur rapport au monde multipolaire et ses nouvelles interactions.<\/span><\/span><\/span><\/p>\n<\/li>\n<\/ul>\n<figure id=\"attachment_3556\" aria-describedby=\"caption-attachment-3556\" style=\"width: 300px\" class=\"wp-caption aligncenter\"><a href=\"http:\/\/blogs.univ-jfc.fr\/projetcroixrouge\/wp-content\/uploads\/sites\/40\/2015\/02\/v-p-sn-e-00224.jpg\"><img loading=\"lazy\" class=\"size-medium wp-image-3556 \" alt=\"v-p-sn-e-00224\" src=\"http:\/\/blogs.univ-jfc.fr\/projetcroixrouge\/wp-content\/uploads\/sites\/40\/2015\/02\/v-p-sn-e-00224-300x199.jpg\" width=\"300\" height=\"199\" srcset=\"https:\/\/blogs.univ-jfc.fr\/projetcroixrouge\/wp-content\/uploads\/sites\/40\/2015\/02\/v-p-sn-e-00224-300x199.jpg 300w, https:\/\/blogs.univ-jfc.fr\/projetcroixrouge\/wp-content\/uploads\/sites\/40\/2015\/02\/v-p-sn-e-00224.jpg 500w\" sizes=\"(max-width: 300px) 100vw, 300px\" \/><\/a><figcaption id=\"caption-attachment-3556\" class=\"wp-caption-text\">Distribution de vivres et de semences au S\u00e9n\u00e9gal en 2012<\/figcaption><\/figure>\n<p align=\"JUSTIFY\"><span style=\"font-family: Arial, sans-serif\"><span style=\"font-size: medium\">Corbon Aubin (L1)., Guarisco Tom\u00e1s (L2)<\/span><\/span><span style=\"font-family: Arial, sans-serif\"><span style=\"font-size: medium\">., Cussac Cl\u00e9ment (L1).<\/span><\/span><\/p>\n","protected":false},"excerpt":{"rendered":"<p>L&rsquo;histoire de la notion d&rsquo;aide humanitaire est intimement li\u00e9e \u00e0 celle de l&rsquo;extension du statut d&rsquo;humain \u00e0 des groupes d&rsquo;individus auxquels ce droit n&rsquo;\u00e9tait jusqu&rsquo;alors pas reconnu.\u00a0Selon les convictions ou les int\u00e9r\u00eats de chacun, on peut choisir de faire d\u00e9buter cette \u00abarch\u00e9ologie\u00a0\u00bb de l\u2019humanitaire \u00e0 diverses p\u00e9riodes de l\u2019histoire.\u00a0Nous avons choisi d\u2019\u00e9clairer ici sur le &hellip; <a href=\"https:\/\/blogs.univ-jfc.fr\/projetcroixrouge\/lhumanitaire-en-questions\/la-notion-daction-humanitaire\/\" class=\"more-link\">Continuer la lecture de <span class=\"screen-reader-text\">La notion d&rsquo;Action Humanitaire<\/span> <span class=\"meta-nav\">&rarr;<\/span><\/a><\/p>\n","protected":false},"author":20,"featured_media":0,"parent":1186,"menu_order":0,"comment_status":"closed","ping_status":"open","template":"","meta":[],"_links":{"self":[{"href":"https:\/\/blogs.univ-jfc.fr\/projetcroixrouge\/wp-json\/wp\/v2\/pages\/626"}],"collection":[{"href":"https:\/\/blogs.univ-jfc.fr\/projetcroixrouge\/wp-json\/wp\/v2\/pages"}],"about":[{"href":"https:\/\/blogs.univ-jfc.fr\/projetcroixrouge\/wp-json\/wp\/v2\/types\/page"}],"author":[{"embeddable":true,"href":"https:\/\/blogs.univ-jfc.fr\/projetcroixrouge\/wp-json\/wp\/v2\/users\/20"}],"replies":[{"embeddable":true,"href":"https:\/\/blogs.univ-jfc.fr\/projetcroixrouge\/wp-json\/wp\/v2\/comments?post=626"}],"version-history":[{"count":29,"href":"https:\/\/blogs.univ-jfc.fr\/projetcroixrouge\/wp-json\/wp\/v2\/pages\/626\/revisions"}],"predecessor-version":[{"id":3622,"href":"https:\/\/blogs.univ-jfc.fr\/projetcroixrouge\/wp-json\/wp\/v2\/pages\/626\/revisions\/3622"}],"up":[{"embeddable":true,"href":"https:\/\/blogs.univ-jfc.fr\/projetcroixrouge\/wp-json\/wp\/v2\/pages\/1186"}],"wp:attachment":[{"href":"https:\/\/blogs.univ-jfc.fr\/projetcroixrouge\/wp-json\/wp\/v2\/media?parent=626"}],"curies":[{"name":"wp","href":"https:\/\/api.w.org\/{rel}","templated":true}]}}