{"id":677,"date":"2015-03-05T08:59:55","date_gmt":"2015-03-05T07:59:55","guid":{"rendered":"http:\/\/blogs.univ-jfc.fr\/projetcroixrouge\/?page_id=677"},"modified":"2015-03-29T22:12:02","modified_gmt":"2015-03-29T21:12:02","slug":"la-philosophie-le-droit-et-laction-humanitaire","status":"publish","type":"page","link":"https:\/\/blogs.univ-jfc.fr\/projetcroixrouge\/lhumanitaire-en-questions\/la-philosophie-le-droit-et-laction-humanitaire\/","title":{"rendered":"La philosophie, le droit et l&rsquo;action humanitaire"},"content":{"rendered":"<figure style=\"width: 216px\" class=\"wp-caption alignleft\"><a href=\"http:\/\/blogs.univ-jfc.fr\/projetcroixrouge\/wp-content\/uploads\/sites\/40\/2015\/03\/Comit\u00e9-des-Cinq.jpg\"><img loading=\"lazy\" title=\"Comit\u00e9 des Cinq\" alt=\"Comit\u00e9 des Cinq\" src=\"http:\/\/blogs.univ-jfc.fr\/projetcroixrouge\/wp-content\/uploads\/sites\/40\/2015\/03\/Comit\u00e9-des-Cinq-300x160.jpg\" width=\"216\" height=\"127\" \/><\/a><figcaption class=\"wp-caption-text\">Comit\u00e9 des Cinq<\/figcaption><\/figure>\n<p align=\"justify\">En 1864, la Convention de Gen\u00e8ve donne une structure l\u00e9gale aux\u00a0 propositions de Dunant et cr\u00e9e un statut juridique pour l&rsquo;action humanitaire. C&rsquo;est la cr\u00e9ation du <a title=\"Droit International Humanitaire\" href=\"http:\/\/blogs.univ-jfc.fr\/projetcroixrouge\/lhumanitaire-en-questions\/la-philosophie-le-droit-et-laction-humanitaire\/philosophie-droit-et-action-humanitaire\/\">Droit International Humanitaire<\/a> (DIH) qui r\u00e9glemente l&rsquo;action humanitaire et permet aux populations de b\u00e9n\u00e9ficier d&rsquo;une aide sans distinction.<\/p>\n<p align=\"justify\"><span style=\"color: #ffffff\">.<\/span><\/p>\n<figure style=\"width: 240px\" class=\"wp-caption alignright\"><a href=\"http:\/\/blogs.univ-jfc.fr\/projetcroixrouge\/wp-content\/uploads\/sites\/40\/2015\/03\/Bernard-Kouchner-en-Somalie-2.jpg\"><img loading=\"lazy\" class=\" \" title=\"Bernard Kouchner et les M\u00e9decins Sans Fronti\u00e8res en Somalie\" alt=\"Bernard Kouchner en Somalie\" src=\"http:\/\/blogs.univ-jfc.fr\/projetcroixrouge\/wp-content\/uploads\/sites\/40\/2015\/03\/Bernard-Kouchner-en-Somalie-2-300x199.jpg\" width=\"240\" height=\"159\" \/><\/a><figcaption class=\"wp-caption-text\">Bernard Kouchner et M\u00e9decins Sans Fronti\u00e8res<\/figcaption><\/figure>\n<p align=\"justify\">Dans les ann\u00e9es 1980, le DIH ne suffit plus \u00e0 r\u00e9pondre \u00e0 l&rsquo;\u00e9volution des besoins de l&rsquo;action humanitaire. Les accusations d&rsquo;immobilisme dont le DIH a fait l&rsquo;objet ont entra\u00een\u00e9 la th\u00e9orisation du principe d&rsquo;<a title=\"Droit d\u2019Ing\u00e9rence\" href=\"http:\/\/blogs.univ-jfc.fr\/projetcroixrouge\/lhumanitaire-en-questions\/la-philosophie-le-droit-et-laction-humanitaire\/droit-dingerence\/\">ing\u00e9rence humanitaire<\/a>. Sa cr\u00e9ation remet en cause les principes moraux \u00e9tablis par les Conventions de Gen\u00e8ve.<\/p>\n<p align=\"justify\"><span style=\"color: #ffffff\">.<\/span><\/p>\n<p align=\"justify\"><span style=\"color: #ffffff\">.<\/span><\/p>\n<p align=\"justify\"><strong>\u00c9tudiantes:<\/strong> Sol\u00e8ne Hollinger, Margot Hanus, Pauline Gausserand<\/p>\n","protected":false},"excerpt":{"rendered":"<p>En 1864, la Convention de Gen\u00e8ve donne une structure l\u00e9gale aux\u00a0 propositions de Dunant et cr\u00e9e un statut juridique pour l&rsquo;action humanitaire. C&rsquo;est la cr\u00e9ation du Droit International Humanitaire (DIH) qui r\u00e9glemente l&rsquo;action humanitaire et permet aux populations de b\u00e9n\u00e9ficier d&rsquo;une aide sans distinction. . Dans les ann\u00e9es 1980, le DIH ne suffit plus \u00e0 &hellip; <a href=\"https:\/\/blogs.univ-jfc.fr\/projetcroixrouge\/lhumanitaire-en-questions\/la-philosophie-le-droit-et-laction-humanitaire\/\" class=\"more-link\">Continuer la lecture de <span class=\"screen-reader-text\">La philosophie, le droit et l&rsquo;action humanitaire<\/span> <span class=\"meta-nav\">&rarr;<\/span><\/a><\/p>\n","protected":false},"author":15,"featured_media":0,"parent":1186,"menu_order":0,"comment_status":"closed","ping_status":"open","template":"","meta":[],"_links":{"self":[{"href":"https:\/\/blogs.univ-jfc.fr\/projetcroixrouge\/wp-json\/wp\/v2\/pages\/677"}],"collection":[{"href":"https:\/\/blogs.univ-jfc.fr\/projetcroixrouge\/wp-json\/wp\/v2\/pages"}],"about":[{"href":"https:\/\/blogs.univ-jfc.fr\/projetcroixrouge\/wp-json\/wp\/v2\/types\/page"}],"author":[{"embeddable":true,"href":"https:\/\/blogs.univ-jfc.fr\/projetcroixrouge\/wp-json\/wp\/v2\/users\/15"}],"replies":[{"embeddable":true,"href":"https:\/\/blogs.univ-jfc.fr\/projetcroixrouge\/wp-json\/wp\/v2\/comments?post=677"}],"version-history":[{"count":7,"href":"https:\/\/blogs.univ-jfc.fr\/projetcroixrouge\/wp-json\/wp\/v2\/pages\/677\/revisions"}],"predecessor-version":[{"id":3543,"href":"https:\/\/blogs.univ-jfc.fr\/projetcroixrouge\/wp-json\/wp\/v2\/pages\/677\/revisions\/3543"}],"up":[{"embeddable":true,"href":"https:\/\/blogs.univ-jfc.fr\/projetcroixrouge\/wp-json\/wp\/v2\/pages\/1186"}],"wp:attachment":[{"href":"https:\/\/blogs.univ-jfc.fr\/projetcroixrouge\/wp-json\/wp\/v2\/media?parent=677"}],"curies":[{"name":"wp","href":"https:\/\/api.w.org\/{rel}","templated":true}]}}