{"id":749,"date":"2015-03-05T09:23:01","date_gmt":"2015-03-05T08:23:01","guid":{"rendered":"http:\/\/blogs.univ-jfc.fr\/projetcroixrouge\/?page_id=749"},"modified":"2015-04-01T18:49:17","modified_gmt":"2015-04-01T17:49:17","slug":"un-service-danimation-en-milieu-hospitalier","status":"publish","type":"page","link":"https:\/\/blogs.univ-jfc.fr\/projetcroixrouge\/la-croix-rouge-tarnaise-hommes-et-institutions\/la-croix-rouge-action-sociale-et-interventions-medicales\/un-service-danimation-en-milieu-hospitalier\/","title":{"rendered":"Un service d&rsquo;animation en milieu hospitalier"},"content":{"rendered":"<p style=\"text-align: justify\">Dans les ann\u00e9es 1970, le projet de monter une biblioth\u00e8que dans les milieux hospitaliers \u00e0 Castres est mis en place, cela consiste \u00e0 pr\u00eater des livres aux malades de l\u2019h\u00f4pital afin de les divertir ou tout simplement de les cultiver. Mais il y a aussi la cr\u00e9ation d\u2019un service d\u2019animation \u00e0 l\u2019h\u00f4pital et en maison de retraite, c\u2019est \u00e0 dire des cours de gym afin de maintenir l\u2019activit\u00e9 des patients, des travaux manuels, des chants, et des sorties. C\u2019est un projet mis en place par des b\u00e9n\u00e9voles de la Croix-Rouge du Tarn ; Madame Daveau pr\u00e9sidente du comit\u00e9 de la Croix-Rouge de Castres et sa collaboratrice <a href=\"http:\/\/blogs.univ-jfc.fr\/projetcroixrouge\/la-croix-rouge-tarnaise-hommes-et-institutions\/la-croix-rouge-action-sociale-et-interventions-medicales\/un-service-danimation-en-milieu-hospitalier\/lucette-guillemart\/\">Madame Guillemart<\/a> dont nous avons recueilli le t\u00e9moignage : \u00ab Nous avons d\u00e9marr\u00e9 l\u2019animation en milieu hospitalier et en maison de retraite, c\u2019est nous qui sommes le point de d\u00e9part de tout ce qu&rsquo;il se passe sur le plan de l\u2019animation en France, rien de tout cela n\u2019existait, cela a d\u00e9marr\u00e9 \u00e0 Castres, il y en avait nulle part en France. Je suis all\u00e9e \u00e0 un conseil national \u00e0 Paris et quand j\u2019ai parl\u00e9 de ce que nous allions lancer tout le monde \u00e9tait \u00e9tonn\u00e9 parce que c\u2019\u00e9tait vraiment une premi\u00e8re. \u00bb Madame Guillemart. C\u2019est en effet, un projet unique en France que la Croix-Rouge tarnaise a d\u00e9velopp\u00e9 gr\u00e2ce \u00e0 l\u2019action et la volont\u00e9 de ses b\u00e9n\u00e9voles.<\/p>\n<p align=\"JUSTIFY\"><span style=\"color: #000000\"><span style=\"font-family: Cambria, serif\"><span style=\"font-size: medium\">\u00a0<\/span><\/span><\/span><\/p>\n","protected":false},"excerpt":{"rendered":"<p>Dans les ann\u00e9es 1970, le projet de monter une biblioth\u00e8que dans les milieux hospitaliers \u00e0 Castres est mis en place, cela consiste \u00e0 pr\u00eater des livres aux malades de l\u2019h\u00f4pital afin de les divertir ou tout simplement de les cultiver. Mais il y a aussi la cr\u00e9ation d\u2019un service d\u2019animation \u00e0 l\u2019h\u00f4pital et en maison &hellip; <a href=\"https:\/\/blogs.univ-jfc.fr\/projetcroixrouge\/la-croix-rouge-tarnaise-hommes-et-institutions\/la-croix-rouge-action-sociale-et-interventions-medicales\/un-service-danimation-en-milieu-hospitalier\/\" class=\"more-link\">Continuer la lecture de <span class=\"screen-reader-text\">Un service d&rsquo;animation en milieu hospitalier<\/span> <span class=\"meta-nav\">&rarr;<\/span><\/a><\/p>\n","protected":false},"author":56,"featured_media":0,"parent":569,"menu_order":0,"comment_status":"closed","ping_status":"open","template":"","meta":[],"_links":{"self":[{"href":"https:\/\/blogs.univ-jfc.fr\/projetcroixrouge\/wp-json\/wp\/v2\/pages\/749"}],"collection":[{"href":"https:\/\/blogs.univ-jfc.fr\/projetcroixrouge\/wp-json\/wp\/v2\/pages"}],"about":[{"href":"https:\/\/blogs.univ-jfc.fr\/projetcroixrouge\/wp-json\/wp\/v2\/types\/page"}],"author":[{"embeddable":true,"href":"https:\/\/blogs.univ-jfc.fr\/projetcroixrouge\/wp-json\/wp\/v2\/users\/56"}],"replies":[{"embeddable":true,"href":"https:\/\/blogs.univ-jfc.fr\/projetcroixrouge\/wp-json\/wp\/v2\/comments?post=749"}],"version-history":[{"count":7,"href":"https:\/\/blogs.univ-jfc.fr\/projetcroixrouge\/wp-json\/wp\/v2\/pages\/749\/revisions"}],"predecessor-version":[{"id":3646,"href":"https:\/\/blogs.univ-jfc.fr\/projetcroixrouge\/wp-json\/wp\/v2\/pages\/749\/revisions\/3646"}],"up":[{"embeddable":true,"href":"https:\/\/blogs.univ-jfc.fr\/projetcroixrouge\/wp-json\/wp\/v2\/pages\/569"}],"wp:attachment":[{"href":"https:\/\/blogs.univ-jfc.fr\/projetcroixrouge\/wp-json\/wp\/v2\/media?parent=749"}],"curies":[{"name":"wp","href":"https:\/\/api.w.org\/{rel}","templated":true}]}}