{"id":75,"date":"2015-01-05T11:46:11","date_gmt":"2015-01-05T10:46:11","guid":{"rendered":"http:\/\/blogs.univ-jfc.fr\/projetcroixrouge\/?page_id=75"},"modified":"2015-04-04T09:19:11","modified_gmt":"2015-04-04T08:19:11","slug":"histoire-du-secourisme-et-de-lintervention-durgence","status":"publish","type":"page","link":"https:\/\/blogs.univ-jfc.fr\/projetcroixrouge\/risque-urgence-guerre\/histoire-du-secourisme-et-de-lintervention-durgence\/","title":{"rendered":"Histoire du secourisme et de l&rsquo;intervention d&rsquo;urgence"},"content":{"rendered":"<figure id=\"attachment_2361\" aria-describedby=\"caption-attachment-2361\" style=\"width: 300px\" class=\"wp-caption alignleft\"><a href=\"http:\/\/blogs.univ-jfc.fr\/projetcroixrouge\/wp-content\/uploads\/sites\/40\/2015\/03\/comit\u00e9-des-cinq.jpg\"><img loading=\"lazy\" class=\"size-medium wp-image-2361 \" alt=\"le Comit\u00e9 des Cinq, fondateurs de la Croix-Rouge\" src=\"http:\/\/blogs.univ-jfc.fr\/projetcroixrouge\/wp-content\/uploads\/sites\/40\/2015\/03\/comit\u00e9-des-cinq-300x160.jpg\" width=\"300\" height=\"160\" srcset=\"https:\/\/blogs.univ-jfc.fr\/projetcroixrouge\/wp-content\/uploads\/sites\/40\/2015\/03\/comit\u00e9-des-cinq-300x160.jpg 300w, https:\/\/blogs.univ-jfc.fr\/projetcroixrouge\/wp-content\/uploads\/sites\/40\/2015\/03\/comit\u00e9-des-cinq.jpg 500w\" sizes=\"(max-width: 300px) 100vw, 300px\" \/><\/a><figcaption id=\"caption-attachment-2361\" class=\"wp-caption-text\">le Comit\u00e9 des Cinq, fondateurs de la Croix-Rouge<\/figcaption><\/figure>\n<p style=\"text-align: justify\">Tout d&rsquo;abord il est important de commencer par un rapide tour d&rsquo;horizon des <a title=\"Valeurs et id\u00e9aux\" href=\"http:\/\/blogs.univ-jfc.fr\/projetcroixrouge\/risque-urgence-guerre\/histoire-du-secourisme-et-de-lintervention-durgence\/valeurs-et-ideaux\/\">valeurs et des id\u00e9aux de la Croix-Rouge<\/a>. Nous allons commencer par les principes fondamentaux puis dans un second temps la codification de ces derniers dans un cadre juridique. Et pour finir nous allons \u00e9voquer les difficult\u00e9s de leurs applications sur le terrain.<\/p>\n<p>&nbsp;<\/p>\n<figure id=\"attachment_2306\" aria-describedby=\"caption-attachment-2306\" style=\"width: 300px\" class=\"wp-caption alignright\"><a href=\"http:\/\/blogs.univ-jfc.fr\/projetcroixrouge\/wp-content\/uploads\/sites\/40\/2015\/03\/hosp_flag.gif\"><img loading=\"lazy\" class=\"size-medium wp-image-2306 \" alt=\"vue a\u00e9rienne d'un h\u00f4pital de campagne avec une croix rouge au sol ainsi que plusieurs autres sur les tentes.\" src=\"http:\/\/blogs.univ-jfc.fr\/projetcroixrouge\/wp-content\/uploads\/sites\/40\/2015\/03\/hosp_flag-300x139.gif\" width=\"300\" height=\"139\" \/><\/a><figcaption id=\"caption-attachment-2306\" class=\"wp-caption-text\">vue a\u00e9rienne d&rsquo;un h\u00f4pital de campagne avec une croix rouge au sol ainsi que plusieurs autres sur les tentes.<\/figcaption><\/figure>\n<p style=\"text-align: justify\"><a title=\"Sauver sur le terrain\" href=\"http:\/\/blogs.univ-jfc.fr\/projetcroixrouge\/risque-urgence-guerre\/histoire-du-secourisme-et-de-lintervention-durgence\/sauver-sur-le-terrain\/\">L&rsquo;action sur le terrain<\/a> est retrac\u00e9e depuis le XIX<sup>e<\/sup> si\u00e8cle incluant ainsi les initiatives des pr\u00e9curseurs de la Croix-Rouge, elles se poursuivent avec la cr\u00e9ation de la Croix-Rouge et prennent deux facettes majeures l&rsquo;aide aux soldats et l&rsquo;aide humanitaire.<\/p>\n<p>&nbsp;<\/p>\n<p>&nbsp;<\/p>\n<p>&nbsp;<\/p>\n<figure id=\"attachment_2238\" aria-describedby=\"caption-attachment-2238\" style=\"width: 200px\" class=\"wp-caption alignleft\"><a href=\"http:\/\/blogs.univ-jfc.fr\/projetcroixrouge\/wp-content\/uploads\/sites\/40\/2015\/03\/A-Bit-Of-Home-Red-Cross-St-John-needs-your-help-for-Prisoners-of-War.jpg\"><img loading=\"lazy\" class=\"size-medium wp-image-2238 \" alt=\"Affiche anglaise de la Seconde Guerre mondiale &quot;un morceau de la maison&quot; La Croix-Rouge et l'ordre de St Jean ont besoin de votre aide pour les prisonniers de guerre\" src=\"http:\/\/blogs.univ-jfc.fr\/projetcroixrouge\/wp-content\/uploads\/sites\/40\/2015\/03\/A-Bit-Of-Home-Red-Cross-St-John-needs-your-help-for-Prisoners-of-War-200x300.jpg\" width=\"200\" height=\"300\" srcset=\"https:\/\/blogs.univ-jfc.fr\/projetcroixrouge\/wp-content\/uploads\/sites\/40\/2015\/03\/A-Bit-Of-Home-Red-Cross-St-John-needs-your-help-for-Prisoners-of-War-200x300.jpg 200w, https:\/\/blogs.univ-jfc.fr\/projetcroixrouge\/wp-content\/uploads\/sites\/40\/2015\/03\/A-Bit-Of-Home-Red-Cross-St-John-needs-your-help-for-Prisoners-of-War.jpg 498w\" sizes=\"(max-width: 200px) 100vw, 200px\" \/><\/a><figcaption id=\"caption-attachment-2238\" class=\"wp-caption-text\">Affiche anglaise de la Seconde Guerre mondiale \u00ab\u00a0un morceau de la maison\u00a0\u00bb La Croix-Rouge et l&rsquo;ordre de St Jean ont besoin de votre aide pour les prisonniers de guerre<\/figcaption><\/figure>\n<p style=\"text-align: justify\">La Croix-Rouge n&rsquo;est pas l&rsquo;unique acteur sur le terrain du secourisme, il existe un <a title=\"Interactions entre institutions\" href=\"http:\/\/blogs.univ-jfc.fr\/projetcroixrouge\/risque-urgence-guerre\/histoire-du-secourisme-et-de-lintervention-durgence\/interactions-entre-institutions\/\">ensemble d&rsquo;acteurs vari\u00e9s,<\/a>\u00a0 tel que les <span style=\"font-family: Arial,sans-serif\">\u00c9tats et les ONG. Ceux ci interagissent et se coordonnent afin d&rsquo;agir efficacement selon les situations.<br \/>\n<\/span><\/p>\n<p style=\"text-align: justify\"><span style=\"color: #ffffff\">.<\/span><\/p>\n<p style=\"text-align: justify\"><span style=\"color: #ffffff\">.<\/span><\/p>\n<p style=\"text-align: justify\"><span style=\"color: #ffffff\">.<\/span><\/p>\n<p style=\"text-align: justify\"><span style=\"color: #ffffff\">.<\/span><\/p>\n<p style=\"text-align: justify\"><span style=\"color: #ffffff\">.<\/span><\/p>\n<p style=\"text-align: justify\"><span style=\"color: #ffffff\">.<\/span><\/p>\n<p style=\"text-align: justify\"><span style=\"color: #ffffff\">.<\/span><\/p>\n<p style=\"text-align: justify\"><span style=\"color: #ffffff\">.<\/span><\/p>\n<p style=\"text-align: justify\">R\u00e9dacteurs : BOUET Alexis, FERRAFIAT Paul, FITO David<\/p>\n","protected":false},"excerpt":{"rendered":"<p>Tout d&rsquo;abord il est important de commencer par un rapide tour d&rsquo;horizon des valeurs et des id\u00e9aux de la Croix-Rouge. Nous allons commencer par les principes fondamentaux puis dans un second temps la codification de ces derniers dans un cadre juridique. Et pour finir nous allons \u00e9voquer les difficult\u00e9s de leurs applications sur le terrain. &hellip; <a href=\"https:\/\/blogs.univ-jfc.fr\/projetcroixrouge\/risque-urgence-guerre\/histoire-du-secourisme-et-de-lintervention-durgence\/\" class=\"more-link\">Continuer la lecture de <span class=\"screen-reader-text\">Histoire du secourisme et de l&rsquo;intervention d&rsquo;urgence<\/span> <span class=\"meta-nav\">&rarr;<\/span><\/a><\/p>\n","protected":false},"author":15,"featured_media":0,"parent":16,"menu_order":1,"comment_status":"closed","ping_status":"open","template":"","meta":[],"_links":{"self":[{"href":"https:\/\/blogs.univ-jfc.fr\/projetcroixrouge\/wp-json\/wp\/v2\/pages\/75"}],"collection":[{"href":"https:\/\/blogs.univ-jfc.fr\/projetcroixrouge\/wp-json\/wp\/v2\/pages"}],"about":[{"href":"https:\/\/blogs.univ-jfc.fr\/projetcroixrouge\/wp-json\/wp\/v2\/types\/page"}],"author":[{"embeddable":true,"href":"https:\/\/blogs.univ-jfc.fr\/projetcroixrouge\/wp-json\/wp\/v2\/users\/15"}],"replies":[{"embeddable":true,"href":"https:\/\/blogs.univ-jfc.fr\/projetcroixrouge\/wp-json\/wp\/v2\/comments?post=75"}],"version-history":[{"count":18,"href":"https:\/\/blogs.univ-jfc.fr\/projetcroixrouge\/wp-json\/wp\/v2\/pages\/75\/revisions"}],"predecessor-version":[{"id":3847,"href":"https:\/\/blogs.univ-jfc.fr\/projetcroixrouge\/wp-json\/wp\/v2\/pages\/75\/revisions\/3847"}],"up":[{"embeddable":true,"href":"https:\/\/blogs.univ-jfc.fr\/projetcroixrouge\/wp-json\/wp\/v2\/pages\/16"}],"wp:attachment":[{"href":"https:\/\/blogs.univ-jfc.fr\/projetcroixrouge\/wp-json\/wp\/v2\/media?parent=75"}],"curies":[{"name":"wp","href":"https:\/\/api.w.org\/{rel}","templated":true}]}}