{"id":814,"date":"2015-03-05T09:37:59","date_gmt":"2015-03-05T08:37:59","guid":{"rendered":"http:\/\/blogs.univ-jfc.fr\/projetcroixrouge\/?page_id=814"},"modified":"2015-04-04T08:31:59","modified_gmt":"2015-04-04T07:31:59","slug":"simpliquer-dans-lassociation-au-travers-de-responsabilites","status":"publish","type":"page","link":"https:\/\/blogs.univ-jfc.fr\/projetcroixrouge\/la-croix-rouge-tarnaise-des-hommes-et-des-femmes\/figures-tarn\/simpliquer-dans-lassociation-au-travers-de-responsabilites\/","title":{"rendered":"S&rsquo;impliquer dans l&rsquo;association au travers de responsabilit\u00e9s"},"content":{"rendered":"<p align=\"JUSTIFY\"><strong><span style=\"font-family: Cambria-Italic, cursive\"><span style=\"font-size: large\"><span style=\"font-family: Arial, sans-serif\"><span style=\"font-size: medium\">Acteurs de la mise en place des actions sociales<\/span><\/span><\/span><\/span><\/strong><\/p>\n<p align=\"JUSTIFY\"><span style=\"color: #000000\"><span style=\"font-family: Arial, sans-serif\"><span style=\"font-size: medium\"> Au sein de la Croix-Rouge, divers domaines sont repr\u00e9sent\u00e9s, en premier lieu celui de l&rsquo;action sociale : pour aider et secourir la population, il faut des responsables qui jouent le r\u00f4le d&rsquo;acteurs de la mise en place de ces actions sociales. La liste des actions sociales est non exhaustive : il faut prendre en compte les missions lors de sinistres, la pr\u00e9vention, la formation, les aides pour les plus d\u00e9munis, etc.<\/span><\/span><\/span><\/p>\n<p align=\"JUSTIFY\"><span style=\"color: #000000\"><span style=\"font-family: Arial, sans-serif\"><span style=\"font-size: medium\"> La Croix-Rouge tarnaise peut aussi \u00eatre amen\u00e9e \u00e0 porter secours \u00e0 une population dans un d\u00e9partement voisin. Cette mobilit\u00e9 d&rsquo;action est un vecteur de la Croix-Rouge, le d\u00e9placement des b\u00e9n\u00e9voles de la Croix-Rouge d\u00e9montre bien une des principales valeurs de cette derni\u00e8re\u00a0: l&rsquo;unit\u00e9. Ainsi la pr\u00e9sence de l&rsquo;association dans les d\u00e9partements voisins lors des catastrophes naturelles a pu \u00eatre visible le 2 f\u00e9vrier 1952 lors des <a href=\"https:\/\/www.dropbox.com\/sh\/72asefq9mmc0hja\/AACzYKLspM-riX0DOdwCusmea\/Fonds%20CR%20R%C3%A9almont\/Bo%C3%AEte%20d'archives%201951-56\/Dossier%201953\/DSC01017.JPG?dl=0\" target=\"_blank\">inondations du quartier St-Cyprien et de l&rsquo;H\u00f4pital de La Grave \u00e0 Toulouse<\/a>. En effet d\u00e8s l&rsquo;alerte d&rsquo;\u00e9vacuation, des \u00e9quipes se sont form\u00e9es avant d&rsquo;\u00eatre transport\u00e9es sur les lieux du sinistre. Lorsque l&rsquo;alerte a \u00e9t\u00e9 lev\u00e9e, il fallait tout de m\u00eame soulager les sinistr\u00e9s : des \u00e9quipes d&rsquo;urgence et des collectes ont \u00e9t\u00e9 organis\u00e9es. La Croix-Rouge d&rsquo;Albi a fait parvenir \u00e0 la D\u00e9l\u00e9gation de Toulouse une cinquantaine de colis et l&rsquo;argent r\u00e9colt\u00e9s. Des scouts et des guides se sont joints aux \u00e9quipes de secouristes pour tenter de r\u00e9unir un maximum de couvertures, de v\u00eatements et de denr\u00e9es alimentaires.<a href=\"https:\/\/www.dropbox.com\/sh\/72asefq9mmc0hja\/AACcBq5ChXcTK4Hl0CWAvzS3a\/Fonds%20CR%20R%C3%A9almont\/Bo%C3%AEte%20d'archives%201951-56\/Dossier%201953?dl=0#lh:null-DSC01017.JPG\" target=\"_blank\"><br \/>\n<\/a><\/span><\/span><\/span><\/p>\n<p align=\"JUSTIFY\"><span style=\"color: #000000\"><span style=\"font-family: Arial, sans-serif\"><span style=\"font-size: medium\"> La Croix-Rouge travaille \u00e9galement sur la protection et la formation dans divers domaines : des courses cyclistes au secteur agricole o\u00f9 le risque de blessures et de chute est assez important. Pour <a title=\"Les figures\" href=\"http:\/\/blogs.univ-jfc.fr\/projetcroixrouge\/la-croix-rouge-tarnaise-des-hommes-et-des-femmes\/figures-tarn\/les-figures\/\">Jean Carensac<\/a> il semble essentiel de former les agriculteurs au dipl\u00f4me de secourisme, ainsi entre 1979 et 1992, il organise des s\u00e9ances en collaboration avec la Mutualit\u00e9 Sociale Agricole ainsi qu&rsquo;une <a href=\"https:\/\/www.dropbox.com\/sh\/72asefq9mmc0hja\/AAABCNfIxOF0KVDmbMtBA6JMa\/Fonds%20Carensac\/CR%20tarnaise%20dans%20la%20presse\/1979-1992\/s%C3%A9rie%201\/DSC02158.JPG?dl=0\" target=\"_blank\">campagne de vaccination contre le t\u00e9tanos<\/a>.\u00a0Ces diff\u00e9rents exemples de manifestations t\u00e9moignent bien de la possibilit\u00e9 pour l&rsquo;association de mettre en place de nombreuses actions, preuve d&rsquo;un v\u00e9ritable souci humain\u00a0: l&rsquo;essentiel est de toucher le plus de monde possible.<\/span><\/span><\/span><\/p>\n<p align=\"JUSTIFY\"><strong><span style=\"color: #000000\"><span style=\"font-family: Arial, sans-serif\"><span style=\"font-size: medium\">L&rsquo;importance des comp\u00e9tences comme vecteur du bon fonctionnement des<\/span><\/span><\/span><\/strong><\/p>\n<p align=\"LEFT\"><strong><span style=\"font-family: Arial, sans-serif\"><span style=\"font-size: medium\">actions<\/span><\/span><\/strong><\/p>\n<p align=\"JUSTIFY\"><span style=\"color: #000000\"><span style=\"font-family: Arial, sans-serif\"><span style=\"font-size: medium\"> Ces exemples d&rsquo;actions sociales sont \u00e0 l&rsquo;origine de la coop\u00e9ration au sein du r\u00e9seau des membres de la Croix-Rouge Tarnaise. Cette derni\u00e8re est essentielle pour le bon fonctionnement de l&rsquo;association. Dans l&rsquo;optique de secourir au mieux la population, apr\u00e8s la volont\u00e9 et la motivation, les comp\u00e9tences sont indispensables comme vecteur du bon fonctionnement des actions.<\/span><\/span><\/span><\/p>\n<p align=\"JUSTIFY\"><span style=\"color: #000000\"><span style=\"font-family: Arial, sans-serif\"><span style=\"font-size: medium\"> Pour \u00ab\u00a0apprendre \u00e0 sensibiliser les secouristes qui pouvaient \u00eatre appel\u00e9s \u00e0 tout moment \u00bb selon Jean Carensac, il appara\u00eet comme essentiel de conna\u00eetre le nombre de b\u00e9n\u00e9voles disponibles en cas d&rsquo;accident. C&rsquo;est ainsi que Jacques Caminade et Jean Carensac ont organis\u00e9 un <a href=\"https:\/\/www.dropbox.com\/sh\/72asefq9mmc0hja\/AAAUUlxsyC_uJRjDKFHF1XPoa\/Fonds%20Carensac\/CR%20tarnaise%20dans%20la%20presse\/1979-1992\/s%C3%A9rie%201\/DSC02148.JPG?dl=0\" target=\"_blank\">exercice de secourisme \u00e0 Saint Antoine de Lacalm<\/a>. Il s&rsquo;agissait de persuader la population que cinq enfants avaient disparu\u00a0: 91 secouristes se sont port\u00e9s volontaires. Ce fut une surprise pour les organisateurs qui ne s&rsquo;attendaient pas \u00e0 un nombre aussi important de secouristes.<\/span><\/span><\/span><\/p>\n<p align=\"JUSTIFY\"><span style=\"color: #000000\"><span style=\"font-family: Arial, sans-serif\"><span style=\"font-size: medium\"> Le c\u00f4t\u00e9 humain essentiel au bon fonctionnement de la Croix-Rouge tarnaise est visible \u00e0 travers le <a href=\"https:\/\/www.dropbox.com\/sh\/72asefq9mmc0hja\/AAD4ct94NF30Yjjahrr9BBS3a\/Fonds%20Carensac\/CR%20tarnaise%20dans%20la%20presse\/1979-1992\/s%C3%A9rie%201\/DSC02161.JPG?dl=0\" target=\"_blank\">plan S.A.L.V.A.R<\/a> (Service d&rsquo;Assistance Locale aux Victimes d&rsquo;Accidents de la Route) mis en place par Jacques Caminade dans le Tarn le 30 Juin 1983. La Croix-Rouge montre alors la n\u00e9cessit\u00e9 de prendre soin des personnes non-bless\u00e9es souvent laiss\u00e9 de c\u00f4t\u00e9 au d\u00e9triment des personnes accident\u00e9s. Ce projet, en collaboration avec les sapeurs-pompiers et la gendarmerie, a servi de guide aux Directeurs Secouristes d\u00e9sireux de cr\u00e9er un plan S.A.L.V.A.R. comme le notifie Herv\u00e9 Le Ker dans une <a href=\"https:\/\/www.dropbox.com\/sh\/72asefq9mmc0hja\/AAD4ct94NF30Yjjahrr9BBS3a\/Fonds%20Carensac\/CR%20tarnaise%20dans%20la%20presse\/1979-1992\/s%C3%A9rie%201\/DSC02161.JPG?dl=0\" target=\"_blank\">lettre datant du 20 octobre 1983.<\/a><\/span><\/span><\/span><\/p>\n<p align=\"JUSTIFY\"><a title=\"Bibliographie\" href=\"http:\/\/blogs.univ-jfc.fr\/projetcroixrouge\/bibliographie-2\/\">Pour en savoir plus&#8230;<\/a><\/p>\n","protected":false},"excerpt":{"rendered":"<p>Acteurs de la mise en place des actions sociales Au sein de la Croix-Rouge, divers domaines sont repr\u00e9sent\u00e9s, en premier lieu celui de l&rsquo;action sociale : pour aider et secourir la population, il faut des responsables qui jouent le r\u00f4le d&rsquo;acteurs de la mise en place de ces actions sociales. La liste des actions sociales &hellip; <a href=\"https:\/\/blogs.univ-jfc.fr\/projetcroixrouge\/la-croix-rouge-tarnaise-des-hommes-et-des-femmes\/figures-tarn\/simpliquer-dans-lassociation-au-travers-de-responsabilites\/\" class=\"more-link\">Continuer la lecture de <span class=\"screen-reader-text\">S&rsquo;impliquer dans l&rsquo;association au travers de responsabilit\u00e9s<\/span> <span class=\"meta-nav\">&rarr;<\/span><\/a><\/p>\n","protected":false},"author":128,"featured_media":0,"parent":66,"menu_order":0,"comment_status":"closed","ping_status":"open","template":"","meta":[],"_links":{"self":[{"href":"https:\/\/blogs.univ-jfc.fr\/projetcroixrouge\/wp-json\/wp\/v2\/pages\/814"}],"collection":[{"href":"https:\/\/blogs.univ-jfc.fr\/projetcroixrouge\/wp-json\/wp\/v2\/pages"}],"about":[{"href":"https:\/\/blogs.univ-jfc.fr\/projetcroixrouge\/wp-json\/wp\/v2\/types\/page"}],"author":[{"embeddable":true,"href":"https:\/\/blogs.univ-jfc.fr\/projetcroixrouge\/wp-json\/wp\/v2\/users\/128"}],"replies":[{"embeddable":true,"href":"https:\/\/blogs.univ-jfc.fr\/projetcroixrouge\/wp-json\/wp\/v2\/comments?post=814"}],"version-history":[{"count":12,"href":"https:\/\/blogs.univ-jfc.fr\/projetcroixrouge\/wp-json\/wp\/v2\/pages\/814\/revisions"}],"predecessor-version":[{"id":3825,"href":"https:\/\/blogs.univ-jfc.fr\/projetcroixrouge\/wp-json\/wp\/v2\/pages\/814\/revisions\/3825"}],"up":[{"embeddable":true,"href":"https:\/\/blogs.univ-jfc.fr\/projetcroixrouge\/wp-json\/wp\/v2\/pages\/66"}],"wp:attachment":[{"href":"https:\/\/blogs.univ-jfc.fr\/projetcroixrouge\/wp-json\/wp\/v2\/media?parent=814"}],"curies":[{"name":"wp","href":"https:\/\/api.w.org\/{rel}","templated":true}]}}