{"id":88,"date":"2015-01-05T11:54:05","date_gmt":"2015-01-05T10:54:05","guid":{"rendered":"http:\/\/blogs.univ-jfc.fr\/projetcroixrouge\/?page_id=88"},"modified":"2015-04-04T10:47:51","modified_gmt":"2015-04-04T09:47:51","slug":"la-croix-rouge-dans-loccupation","status":"publish","type":"page","link":"https:\/\/blogs.univ-jfc.fr\/projetcroixrouge\/la-croix-rouge-dans-les-guerres-mondiales\/la-croix-rouge-dans-loccupation\/","title":{"rendered":"La Croix-Rouge dans la Seconde Guerre Mondiale"},"content":{"rendered":"<figure id=\"attachment_2322\" aria-describedby=\"caption-attachment-2322\" style=\"width: 128px\" class=\"wp-caption alignleft\"><a title=\"Une Croix-Rouge active\" href=\"http:\/\/blogs.univ-jfc.fr\/projetcroixrouge\/la-croix-rouge-dans-les-guerres-mondiales\/la-croix-rouge-dans-loccupation\/une-croix-rouge-active\/\"><img loading=\"lazy\" class=\"wp-image-2322    \" alt=\"cr canadienne\" src=\"http:\/\/blogs.univ-jfc.fr\/projetcroixrouge\/wp-content\/uploads\/sites\/40\/2015\/01\/cr-canadienne.jpg\" width=\"128\" height=\"167\" \/><\/a><figcaption id=\"caption-attachment-2322\" class=\"wp-caption-text\">Publicit\u00e9 pour la Croix-Rouge canadienne<\/figcaption><\/figure>\n<p align=\"JUSTIFY\"><span style=\"font-family: Arial,sans-serif\">Lors de la Seconde Guerre mondiale, la Croix-Rouge a <a title=\"Une Croix-Rouge active\" href=\"http:\/\/blogs.univ-jfc.fr\/projetcroixrouge\/la-croix-rouge-dans-les-guerres-mondiales\/la-croix-rouge-dans-loccupation\/une-croix-rouge-active\/\">respect\u00e9 son v\u0153u de neutralit\u00e9<\/a> comme, par exemple, lors de la lib\u00e9ration de Paris. Et pour comprendre cela, le docteur Meunier nous a laiss\u00e9 un t\u00e9moignage sur les actions de la Croix-Rouge lors de cet \u00e9pisode. Ensuite, la Croix-Rouge a beaucoup aid\u00e9 les prisonniers de guerre et les prisonniers juifs en leur envoyant des colis. Enfin, d\u2019autres Croix-Rouge nationales ont \u00e9t\u00e9 tr\u00e8s actives pendant la Seconde Guerre mondiale, comme la Croix-Rouge canadienne ou la Croix-Rouge am\u00e9ricaine, tant aupr\u00e8s des civils, des prisonniers de guerre ou des bless\u00e9s lors des combats.<\/span><\/p>\n<p align=\"JUSTIFY\"><span style=\"font-family: Arial,sans-serif;color: #ffffff\">.<\/span><\/p>\n<figure id=\"attachment_2416\" aria-describedby=\"caption-attachment-2416\" style=\"width: 180px\" class=\"wp-caption alignright\"><a title=\"La Croix-Rouge critiqu\u00e9e\" href=\"http:\/\/blogs.univ-jfc.fr\/projetcroixrouge\/la-croix-rouge-dans-les-guerres-mondiales\/la-croix-rouge-dans-loccupation\/la-croix-rouge-critiquee\/\"><img loading=\"lazy\" class=\" wp-image-2416  \" alt=\"camp brens\" src=\"http:\/\/blogs.univ-jfc.fr\/projetcroixrouge\/wp-content\/uploads\/sites\/40\/2015\/01\/camp-brens-300x205.jpg\" width=\"180\" height=\"123\" srcset=\"https:\/\/blogs.univ-jfc.fr\/projetcroixrouge\/wp-content\/uploads\/sites\/40\/2015\/01\/camp-brens-300x205.jpg 300w, https:\/\/blogs.univ-jfc.fr\/projetcroixrouge\/wp-content\/uploads\/sites\/40\/2015\/01\/camp-brens.jpg 712w\" sizes=\"(max-width: 180px) 100vw, 180px\" \/><\/a><figcaption id=\"caption-attachment-2416\" class=\"wp-caption-text\">Vue g\u00e9n\u00e9rale du camp de Brens. Photo prise lors de l&rsquo;inspection du camp le 17\/08\/1942.<\/figcaption><\/figure>\n<p align=\"JUSTIFY\"><span style=\"font-family: Arial, sans-serif\">La Croix-Rouge, durant la Seconde Guerre mondiale, a connu quelques uns des plus grands <a title=\"La Croix-Rouge critiqu\u00e9e\" href=\"http:\/\/blogs.univ-jfc.fr\/projetcroixrouge\/la-croix-rouge-dans-les-guerres-mondiales\/la-croix-rouge-dans-loccupation\/la-croix-rouge-critiquee\/\">scandales <\/a>de son histoire. En effet, premi\u00e8rement, certains historiens consid\u00e8rent que le CICR n&rsquo;a pas jou\u00e9 son r\u00f4le en ne d\u00e9non\u00e7ant pas les conditions de vie des camps de concentrations. Ensuite, d&rsquo;autres consid\u00e8rent que la Croix-Rouge et notamment des \u00e9lites du CICR \u00e9taient trop proches du r\u00e9gime nazi. Enfin, on remarque, que la Croix-Rouge a \u00e9t\u00e9 tr\u00e8s peu pr\u00e9sente dans les camps du Sud-Ouest de la France.<\/span><\/p>\n<p align=\"JUSTIFY\"><span style=\"color: #ffffff\">.<\/span><\/p>\n<p align=\"JUSTIFY\"><span style=\"font-family: Arial,sans-serif\">\u00a0<\/span><\/p>\n<figure id=\"attachment_2692\" aria-describedby=\"caption-attachment-2692\" style=\"width: 180px\" class=\"wp-caption alignleft\"><a title=\"Des difficult\u00e9s \u00e0 agir\" href=\"http:\/\/blogs.univ-jfc.fr\/projetcroixrouge\/la-croix-rouge-dans-les-guerres-mondiales\/la-croix-rouge-dans-loccupation\/des-difficultes-a-agir\/\"><img loading=\"lazy\" class=\" wp-image-2692  \" alt=\"cr allemande\" src=\"http:\/\/blogs.univ-jfc.fr\/projetcroixrouge\/wp-content\/uploads\/sites\/40\/2015\/01\/cr-allemande1-300x241.jpg\" width=\"180\" height=\"145\" srcset=\"https:\/\/blogs.univ-jfc.fr\/projetcroixrouge\/wp-content\/uploads\/sites\/40\/2015\/01\/cr-allemande1-300x241.jpg 300w, https:\/\/blogs.univ-jfc.fr\/projetcroixrouge\/wp-content\/uploads\/sites\/40\/2015\/01\/cr-allemande1.jpg 460w\" sizes=\"(max-width: 180px) 100vw, 180px\" \/><\/a><figcaption id=\"caption-attachment-2692\" class=\"wp-caption-text\">D\u00e9port\u00e9 polonais malade recevant des m\u00e9dicaments d&rsquo;une membre de la Croix-Rouge allemande \u00e0 Hannover-Ahlem (11 avril 1945)<\/figcaption><\/figure>\n<p align=\"JUSTIFY\"><span style=\"font-family: Arial,sans-serif\"><span style=\"font-size: medium\">Il y a \u00e9videmment des <a title=\"Des difficult\u00e9s \u00e0 agir\" href=\"http:\/\/blogs.univ-jfc.fr\/projetcroixrouge\/la-croix-rouge-dans-les-guerres-mondiales\/la-croix-rouge-dans-loccupation\/des-difficultes-a-agir\/\">raisons<\/a> qui peuvent expliquer pourquoi le CICR a d\u00e9cid\u00e9 de ne pas r\u00e9aliser ces actions \u00e9voqu\u00e9es plus haut, comme de ne pas d\u00e9noncer publiquement les camps. Le Mouvement International de la Croix-Rouge d\u00e9pend des Conf\u00e9rences Internationales qui font avancer le Droit humanitaire international et qui fixent les missions de la Croix-Rouge. Ce sont donc les \u00c9tats seuls qui participent \u00e0 ces conf\u00e9rences qui peuvent \u00e9tendre les missions humanitaires de l&rsquo;organisation. De plus, les Soci\u00e9t\u00e9s nationales de la Croix-Rouge ne peuvent pas agir sans l&rsquo;autorisation de leur \u00c9tat.<\/span><\/span><\/p>\n<p align=\"JUSTIFY\"><span style=\"color: #ffffff\">.<\/span><\/p>\n<p align=\"JUSTIFY\"><span style=\"color: #ffffff\">.<\/span><\/p>\n<p align=\"JUSTIFY\">R\u00e9dactrice\u00a0: Nad\u00e8ge Corbi\u00e8re<\/p>\n<p>&nbsp;<\/p>\n","protected":false},"excerpt":{"rendered":"<p>Lors de la Seconde Guerre mondiale, la Croix-Rouge a respect\u00e9 son v\u0153u de neutralit\u00e9 comme, par exemple, lors de la lib\u00e9ration de Paris. Et pour comprendre cela, le docteur Meunier nous a laiss\u00e9 un t\u00e9moignage sur les actions de la Croix-Rouge lors de cet \u00e9pisode. Ensuite, la Croix-Rouge a beaucoup aid\u00e9 les prisonniers de guerre &hellip; <a href=\"https:\/\/blogs.univ-jfc.fr\/projetcroixrouge\/la-croix-rouge-dans-les-guerres-mondiales\/la-croix-rouge-dans-loccupation\/\" class=\"more-link\">Continuer la lecture de <span class=\"screen-reader-text\">La Croix-Rouge dans la Seconde Guerre Mondiale<\/span> <span class=\"meta-nav\">&rarr;<\/span><\/a><\/p>\n","protected":false},"author":15,"featured_media":0,"parent":10,"menu_order":4,"comment_status":"closed","ping_status":"closed","template":"","meta":[],"_links":{"self":[{"href":"https:\/\/blogs.univ-jfc.fr\/projetcroixrouge\/wp-json\/wp\/v2\/pages\/88"}],"collection":[{"href":"https:\/\/blogs.univ-jfc.fr\/projetcroixrouge\/wp-json\/wp\/v2\/pages"}],"about":[{"href":"https:\/\/blogs.univ-jfc.fr\/projetcroixrouge\/wp-json\/wp\/v2\/types\/page"}],"author":[{"embeddable":true,"href":"https:\/\/blogs.univ-jfc.fr\/projetcroixrouge\/wp-json\/wp\/v2\/users\/15"}],"replies":[{"embeddable":true,"href":"https:\/\/blogs.univ-jfc.fr\/projetcroixrouge\/wp-json\/wp\/v2\/comments?post=88"}],"version-history":[{"count":29,"href":"https:\/\/blogs.univ-jfc.fr\/projetcroixrouge\/wp-json\/wp\/v2\/pages\/88\/revisions"}],"predecessor-version":[{"id":3868,"href":"https:\/\/blogs.univ-jfc.fr\/projetcroixrouge\/wp-json\/wp\/v2\/pages\/88\/revisions\/3868"}],"up":[{"embeddable":true,"href":"https:\/\/blogs.univ-jfc.fr\/projetcroixrouge\/wp-json\/wp\/v2\/pages\/10"}],"wp:attachment":[{"href":"https:\/\/blogs.univ-jfc.fr\/projetcroixrouge\/wp-json\/wp\/v2\/media?parent=88"}],"curies":[{"name":"wp","href":"https:\/\/api.w.org\/{rel}","templated":true}]}}