{"id":921,"date":"2015-03-05T10:15:51","date_gmt":"2015-03-05T09:15:51","guid":{"rendered":"http:\/\/blogs.univ-jfc.fr\/projetcroixrouge\/?page_id=921"},"modified":"2015-04-01T21:25:51","modified_gmt":"2015-04-01T20:25:51","slug":"remise-en-question-de-lhumanitaire-et-gestion-des-problemes-par-les-ong","status":"publish","type":"page","link":"https:\/\/blogs.univ-jfc.fr\/projetcroixrouge\/lhumanitaire-en-questions\/financer-laction-humanitaire\/remise-en-question-de-lhumanitaire-et-gestion-des-problemes-par-les-ong\/","title":{"rendered":"Remise en question de l\u2019humanitaire et gestion des probl\u00e8mes par les ONG\u00a0"},"content":{"rendered":"<figure id=\"attachment_2601\" aria-describedby=\"caption-attachment-2601\" style=\"width: 216px\" class=\"wp-caption alignleft\"><a href=\"http:\/\/blogs.univ-jfc.fr\/projetcroixrouge\/wp-content\/uploads\/sites\/40\/2015\/03\/comptabiliter.jpg\"><img loading=\"lazy\" class=\" wp-image-2601 \" style=\"border: 1px solid black\" alt=\"\" src=\"http:\/\/blogs.univ-jfc.fr\/projetcroixrouge\/wp-content\/uploads\/sites\/40\/2015\/03\/comptabiliter-300x199.jpg\" width=\"216\" height=\"143\" srcset=\"https:\/\/blogs.univ-jfc.fr\/projetcroixrouge\/wp-content\/uploads\/sites\/40\/2015\/03\/comptabiliter-300x199.jpg 300w, https:\/\/blogs.univ-jfc.fr\/projetcroixrouge\/wp-content\/uploads\/sites\/40\/2015\/03\/comptabiliter.jpg 640w\" sizes=\"(max-width: 216px) 100vw, 216px\" \/><\/a><figcaption id=\"caption-attachment-2601\" class=\"wp-caption-text\">Les finances, faiblesse pour les ONG ?<\/figcaption><\/figure>\n<p style=\"text-align: justify\"><span style=\"color: #ffffff\">&#8230;&#8230;..<\/span><br \/>\nDepuis d\u00e9sormais une vingtaine d\u2019ann\u00e9es, que l\u2019action des ONG se trouve davantage m\u00e9diatis\u00e9e\u00a0: leurs missions sont pass\u00e9es au crible et<a title=\"Des critiques morales et financi\u00e8res\" href=\"http:\/\/blogs.univ-jfc.fr\/projetcroixrouge\/lhumanitaire-en-questions\/financer-laction-humanitaire\/remise-en-question-de-lhumanitaire-et-gestion-des-problemes-par-les-ong\/des-critiques-morales-et-financieres\/\" target=\"_blank\"> certaines critiques, sur diff\u00e9rents \u00a0aspects<\/a>, sont fr\u00e9quemment \u00e9mises.<\/p>\n<p>&nbsp;<\/p>\n<figure id=\"attachment_2602\" aria-describedby=\"caption-attachment-2602\" style=\"width: 170px\" class=\"wp-caption alignright\"><img loading=\"lazy\" class=\" wp-image-2602 \" style=\"text-align: start\" alt=\"\" src=\"http:\/\/blogs.univ-jfc.fr\/projetcroixrouge\/wp-content\/uploads\/sites\/40\/2015\/03\/scandale-ong-212x300.png\" width=\"170\" height=\"240\" srcset=\"https:\/\/blogs.univ-jfc.fr\/projetcroixrouge\/wp-content\/uploads\/sites\/40\/2015\/03\/scandale-ong-212x300.png 212w, https:\/\/blogs.univ-jfc.fr\/projetcroixrouge\/wp-content\/uploads\/sites\/40\/2015\/03\/scandale-ong.png 349w\" sizes=\"(max-width: 170px) 100vw, 170px\" \/><figcaption id=\"caption-attachment-2602\" class=\"wp-caption-text\">Campagne de communication \u00e9dit\u00e9e en r\u00e9ponse aux critiques des ann\u00e9es 1990<\/figcaption><\/figure>\n<p><span style=\"color: #ffffff\">&#8230;&#8230;&#8230;<\/span><\/p>\n<p style=\"text-align: justify\">Depuis les ann\u00e9es 90, <a title=\"Les adaptations des ONG \u00e0 ces critiques\" href=\"http:\/\/blogs.univ-jfc.fr\/projetcroixrouge\/lhumanitaire-en-questions\/financer-laction-humanitaire\/les-adaptations-des-ong-a-ces-critiques\/\" target=\"_blank\">le mode de fonctionnement des organisations humanitaires a\u00a0\u00e9volu\u00e9<\/a>, elles ont besoin de plus en plus de moyens financiers. Cela s\u2019explique par deux raisons principales que nous \u00e9voquerons ici.<\/p>\n<p style=\"text-align: justify\">.<\/p>\n<p>&nbsp;<\/p>\n<p>&nbsp;<\/p>\n","protected":false},"excerpt":{"rendered":"<p>&#8230;&#8230;.. Depuis d\u00e9sormais une vingtaine d\u2019ann\u00e9es, que l\u2019action des ONG se trouve davantage m\u00e9diatis\u00e9e\u00a0: leurs missions sont pass\u00e9es au crible et certaines critiques, sur diff\u00e9rents \u00a0aspects, sont fr\u00e9quemment \u00e9mises. &nbsp; &#8230;&#8230;&#8230; Depuis les ann\u00e9es 90, le mode de fonctionnement des organisations humanitaires a\u00a0\u00e9volu\u00e9, elles ont besoin de plus en plus de moyens financiers. Cela s\u2019explique &hellip; <a href=\"https:\/\/blogs.univ-jfc.fr\/projetcroixrouge\/lhumanitaire-en-questions\/financer-laction-humanitaire\/remise-en-question-de-lhumanitaire-et-gestion-des-problemes-par-les-ong\/\" class=\"more-link\">Continuer la lecture de <span class=\"screen-reader-text\">Remise en question de l\u2019humanitaire et gestion des probl\u00e8mes par les ONG\u00a0<\/span> <span class=\"meta-nav\">&rarr;<\/span><\/a><\/p>\n","protected":false},"author":55,"featured_media":0,"parent":238,"menu_order":0,"comment_status":"closed","ping_status":"open","template":"","meta":[],"_links":{"self":[{"href":"https:\/\/blogs.univ-jfc.fr\/projetcroixrouge\/wp-json\/wp\/v2\/pages\/921"}],"collection":[{"href":"https:\/\/blogs.univ-jfc.fr\/projetcroixrouge\/wp-json\/wp\/v2\/pages"}],"about":[{"href":"https:\/\/blogs.univ-jfc.fr\/projetcroixrouge\/wp-json\/wp\/v2\/types\/page"}],"author":[{"embeddable":true,"href":"https:\/\/blogs.univ-jfc.fr\/projetcroixrouge\/wp-json\/wp\/v2\/users\/55"}],"replies":[{"embeddable":true,"href":"https:\/\/blogs.univ-jfc.fr\/projetcroixrouge\/wp-json\/wp\/v2\/comments?post=921"}],"version-history":[{"count":8,"href":"https:\/\/blogs.univ-jfc.fr\/projetcroixrouge\/wp-json\/wp\/v2\/pages\/921\/revisions"}],"predecessor-version":[{"id":2612,"href":"https:\/\/blogs.univ-jfc.fr\/projetcroixrouge\/wp-json\/wp\/v2\/pages\/921\/revisions\/2612"}],"up":[{"embeddable":true,"href":"https:\/\/blogs.univ-jfc.fr\/projetcroixrouge\/wp-json\/wp\/v2\/pages\/238"}],"wp:attachment":[{"href":"https:\/\/blogs.univ-jfc.fr\/projetcroixrouge\/wp-json\/wp\/v2\/media?parent=921"}],"curies":[{"name":"wp","href":"https:\/\/api.w.org\/{rel}","templated":true}]}}