{"id":1051,"date":"2014-03-19T14:56:37","date_gmt":"2014-03-19T13:56:37","guid":{"rendered":"http:\/\/blogs.univ-jfc.fr\/projetlaperouse\/?page_id=1051"},"modified":"2014-03-27T09:12:52","modified_gmt":"2014-03-27T08:12:52","slug":"le-savant-au-centre-des-luttes-de-puissance","status":"publish","type":"page","link":"https:\/\/blogs.univ-jfc.fr\/projetlaperouse\/de-la-nature-et-des-hommes\/savants-et-naturalistes\/le-savant-au-centre-des-luttes-de-puissance\/","title":{"rendered":"Le savant au centre des luttes de puissance"},"content":{"rendered":"<p align=\"JUSTIFY\"><span style=\"color: #000000\"><span style=\"font-family: Arial,sans-serif\">Profitant d&rsquo;un d\u00e9but d&rsquo;organisation, les connexions entre savants se multiplient et se diversifient tout au long du XVIII<\/span><\/span><span style=\"color: #000000\"><sup><span style=\"font-family: Arial,sans-serif\">e<\/span><\/sup><\/span><span style=\"color: #000000\"><span style=\"font-family: Arial,sans-serif\"> si\u00e8cle. Leur influence s&rsquo;\u00e9tend aussi au sommet de l&rsquo;Etat qui comprend l&rsquo;int\u00e9r\u00eat que techniques et innovations peuvent avoir dans la puissance du pays \u00e0 l&rsquo;\u00e9chelle internationale, ainsi que l&rsquo;information qu&rsquo;il peut obtenir des acad\u00e9mies locales sur l&rsquo;\u00e9tat du pays.<\/span><\/span><\/p>\n<p align=\"JUSTIFY\">\n<p align=\"JUSTIFY\"><span style=\"font-size: medium\">En effet, la naissance des acad\u00e9mies de province un peu partout sur le territoire est b\u00e9n\u00e9fique pour la monarchie. Les id\u00e9es \u00e9mergentes refl\u00e8tent souvent les besoins de la population et leurs volont\u00e9s. Ainsi, les id\u00e9es savantes sont utiles pour le pouvoir politique n&rsquo;arrivant pas \u00e0 garder une main mise sur l&rsquo;ensemble du territoire. De fait, savants et \u00c9tats se trouvent r\u00e9unis \u00e0 travers des int\u00e9r\u00eats communs.<\/span><\/p>\n<p align=\"JUSTIFY\"><span style=\"font-size: medium\">De m\u00eame, les nouvelles innovations techniques mises au point par les savants renforcent la puissance de l\u2019\u00c9tat notamment parce qu&rsquo;elles permettent le d\u00e9veloppement \u00e9conomique et social. Dans un contexte d&rsquo;exploration et du monde par les puissances europ\u00e9ennes, la course aux connaissances est capitale\u00a0: en effet, l&rsquo;am\u00e9lioration des techniques, par exemple des techniques de navigation, est profitable et non n\u00e9gligeable, renfor\u00e7ant la puissance des \u00c9tats.<\/span><\/p>\n","protected":false},"excerpt":{"rendered":"<p>Profitant d&rsquo;un d\u00e9but d&rsquo;organisation, les connexions entre savants se multiplient et se diversifient tout au long du XVIIIe si\u00e8cle. Leur influence s&rsquo;\u00e9tend aussi au sommet de l&rsquo;Etat qui comprend l&rsquo;int\u00e9r\u00eat que techniques et innovations peuvent avoir dans la puissance du &hellip; <a href=\"https:\/\/blogs.univ-jfc.fr\/projetlaperouse\/de-la-nature-et-des-hommes\/savants-et-naturalistes\/le-savant-au-centre-des-luttes-de-puissance\/\">Lire la suite <span class=\"meta-nav\">&rarr;<\/span><\/a><\/p>\n","protected":false},"author":19,"featured_media":0,"parent":297,"menu_order":2,"comment_status":"closed","ping_status":"open","template":"","meta":[],"_links":{"self":[{"href":"https:\/\/blogs.univ-jfc.fr\/projetlaperouse\/wp-json\/wp\/v2\/pages\/1051"}],"collection":[{"href":"https:\/\/blogs.univ-jfc.fr\/projetlaperouse\/wp-json\/wp\/v2\/pages"}],"about":[{"href":"https:\/\/blogs.univ-jfc.fr\/projetlaperouse\/wp-json\/wp\/v2\/types\/page"}],"author":[{"embeddable":true,"href":"https:\/\/blogs.univ-jfc.fr\/projetlaperouse\/wp-json\/wp\/v2\/users\/19"}],"replies":[{"embeddable":true,"href":"https:\/\/blogs.univ-jfc.fr\/projetlaperouse\/wp-json\/wp\/v2\/comments?post=1051"}],"version-history":[{"count":3,"href":"https:\/\/blogs.univ-jfc.fr\/projetlaperouse\/wp-json\/wp\/v2\/pages\/1051\/revisions"}],"predecessor-version":[{"id":2252,"href":"https:\/\/blogs.univ-jfc.fr\/projetlaperouse\/wp-json\/wp\/v2\/pages\/1051\/revisions\/2252"}],"up":[{"embeddable":true,"href":"https:\/\/blogs.univ-jfc.fr\/projetlaperouse\/wp-json\/wp\/v2\/pages\/297"}],"wp:attachment":[{"href":"https:\/\/blogs.univ-jfc.fr\/projetlaperouse\/wp-json\/wp\/v2\/media?parent=1051"}],"curies":[{"name":"wp","href":"https:\/\/api.w.org\/{rel}","templated":true}]}}