{"id":1088,"date":"2014-03-19T16:00:08","date_gmt":"2014-03-19T15:00:08","guid":{"rendered":"http:\/\/blogs.univ-jfc.fr\/projetlaperouse\/?page_id=1088"},"modified":"2014-06-15T09:47:49","modified_gmt":"2014-06-15T08:47:49","slug":"laperouse-confronte-au-bon-sauvage","status":"publish","type":"page","link":"https:\/\/blogs.univ-jfc.fr\/projetlaperouse\/de-la-nature-et-des-hommes\/la-decouverte-de-lautre\/laperouse-confronte-au-bon-sauvage\/","title":{"rendered":"Lap\u00e9rouse confront\u00e9 au \u00ab\u00a0bon sauvage\u00a0\u00bb"},"content":{"rendered":"<div id=\"attachment_2757\" style=\"width: 425px\" class=\"wp-caption aligncenter\"><a href=\"http:\/\/blogs.univ-jfc.fr\/projetlaperouse\/wp-content\/uploads\/sites\/9\/2014\/03\/24.jpg\"><img aria-describedby=\"caption-attachment-2757\" loading=\"lazy\" class=\"wp-image-2757 \" alt=\"Escale \u00e0 Maui (Hawai) de 1786 vu par Delcausse.\" src=\"http:\/\/blogs.univ-jfc.fr\/projetlaperouse\/wp-content\/uploads\/sites\/9\/2014\/03\/24.jpg\" width=\"415\" height=\"312\" \/><\/a><p id=\"caption-attachment-2757\" class=\"wp-caption-text\">Escale \u00e0 Maui (Hawai) de 1786 vu par Delcausse, mus\u00e9e Lap\u00e9rouse, Albi.<\/p><\/div>\n<p style=\"text-align: justify\"><strong><span style=\"color: #000000\"><span style=\"font-family: Arial,sans-serif\"><span style=\"font-size: medium\">Des d\u00e9buts prometteurs<\/span><\/span><\/span><\/strong><\/p>\n<p style=\"text-align: justify\"><span style=\"color: #000000\"><span style=\"font-family: Arial,sans-serif\"><span style=\"font-size: medium\">\u00a0\u00a0\u00a0\u00a0\u00a0\u00a0\u00a0 Lorsqu&rsquo;il arrive sur l\u2019\u00eele de P\u00e2ques, le 10 avril 1786, Lap\u00e9rouse a commenc\u00e9 son voyage depuis moins d&rsquo;un an. Il a donc d\u00e9j\u00e0 rencontr\u00e9 des Indiens auparavant, ce qui lui donne un peu de recul. Ils arrivent nus et sans armes, aident les marins fran\u00e7ais \u00e0 d\u00e9barquer&#8230; Lap\u00e9rouse remarque vite que leurs visages sont peints en rouge, signe culturel commun \u00e0 l&rsquo;ensemble des diff\u00e9rentes tribus am\u00e9rindiennes tout comme le langage, la physionomie, ou m\u00eame l&rsquo;artisanat.<\/span><\/span><\/span><\/p>\n<p style=\"text-align: justify\"><span style=\"color: #000000\"><span style=\"font-family: Arial,sans-serif\"><span style=\"font-size: medium\">\u00a0\u00a0\u00a0\u00a0\u00a0 Il note qu&rsquo;ils semblent curieux de tout et mesurent le bateau, examinent boussole et gouvernail, montrant que si, d&rsquo;un point de vue europ\u00e9en, ils ignorent beaucoup de choses, ils n&rsquo;en sont pas pour autant d\u00e9nu\u00e9s de connaissances. La vision du \u00ab\u00a0bon sauvage\u00a0\u00bb des Lumi\u00e8res semble donc se confirmer avec cette confrontation d&rsquo;hommes nus, curieux et altruistes. Leurs diff\u00e9rences culturelles sont \u00e9videntes.<\/span><\/span><\/span><\/p>\n<p style=\"text-align: justify\"><span style=\"color: #000000\"><span style=\"font-family: Arial,sans-serif\"><span style=\"font-size: medium\">\u00a0\u00a0\u00a0\u00a0\u00a0 Ils arrivent nus et sans armes, aident les marins fran\u00e7ais \u00e0 d\u00e9barquer&#8230; Lap\u00e9rouse remarque vite que leurs visages sont peints en rouge, signe culturel commun \u00e0 l&rsquo;ensemble des diff\u00e9rentes tribus am\u00e9rindiennes tout comme le langage, la physionomie, ou m\u00eame l&rsquo;artisanat.<\/span><\/span><\/span><\/p>\n<p lang=\"zxx\" style=\"text-align: justify\"><span style=\"font-family: Arial, sans-serif\">\u00ab\u00a0Je fis divers pr\u00e9sens \u00e0 ces Indiens; ils pr\u00e9f\u00e9raient des\u00a0<\/span><span style=\"font-family: Arial, sans-serif\">morceaux de toile peinte, d&rsquo;une demi-aune, aux clous, aux\u00a0<\/span><span style=\"font-family: Arial, sans-serif\">couteaux et aux rassades; mais ils d\u00e9siraient encore davantage\u00a0<\/span><span style=\"font-family: Arial, sans-serif\">les chapeaux : nous en avions une trop petite quantit\u00e9 pour\u00a0<\/span><span style=\"font-family: Arial, sans-serif\">en donner \u00e0 plusieurs. A huit heures du soir, je pris cong\u00e9\u00a0<\/span><span style=\"font-family: Arial, sans-serif\">de mes nouveaux h\u00f4tes, leur faisant entendre, par signes,<\/span><span style=\"font-family: Arial, sans-serif\">qu&rsquo;\u00e0 la pointe du jour je descendrais \u00e0 terre : ils s&#8217;embar<\/span><span style=\"font-family: Arial, sans-serif\">qu\u00e8rent dans le canot en dansant, et ils se jet\u00e8rent \u00e0 la\u00a0<\/span><span style=\"font-family: Arial, sans-serif\">mer \u00e0 deux port\u00e9es de fusil du rivage, sur lequel la lame\u00a0<\/span><span style=\"font-family: Arial, sans-serif\">brisait avec force : ils avaient eu la pr\u00e9caution de faire de\u00a0<\/span><span style=\"font-family: Arial, sans-serif\">petits paquets de mes pr\u00e9sens, et chacun avait pos\u00e9 le sien\u00a0<\/span><span style=\"font-family: Arial, sans-serif\">sur sa t\u00eate pour le garantir de l&rsquo;eau.\u00a0\u00bb<\/span><\/p>\n<p lang=\"zxx\">Lap\u00e9rouse,Voyage autour du monde sur l&rsquo;Astrolabe et la Boussole(1785-1788)<\/p>\n<p style=\"text-align: justify\"><strong><span style=\"color: #000000\"><span style=\"font-family: Arial,sans-serif\"><span style=\"font-size: medium\">Premiers conflits<\/span><\/span><\/span><\/strong><\/p>\n<p style=\"text-align: justify\"><span style=\"color: #000000\"><span style=\"font-family: Arial,sans-serif\"><span style=\"font-size: medium\">\u00a0\u00a0\u00a0\u00a0\u00a0\u00a0\u00a0 Lorsque Lap\u00e9rouse arrive \u00e0 Lituya Bay (port des Fran\u00e7ais) en juillet 1786, il n&rsquo;a, en revanche, plus aucune illusion ni aucun espoir sur les \u00ab\u00a0sauvages\u00a0\u00bb. Il les d\u00e9crit comme des peuple grossiers et barbares, qui saccagent leur territoire, agressent la faune et m\u00e9prisent la flore. Il juge leurs enfants col\u00e9riques, prompts \u00e0 se venger. Lap\u00e9rouse contredit donc les philosophes, consid\u00e9rant qu&rsquo;ils d\u00e9crivent une situation qu&rsquo;ils ne connaissent pas vraiment, assis chez au coin du feu, chez eux.<\/span><\/span><\/span><\/p>\n<div id=\"attachment_2754\" style=\"width: 490px\" class=\"wp-caption alignnone\"><a href=\"http:\/\/blogs.univ-jfc.fr\/projetlaperouse\/wp-content\/uploads\/sites\/9\/2014\/03\/Les_fregates_de_La_Perouse_dans_le_Port_aux_Francais_en_17861.jpg\"><img aria-describedby=\"caption-attachment-2754\" loading=\"lazy\" class=\" wp-image-2754 \" alt=\"Les fr\u00e9gates l'Astrolabe et la Boussole au mouillage en juillet 1786 \u00e0 Port-aux-Fran\u00e7ais en Am\u00e9rique du nord (c\u00f4te ouest).\" src=\"http:\/\/blogs.univ-jfc.fr\/projetlaperouse\/wp-content\/uploads\/sites\/9\/2014\/03\/Les_fregates_de_La_Perouse_dans_le_Port_aux_Francais_en_17861.jpg\" width=\"480\" height=\"342\" \/><\/a><p id=\"caption-attachment-2754\" class=\"wp-caption-text\">Les fr\u00e9gates l&rsquo;Astrolabe et la Boussole au mouillage en juillet 1786 \u00e0 Port-aux-Fran\u00e7ais en Am\u00e9rique du nord (c\u00f4te ouest).<\/p><\/div>\n<p style=\"text-align: justify\"><span style=\"color: #000000\"><span style=\"font-family: Arial,sans-serif\"><span style=\"font-size: medium\">\u00a0\u00a0\u00a0\u00a0\u00a0\u00a0\u00a0 Ainsi, sa vision h\u00e9rit\u00e9e des Lumi\u00e8res et son optimisme ont disparu au fur et \u00e0 mesure des escales, des tensions et des diverses escarmouches qui ont eut lieu durant le voyage. Les \u00ab\u00a0sauvages\u00a0\u00bb ne sont donc pas bons, mais hypocrites, violents avec leur femmes dont ils se servent pour distraire les soldats. Aux yeux de Lap\u00e9rouse, les criminels europ\u00e9ens sont m\u00eame moins retors, jugement qui est en totale contradiction avec tout ce que les Lumi\u00e8res ont pu en dire.<\/span><\/span><\/span><\/p>\n<p style=\"text-align: justify\"><span style=\"color: #000000\"><span style=\"font-family: Arial,sans-serif\"><span style=\"font-size: medium\">\u00a0\u00a0\u00a0\u00a0\u00a0\u00a0\u00a0 Ce jugement est d&rsquo;autant plus rude que Lap\u00e9rouse est confront\u00e9 aux probl\u00e8mes de plus en plus aigus de gestion de l&rsquo;\u00e9quipage, de moins en moins bienveillant face aux abus r\u00e9p\u00e9t\u00e9s d&rsquo;hommes pr\u00e9tendument na\u00effs et inoffensifs.<\/span><\/span><\/span><\/p>\n<p style=\"text-align: justify\"><strong><span style=\"color: #000000\"><span style=\"font-family: Arial,sans-serif\"><span style=\"font-size: medium\">Le bon sauvage, un homme comme un autre ?<\/span><\/span><\/span><\/strong><\/p>\n<p style=\"text-align: justify\"><span style=\"color: #000000\">\u00a0\u00a0\u00a0\u00a0\u00a0\u00a0\u00a0\u00a0 <span style=\"font-family: Arial,sans-serif\"><span style=\"font-size: medium\">Le point culminant de ces tensions est le massacre d&rsquo;une dizaine d&rsquo;hommes dont <a href=\"http:\/\/www.larousse.fr\/encyclopedie\/personnage\/Fleuriot_de_Langle\/179820\" target=\"_blank\">De Langle<\/a>, second de l&rsquo;exp\u00e9dition, dans les \u00eeles Samoa en 1787. Durant toute cette escale Lap\u00e9rouse sera r\u00e9ellement partag\u00e9 entre ses id\u00e9es philosophiques h\u00e9rit\u00e9es des Lumi\u00e8res et sa consternation face au comport<\/span><\/span><\/span><span style=\"color: #000000\"><span style=\"font-family: Arial,sans-serif\"><span style=\"font-size: medium\">ement des Indiens .<\/span><\/span><\/span><\/p>\n<p style=\"text-align: justify\"><span style=\"color: #000000\"><span style=\"font-family: Arial,sans-serif\"><span style=\"font-size: medium\">\u00a0\u00a0\u00a0\u00a0 Lap\u00e9rouse restera cependant humain en toutes circonstances avec les autochtones, m\u00eame apr\u00e8s les vols et les meurtres, offrant des cadeaux diplomatiques \u00e0 chaque arriv\u00e9e et en contenant la col\u00e8re de ses hommes.<\/span><\/span><\/span><\/p>\n<p style=\"text-align: justify\"><span style=\"color: #000000\"><span style=\"font-family: Arial,sans-serif\"><span style=\"font-size: medium\">\u00a0\u00a0\u00a0\u00a0\u00a0\u00a0 Apr\u00e8s le meurtre de Langle, Lap\u00e9rouse qui est alors entour\u00e9 sur son navire par les pirogues des Indiens qui sont venus commercer songe \u00e0 organiser une r\u00e9ponse violente a l&rsquo;\u00e9gard de ces marchands pour venger son ami. Finalement, il ne le fera pas par soucis de justice car il sait que les Indiens qui sont \u00e0 sont bord sont innocents.<\/span><\/span><\/span><\/p>\n<p style=\"text-align: justify\"><span style=\"color: #000000\"><span style=\"font-family: Arial,sans-serif\"><span style=\"font-size: medium\">\u00a0\u00a0\u00a0\u00a0\u00a0\u00a0 Lap\u00e9rouse est constern\u00e9 par la b\u00eatise et l&rsquo;arrogance des Indiens qui parce qu&rsquo;ils sont plus fort physiquement\u00a0 pensent pouvoir gagner une escarmouche contre lui alors qu&rsquo;il est certain de les dominer gr\u00e2ce a la puissance de ces armes\u00a0.<\/span><\/span><\/span><\/p>\n<p style=\"text-align: justify\"><span style=\"color: #000000\"><span style=\"font-family: Arial,sans-serif\"><span style=\"font-size: medium\">\u00a0\u00a0\u00a0\u00a0\u00a0\u00a0 Encore une fois, on voit bien la dualit\u00e9 qui cohabite en Lap\u00e9rouse, d&rsquo;une part sa grandeur d&rsquo;esprit car il veut \u00eatre juste en toutes circonstances et ainsi \u00eatre le plus intelligent, et ses sentiments plus humains, plus \u00ab\u00a0sauvages \u00bb qui seraient une r\u00e9ponse \u00e0 la violence par la violence.<\/span><\/span><\/span><\/p>\n<p><span style=\"color: #000000\"><span style=\"font-family: Arial,sans-serif\"><span style=\"font-size: medium\">\u00a0\u00a0\u00a0\u00a0\u00a0\u00a0\u00a0 Malgr\u00e9 sa grandeur d&rsquo;\u00e2me, Lap\u00e9rouse reste conscient qu&rsquo;avec l\u2019\u00e9volution et la \u00ab\u00a0civilisation\u00a0\u00bb de leurs soci\u00e9t\u00e9s, les Indiens perdent leur \u00e9tat de \u00ab\u00a0bon sauvage\u00a0\u00bb. Lap\u00e9rouse en conclut que plus l&rsquo;homme se civilise, plus il devient mesquin et fourbe.<\/span><\/span><\/span><\/p>\n<p lang=\"zxx\" style=\"text-align: justify\"><span style=\"color: #333333\">\u00ab\u00a0Les philosophes se r\u00e9crieraient en vain contre ce tableau.Ils font leurs livres au coin de leur feu, et je voyage depuis trente ans : je suis t\u00e9moin des injustices et de la fourberie de ces peuples qu&rsquo;on nous peint si bons, parce qu&rsquo;ils sont tr\u00e8s-pr\u00e8s de la nature; mais cette nature n&rsquo;est sublime que dans ces masses.; elle n\u00e9glige tous les d\u00e9tails. Il est impossible de p\u00e9n\u00e9trer dans les bois que la main des hommes civilis\u00e9s n&rsquo;a point \u00e9lagu\u00e9s; de traverser les plaines remplies de pierres,de rochers, et inond\u00e9es de marais impraticables; de faire soci\u00e9t\u00e9 enfin avec l&rsquo;homme de la nature , parce qu&rsquo;il est barbare, m\u00e9chant et fourbe. Confirm\u00e9 dans cette opinion par ma triste exp\u00e9rience, je n&rsquo;ai pas cru n\u00e9anmoins devoir user des forces dont la direction m&rsquo;\u00e9tait confi\u00e9e , pour repousser l&rsquo;injustice de ces sauvages, et pour leur apprendre qu&rsquo;il est un droit des gens qu&rsquo;on ne viole jamais impun\u00e9ment.Des Indiens, dans leurs pirogues, \u00e9taient sans cesse autour de nos fr\u00e9gates; ils y passaient trois ou quatre heures avant de commencer l&rsquo;\u00e9change de quelques poissons ou de deux ou trois peaux de loutre ; ils saisissaient toutes les occasions de nous voler; ils arrachaient le fer qui \u00e9tait ficile \u00e0 enlever,et ils examinaient, sur-tout, par quel moyen ils pourraient, pendant la nuit, tromper notre vigilance. Je faisais monter \u00e0 bord de ma fr\u00e9gate les principaux personnages ;je les comblais de pr\u00e9sens ; et ces m\u00eames hommes que je distinguais si particuli\u00e8rement, ne d\u00e9daignaient jamais le vol d&rsquo;un clou ou d&rsquo;une vieille culotte. Lorsqu&rsquo;ils prenaient un air riant et doux, j&rsquo;\u00e9tais assur\u00e9 qu&rsquo;ils avaient vol\u00e9 quelque chose, et tr\u00e8s -souvent je faisais semblant de ne pas m&rsquo;en apercevoir.\u00a0\u00bb<\/span><\/p>\n<p lang=\"zxx\"><span style=\"color: #333333\">Lap\u00e9rouse,Voyage autour du monde sur l&rsquo;Astrolabe et la Boussole(1785-1788)<\/span><\/p>\n","protected":false},"excerpt":{"rendered":"<p>Des d\u00e9buts prometteurs \u00a0\u00a0\u00a0\u00a0\u00a0\u00a0\u00a0 Lorsqu&rsquo;il arrive sur l\u2019\u00eele de P\u00e2ques, le 10 avril 1786, Lap\u00e9rouse a commenc\u00e9 son voyage depuis moins d&rsquo;un an. Il a donc d\u00e9j\u00e0 rencontr\u00e9 des Indiens auparavant, ce qui lui donne un peu de recul. Ils &hellip; <a href=\"https:\/\/blogs.univ-jfc.fr\/projetlaperouse\/de-la-nature-et-des-hommes\/la-decouverte-de-lautre\/laperouse-confronte-au-bon-sauvage\/\">Lire la suite <span class=\"meta-nav\">&rarr;<\/span><\/a><\/p>\n","protected":false},"author":19,"featured_media":0,"parent":250,"menu_order":3,"comment_status":"closed","ping_status":"open","template":"","meta":[],"_links":{"self":[{"href":"https:\/\/blogs.univ-jfc.fr\/projetlaperouse\/wp-json\/wp\/v2\/pages\/1088"}],"collection":[{"href":"https:\/\/blogs.univ-jfc.fr\/projetlaperouse\/wp-json\/wp\/v2\/pages"}],"about":[{"href":"https:\/\/blogs.univ-jfc.fr\/projetlaperouse\/wp-json\/wp\/v2\/types\/page"}],"author":[{"embeddable":true,"href":"https:\/\/blogs.univ-jfc.fr\/projetlaperouse\/wp-json\/wp\/v2\/users\/19"}],"replies":[{"embeddable":true,"href":"https:\/\/blogs.univ-jfc.fr\/projetlaperouse\/wp-json\/wp\/v2\/comments?post=1088"}],"version-history":[{"count":13,"href":"https:\/\/blogs.univ-jfc.fr\/projetlaperouse\/wp-json\/wp\/v2\/pages\/1088\/revisions"}],"predecessor-version":[{"id":4633,"href":"https:\/\/blogs.univ-jfc.fr\/projetlaperouse\/wp-json\/wp\/v2\/pages\/1088\/revisions\/4633"}],"up":[{"embeddable":true,"href":"https:\/\/blogs.univ-jfc.fr\/projetlaperouse\/wp-json\/wp\/v2\/pages\/250"}],"wp:attachment":[{"href":"https:\/\/blogs.univ-jfc.fr\/projetlaperouse\/wp-json\/wp\/v2\/media?parent=1088"}],"curies":[{"name":"wp","href":"https:\/\/api.w.org\/{rel}","templated":true}]}}