{"id":1118,"date":"2014-03-20T08:50:52","date_gmt":"2014-03-20T07:50:52","guid":{"rendered":"http:\/\/blogs.univ-jfc.fr\/projetlaperouse\/?page_id=1118"},"modified":"2014-03-27T11:51:11","modified_gmt":"2014-03-27T10:51:11","slug":"comptoirs-francais-en-ocean-indien","status":"publish","type":"page","link":"https:\/\/blogs.univ-jfc.fr\/projetlaperouse\/marin-et-soldat\/dans-locean-indien\/comptoirs-francais-en-ocean-indien\/","title":{"rendered":"Comptoirs fran\u00e7ais en Oc\u00e9an Indien"},"content":{"rendered":"<p align=\"JUSTIFY\"><span style=\"font-family: Arial, sans-serif\"><strong>Karikal\u00a0:<\/strong> \u00ab\u00a0Comptoir de la c\u00f4te sud-est de l&rsquo;Inde. Il se trouve \u00e0 vingt lieues (soit quinze heures de navigation par vent du nord) au sud de Pondich\u00e9ry dont il d\u00e9pendait administrativement. Pour les fran\u00e7ais, qui obtinrent la concession en plein propri\u00e9t\u00e9 en 1738 par accord avec le roide Tanjore, ce gros bourg et le vaste territoire (135 km\u00b2) qui l&rsquo;entoure pr\u00e9sentait un double int\u00e9r\u00eat\u00a0: assurer le ravitaillement de Pondich\u00e9ry, car c&rsquo;est une r\u00e9gion agricole riche, bien arros\u00e9e par le Caveri, \u00e0 l&#8217;embouchure duquel se trouve Karikal\u00a0; \u00eatre un grand centre de production de cotonnades, en particulier des toiles teintes en bleu (\u00e0 l&rsquo;indigo), tr\u00e8s recherch\u00e9es en Afrique. En 1750, la pr\u00e9sence fran\u00e7aise fut marqu\u00e9e par l&rsquo;\u00e9dification d&rsquo;un fort \u00e0 l&#8217;embouchure du Caveri. En 1754, \u00ab\u00a0c&rsquo;est un quarr\u00e9 long (d&rsquo;environ 100m sur 80 m de large) avec quatre petites demy-lunes sur les courtines (avec) un foss\u00e9, chemin couvert et glacis\u00a0\u00bb. \u00ab\u00a0Il suffit pour prot\u00e9ger notre \u00e9tablissement\u00a0\u00bb, conclut un inspecteur, car il abrite une centaine d&rsquo;hommes. En outre, les b\u00e2timents de mer ne peuvent entrer dans l&rsquo;estuaire du Caveri\u00a0; ils doivent stationner au large et les relations avec la c\u00f4te s&rsquo;effectuent en radeaux. Karikal suivit le sort de son chef-lieu. Occup\u00e9 par les forces britanniques (1807), r\u00e9troc\u00e9d\u00e9 aux Franais apr\u00e8s les guerres de la R\u00e9volution et de l&rsquo;Empire par le trait\u00e9 de Paris (1814), il fut int\u00e9gr\u00e9 dans l&rsquo;Union indienne en 1954, mais toujours dans la d\u00e9pendance administrative, commerciale et culturelle de Pondich\u00e9ry.\u00a0\u00bb HAUDRERE P. In VERG\u00c9-FRANCESCHI M. <i>Dictionnaire d\u2019histoire maritime<\/i>. Paris : R. Laffont, 2002. 717 p.<\/span><\/p>\n<p style=\"text-align: justify\"><span style=\"font-family: Arial, sans-serif\"><strong>Mah\u00e9\u00a0:<\/strong> Mah\u00e9 est un village du territoire de Pondich\u00e9ry situ\u00e9 sur la c\u00f4te Malabar de l&rsquo;Inde. C&rsquo;est un ancien comptoir fran\u00e7ais datant du 2 Avril 1721. Mah\u00e9 \u00e9tait muni d&rsquo;un fort et a fait l&rsquo;objet de quelques conflits au cours du XVIII si\u00e8cle, notamment avec les britanniques et les Marathes. Ce comptoir, \u00e9tait, \u00e0 l&rsquo;\u00e9poque, un point strat\u00e9gique majeur pour les fran\u00e7ais, car ce n\u2019\u00e9tait pas le seul comptoir europ\u00e9en de la r\u00e9gion, par exemple Goa, appartenait aux portugais.<\/span><\/p>\n<p align=\"JUSTIFY\"><span style=\"font-family: Arial, sans-serif\"><b>Pondich\u00e9ry\u00a0:<\/b> \u00ab\u00a0Comptoir de la c\u00f4te sud-est de l&rsquo;Inde, chef-lieu des \u00e9tablissements fran\u00e7ais aux Indes orientales. D\u00e8s 1617, des n\u00e9gociants malouins avaient conseill\u00e9 d&rsquo;y installer un poste permanent, mais ceci ne fut r\u00e9alis\u00e9 qu&rsquo;en 1674, gr\u00e2ce \u00e0 l&rsquo;obstination de Fran\u00e7ois Martin. Les d\u00e9buts du nouvel \u00e9tablissement furent difficile en raison de l&rsquo;hostilit\u00e9 des danois qui avaient auparavant essay\u00e9 de s&rsquo;installer sur le m\u00eame site, et surtout des hollandais, m\u00e9contents de l&rsquo;arriv\u00e9e d&rsquo;une nouvelle puissance commerciale dans la r\u00e9gion. Ces derniers profit\u00e8rent de la guerre de la ligue d&rsquo;Augsbourg pour occuper Pondich\u00e9ry (1693-1699) mais le trait\u00e9 de Ryswick (1697) en reconnut la possession d\u00e9finitive aux Fran\u00e7ais, une fois le territoire conc\u00e9d\u00e9 par le souverain local. La rade est foraine, comme toutes celles de la c\u00f4te Coromandel. Le rivage bas, sableux, encombr\u00e9 de lagunes, est malcommode pour les activit\u00e9s maritimes. Cependant l&#8217;embouchure de la rivi\u00e8re Oupar cr\u00e9e une possibilit\u00e9 de p\u00e9n\u00e9tration vers l&rsquo;int\u00e9rieur. Surtout l&rsquo;eau potable y sort de terre naturellement par des puits art\u00e9siens, situation unique qui fait la richesse agricole de la r\u00e9gion. En bordure de la mer, sur les anciennes dunes, est \u00e9difi\u00e9e la ville \u00ab\u00a0blanche\u00a0\u00bb, bien dessin\u00e9e, avec un plan r\u00e9gulier, organis\u00e9 autour du fort Sain-Louis, majestueux \u00e9difice militaire inspir\u00e9 de la citadelle de Tournai, construit de 1701 \u00e0 1704. A l&rsquo;ouest de celui-ci se trouve une zone m\u00e9diane d\u00e9prim\u00e9e, ancienne lagune m\u00e9diocrement drain\u00e9e par la rivi\u00e8re d&rsquo;Arancoupon\u00a0; puis, le terrain s&rsquo;\u00e9l\u00e8ve insensiblement vers la ville hindoue, \u00e9difi\u00e9e sur des sols plus stables. Les gouverneurs successifs ont port\u00e9 une grande attention \u00e0 la qualit\u00e9 de l&rsquo;urbanisme. \u00ab\u00a0Jadis les gens du pays construisaient leurs maisons en bois et en terre\u00a0; M. Lenoir [gouverneur] imposa de ne b\u00e2tir qu&rsquo;en briques et de ne couvrir qu&rsquo;en tuiles et on construisit des maisons magnifiques et en quantit\u00e9\u00a0\u00bb, observe le major La Farelle en 1731, \u00e0 son retour apr\u00e8s une absence de onze ans. Les \u00e9glises et les b\u00e2timents civils, comme l&rsquo;h\u00f4tel de la monnaie achev\u00e9 en 1738 et l&rsquo;h\u00f4tel du gouverneur termin\u00e9 en 1750, contribuent \u00e0 l\u2019embellissement d la ville. En outre, elle est entour\u00e9e d&rsquo;une enceinte d\u00e9fensive, construite de 1724 \u00e0 1747, qui en fait, au dire des Hindous, la mieux prot\u00e9g\u00e9e des installations europ\u00e9ennes aux Indes orientales. Le plat pays, dens\u00e9ment peupl\u00e9, compte de nombreux tisserands qui travaillent pour satisfaire les commandes des marchands de la Compagnie des Indes. Le territoire domin\u00e9 directement par les Fran\u00e7ais ne forme pas un ensemble coh\u00e9rent\u00a0; il est constitu\u00e9 d&rsquo;une s\u00e9rie d&rsquo;enclaves acquises au hasard des circonstances, que l&rsquo;on peut regrouper en quatre principale \u00ab\u00a0ald\u00e9es\u00a0\u00bb ou villages\u00a0: Villenour, Oulgaret, Bahour et les environs imm\u00e9diat de Pondich\u00e9ry, pour une superficie totale d&rsquo;environ 291 km\u00b2 en 1750. A partir de cette date, Dupleix essaya d&rsquo;\u00e9tendre la domination fran\u00e7aise sur l&rsquo;arri\u00e8re pays, suscitant l\u2019inqui\u00e9tude des britanniques qui redoutaient la poursuite d&rsquo;un plan visant \u00e0 couper les communications terrestres de leur comptoir de Madras avec le reste du pays. La rivalit\u00e9 franco-anglais s&rsquo;acheva par la capitulation de Pondich\u00e9ry en 1761, apr\u00e8s une m\u00e9diocre d\u00e9fense dirig\u00e9e par Lally, suivie de la destruction de la forteresse et des remparts. Le chef-lieu des \u00e9tablissements fran\u00e7ais fut occup\u00e9 jusqu&rsquo;en 1763, puis de 1778 \u00e0 1785 et encore de 1793 \u00e0 1816. Au XIXe si\u00e8cle, cette enclave fran\u00e7aise dans un pays d\u00e9sormais enti\u00e8rement domin\u00e9 par les Britanniques n&rsquo;a plus d&rsquo;importance militaire, mais conna\u00eet un bon d\u00e9veloppement \u00e9conomique. Pondich\u00e9ry entre en 1954 dans &lsquo;Union indienne avec un statut douanier particulier qui lui donne une prosp\u00e9rit\u00e9 commerciale et industrielle, et conserve encore aujourd&rsquo;hui une personnalit\u00e9 culturelle attachante\u00a0; Avec Karikal (50 000 h), Mah\u00e9 (30 000), Yanaon (20 000), Pondich\u00e9ry (600 000) forme aujourd&rsquo;hui un des sept territoires de l&rsquo;Union indienne.\u00a0\u00bb HAUDRERE P. in VERG\u00c9-FRANCESCHI M. <i>Dictionnaire d\u2019histoire maritime<\/i>. Paris : R. Laffont, 2002. 717 p.<\/span><\/p>\n<p align=\"JUSTIFY\"><span style=\"font-family: Arial, sans-serif\">Bibliographie compl\u00e9mentaire\u00a0: HAUDRERE P., <i>Pondich\u00e9ry (1674-1761). L&rsquo;\u00e9chec d&rsquo;un r\u00eave d&rsquo;Empire<\/i>, 1993<\/span><\/p>\n<div id=\"attachment_2697\" style=\"width: 637px\" class=\"wp-caption alignnone\"><a href=\"http:\/\/blogs.univ-jfc.fr\/projetlaperouse\/wp-content\/uploads\/sites\/9\/2014\/03\/Pondich\u00e9ry-media.png\"><img aria-describedby=\"caption-attachment-2697\" loading=\"lazy\" class=\"size-full wp-image-2697\" alt=\"Vue des magasins de la Compagnie des Indes \u00e0 Pondich\u00e9ry. de l'amiraut\u00e9 et de la maison du gouverneur, gravure, XVIIIe si\u00e8cle (Lorient, Mus\u00e9e de la Compagnie des Indes)\" src=\"http:\/\/blogs.univ-jfc.fr\/projetlaperouse\/wp-content\/uploads\/sites\/9\/2014\/03\/Pondich\u00e9ry-media.png\" width=\"627\" height=\"389\" \/><\/a><p id=\"caption-attachment-2697\" class=\"wp-caption-text\">Vue des magasins de la Compagnie des Indes \u00e0 Pondich\u00e9ry. de l&rsquo;amiraut\u00e9 et de la maison du gouverneur, gravure, XVIIIe si\u00e8cle (Lorient, Mus\u00e9e de la Compagnie des Indes)<\/p><\/div>\n<p align=\"JUSTIFY\"><span style=\"font-family: Arial, sans-serif\">Cette vue permet de voir \u00e0 quoi ressemblait un comptoir fran\u00e7ais au XVIIIe, on per\u00e7oit bien le styla architectural des b\u00e2timents qui rappelle les b\u00e2timents de la m\u00e9tropole. Nous avons pu observer comment les europ\u00e9ens \u00e0 travers l&rsquo;\u00e9tablissement des comptoirs reproduisaient leur organisations d&rsquo;origine. L&rsquo;organisation des comptoirs ne touche pas \u00e0 proprement parl\u00e9 notre domaine d&rsquo;\u00e9tude plus marqu\u00e9 par l\u2019action militaire de Lap\u00e9rouse mais ce point m\u00e9ritait d&rsquo;\u00eatre \u00e9voqu\u00e9. Ainsi sur les images que nous pu \u00e9tudier on voyait l&rsquo;architecture militaire des comptoirs et \u00e9tablissements qui n&rsquo;\u00e9tait pas sans \u00e9voquer les forts en \u00e9toile du \u00ab\u00a0pr\u00e9 carr\u00e9\u00a0\u00bb du c\u00e9l\u00e8bre Vauban. Ci- contre voici le fort de Pondich\u00e9ry.<a href=\"#sdfootnote1sym\" name=\"sdfootnote1anc\"><\/a><br \/>\n<\/span><\/p>\n<p>&nbsp;<\/p>\n<div id=\"attachment_2699\" style=\"width: 509px\" class=\"wp-caption alignnone\"><a href=\"http:\/\/blogs.univ-jfc.fr\/projetlaperouse\/wp-content\/uploads\/sites\/9\/2014\/03\/Plan_Pondichery-2-9e5d7.png\"><img aria-describedby=\"caption-attachment-2699\" loading=\"lazy\" class=\"size-full wp-image-2699\" alt=\"Le fort Saint-Louis de Pondich\u00e9ry.  Image extraite de la page de garde de la journ\u00e9e d'\u00e9tudes \u00ab\u00a0Entre la R\u00e9volution et l'Empire (1790-1810): quelle politique fran\u00e7aise dans l\u2019Oc\u00e9an Indien?\u00a0\u00bb du  Mercredi 29 mai 2013 de l'institut d'Histoire de la R\u00e9volution Fran\u00e7aise \u00e0 l'Universit\u00e9 de Paris I, Panth\u00e9on-Sorbonne. Disponible sur http:\/\/ihrf.univ-paris1.fr\/spip.php?article718 . \" src=\"http:\/\/blogs.univ-jfc.fr\/projetlaperouse\/wp-content\/uploads\/sites\/9\/2014\/03\/Plan_Pondichery-2-9e5d7.png\" width=\"499\" height=\"751\" \/><\/a><p id=\"caption-attachment-2699\" class=\"wp-caption-text\">Le fort Saint-Louis de Pondich\u00e9ry. Image extraite de la page de garde de la journ\u00e9e d&rsquo;\u00e9tudes \u00ab\u00a0Entre la R\u00e9volution et l&rsquo;Empire (1790-1810): quelle politique fran\u00e7aise dans l\u2019Oc\u00e9an Indien?\u00a0\u00bb du Mercredi 29 mai 2013 de l&rsquo;institut d&rsquo;Histoire de la R\u00e9volution Fran\u00e7aise \u00e0 l&rsquo;Universit\u00e9 de Paris I, Panth\u00e9on-Sorbonne. Disponible sur http:\/\/ihrf.univ-paris1.fr\/spip.php?article718 .<\/p><\/div>\n","protected":false},"excerpt":{"rendered":"<p>Karikal\u00a0: \u00ab\u00a0Comptoir de la c\u00f4te sud-est de l&rsquo;Inde. Il se trouve \u00e0 vingt lieues (soit quinze heures de navigation par vent du nord) au sud de Pondich\u00e9ry dont il d\u00e9pendait administrativement. Pour les fran\u00e7ais, qui obtinrent la concession en plein &hellip; <a href=\"https:\/\/blogs.univ-jfc.fr\/projetlaperouse\/marin-et-soldat\/dans-locean-indien\/comptoirs-francais-en-ocean-indien\/\">Lire la suite <span class=\"meta-nav\">&rarr;<\/span><\/a><\/p>\n","protected":false},"author":20,"featured_media":0,"parent":277,"menu_order":4,"comment_status":"closed","ping_status":"closed","template":"","meta":[],"_links":{"self":[{"href":"https:\/\/blogs.univ-jfc.fr\/projetlaperouse\/wp-json\/wp\/v2\/pages\/1118"}],"collection":[{"href":"https:\/\/blogs.univ-jfc.fr\/projetlaperouse\/wp-json\/wp\/v2\/pages"}],"about":[{"href":"https:\/\/blogs.univ-jfc.fr\/projetlaperouse\/wp-json\/wp\/v2\/types\/page"}],"author":[{"embeddable":true,"href":"https:\/\/blogs.univ-jfc.fr\/projetlaperouse\/wp-json\/wp\/v2\/users\/20"}],"replies":[{"embeddable":true,"href":"https:\/\/blogs.univ-jfc.fr\/projetlaperouse\/wp-json\/wp\/v2\/comments?post=1118"}],"version-history":[{"count":12,"href":"https:\/\/blogs.univ-jfc.fr\/projetlaperouse\/wp-json\/wp\/v2\/pages\/1118\/revisions"}],"predecessor-version":[{"id":2694,"href":"https:\/\/blogs.univ-jfc.fr\/projetlaperouse\/wp-json\/wp\/v2\/pages\/1118\/revisions\/2694"}],"up":[{"embeddable":true,"href":"https:\/\/blogs.univ-jfc.fr\/projetlaperouse\/wp-json\/wp\/v2\/pages\/277"}],"wp:attachment":[{"href":"https:\/\/blogs.univ-jfc.fr\/projetlaperouse\/wp-json\/wp\/v2\/media?parent=1118"}],"curies":[{"name":"wp","href":"https:\/\/api.w.org\/{rel}","templated":true}]}}