{"id":1149,"date":"2014-03-20T08:57:22","date_gmt":"2014-03-20T07:57:22","guid":{"rendered":"http:\/\/blogs.univ-jfc.fr\/projetlaperouse\/?page_id=1149"},"modified":"2014-03-30T15:50:05","modified_gmt":"2014-03-30T14:50:05","slug":"andre-charles-la-jaille","status":"publish","type":"page","link":"https:\/\/blogs.univ-jfc.fr\/projetlaperouse\/marin-et-soldat\/lexpedition-de-la-baie-dhudson\/andre-charles-la-jaille\/","title":{"rendered":"Andr\u00e9-Charles La Jaille"},"content":{"rendered":"<p style=\"text-align: justify\">Andr\u00e9-Charles La Jaille, n\u00e9 \u00e0 Brest le 7 d\u00e9cembre 1749. Il appartenait \u00e0 une ancienne famille noble fortun\u00e9e et originaire de la Touraine. Poss\u00e9dant de nombreux domaines en Bretagne et propri\u00e9t\u00e9s \u00e0 Saint-Domingue. Fils et petit-fils de marins, lieutenant de vaisseau en 1778 \u00e0 l&rsquo;\u00e2ge de 33 ans, il semblait destin\u00e9 \u00e0 une brillante carri\u00e8re d&rsquo;officier. Andr\u00e9-Charles se montra distingu\u00e9, instruit et efficace. Il n&rsquo;h\u00e9sitait pas \u00e0 agir de lui-m\u00eame au besoin. Durant l\u2019exp\u00e9dition de la baie d&rsquo;Hudson, il commandait la fr\u00e9gate l&rsquo;Engageante. A la fin de la guerre d&rsquo;Ind\u00e9pendance am\u00e9ricaine, il servit notamment \u00e0 surveiller les int\u00e9r\u00eats fran\u00e7ais sur les c\u00f4tes africaines. En 1786, il fut nomm\u00e9 capitaine de vaisseau et, de 1789 \u00e0 1790, il fut le commandant de la marine \u00e0 Saint-Domingue. Il s&rsquo;en retourna \u00e0 Brest o\u00f9 il fut arr\u00eat\u00e9. Accus\u00e9 d&rsquo;\u00eatre antir\u00e9volutionnaire, il fut mis en prison. En 1793, il \u00e9migra et participa au d\u00e9barquement de Quiberon en 1795 venu pr\u00eater main forte \u00e0 la chouannerie. Apr\u00e8s cet \u00e9chec, il retourna, en 1797, \u00e0 Saint-Domingue o\u00f9 il tenait un commerce. Il d\u00e9c\u00e9da en 1815, \u00e0 Cork, en Irlande, \u00e2g\u00e9 de 66 ans.<\/p>\n<p style=\"text-align: justify\">\n","protected":false},"excerpt":{"rendered":"<p>Andr\u00e9-Charles La Jaille, n\u00e9 \u00e0 Brest le 7 d\u00e9cembre 1749. Il appartenait \u00e0 une ancienne famille noble fortun\u00e9e et originaire de la Touraine. Poss\u00e9dant de nombreux domaines en Bretagne et propri\u00e9t\u00e9s \u00e0 Saint-Domingue. Fils et petit-fils de marins, lieutenant de &hellip; <a href=\"https:\/\/blogs.univ-jfc.fr\/projetlaperouse\/marin-et-soldat\/lexpedition-de-la-baie-dhudson\/andre-charles-la-jaille\/\">Lire la suite <span class=\"meta-nav\">&rarr;<\/span><\/a><\/p>\n","protected":false},"author":20,"featured_media":0,"parent":279,"menu_order":4,"comment_status":"closed","ping_status":"closed","template":"","meta":[],"_links":{"self":[{"href":"https:\/\/blogs.univ-jfc.fr\/projetlaperouse\/wp-json\/wp\/v2\/pages\/1149"}],"collection":[{"href":"https:\/\/blogs.univ-jfc.fr\/projetlaperouse\/wp-json\/wp\/v2\/pages"}],"about":[{"href":"https:\/\/blogs.univ-jfc.fr\/projetlaperouse\/wp-json\/wp\/v2\/types\/page"}],"author":[{"embeddable":true,"href":"https:\/\/blogs.univ-jfc.fr\/projetlaperouse\/wp-json\/wp\/v2\/users\/20"}],"replies":[{"embeddable":true,"href":"https:\/\/blogs.univ-jfc.fr\/projetlaperouse\/wp-json\/wp\/v2\/comments?post=1149"}],"version-history":[{"count":5,"href":"https:\/\/blogs.univ-jfc.fr\/projetlaperouse\/wp-json\/wp\/v2\/pages\/1149\/revisions"}],"predecessor-version":[{"id":2942,"href":"https:\/\/blogs.univ-jfc.fr\/projetlaperouse\/wp-json\/wp\/v2\/pages\/1149\/revisions\/2942"}],"up":[{"embeddable":true,"href":"https:\/\/blogs.univ-jfc.fr\/projetlaperouse\/wp-json\/wp\/v2\/pages\/279"}],"wp:attachment":[{"href":"https:\/\/blogs.univ-jfc.fr\/projetlaperouse\/wp-json\/wp\/v2\/media?parent=1149"}],"curies":[{"name":"wp","href":"https:\/\/api.w.org\/{rel}","templated":true}]}}