{"id":14,"date":"2013-06-11T07:37:22","date_gmt":"2013-06-11T06:37:22","guid":{"rendered":"http:\/\/blogs.univ-jfc.fr\/projetlaperouse\/?page_id=14"},"modified":"2014-06-18T08:54:55","modified_gmt":"2014-06-18T07:54:55","slug":"le-voyage","status":"publish","type":"page","link":"https:\/\/blogs.univ-jfc.fr\/projetlaperouse\/le-voyage\/","title":{"rendered":"Le voyage"},"content":{"rendered":"<p title=\"Journaux et correspondances\" align=\"JUSTIFY\">Le voyage de Lap\u00e9rouse est une exp\u00e9dition ambitieuse : d&rsquo;origine commerciale, elle voit ses objectifs \u00e9largis. Des instructions coordonn\u00e9es aux moyens mat\u00e9riels et humains, tout un monde s&#8217;emploie aux <a title=\"Instructions et pr\u00e9paratifs\" href=\"http:\/\/blogs.univ-jfc.fr\/projetlaperouse\/le-voyage\/instructions-et-preparatifs\/\">pr\u00e9paratifs<\/a> pendant 180 jours. L&rsquo;exp\u00e9dition part de Brest le 1<sup>er<\/sup> ao\u00fbt 1785 pour un voyage de deux ans et demi. Ce voyage permet une \u00e9volution autant dans les techniques, la navigation, les sciences que dans la connaissance des peuples indig\u00e8nes. Les sources \u00e9crites, et notamment les <a title=\"Journaux et correspondances\" href=\"http:\/\/blogs.univ-jfc.fr\/projetlaperouse\/le-voyage\/journaux-et-correspondance\/\">journaux et correspondances<\/a> de l&rsquo;exp\u00e9dition, nous ont apport\u00e9 les informations n\u00e9cessaires \u00e0 la compr\u00e9hension de cette aventure, de ces <a title=\"Principales \u00e9tapes et \u00e9v\u00e8nements\" href=\"http:\/\/blogs.univ-jfc.fr\/projetlaperouse\/le-voyage\/principales-etapes-et-evenements\/\">principales \u00e9tapes et \u00e9v\u00e8nements<\/a>.<\/p>\n<p><!--[if gte mso 9]&gt;--><\/p>\n","protected":false},"excerpt":{"rendered":"<p>Le voyage de Lap\u00e9rouse est une exp\u00e9dition ambitieuse : d&rsquo;origine commerciale, elle voit ses objectifs \u00e9largis. Des instructions coordonn\u00e9es aux moyens mat\u00e9riels et humains, tout un monde s&#8217;emploie aux pr\u00e9paratifs pendant 180 jours. L&rsquo;exp\u00e9dition part de Brest le 1er ao\u00fbt &hellip; <a href=\"https:\/\/blogs.univ-jfc.fr\/projetlaperouse\/le-voyage\/\">Lire la suite <span class=\"meta-nav\">&rarr;<\/span><\/a><\/p>\n","protected":false},"author":15,"featured_media":452,"parent":0,"menu_order":2,"comment_status":"closed","ping_status":"closed","template":"sidebar-page.php","meta":[],"_links":{"self":[{"href":"https:\/\/blogs.univ-jfc.fr\/projetlaperouse\/wp-json\/wp\/v2\/pages\/14"}],"collection":[{"href":"https:\/\/blogs.univ-jfc.fr\/projetlaperouse\/wp-json\/wp\/v2\/pages"}],"about":[{"href":"https:\/\/blogs.univ-jfc.fr\/projetlaperouse\/wp-json\/wp\/v2\/types\/page"}],"author":[{"embeddable":true,"href":"https:\/\/blogs.univ-jfc.fr\/projetlaperouse\/wp-json\/wp\/v2\/users\/15"}],"replies":[{"embeddable":true,"href":"https:\/\/blogs.univ-jfc.fr\/projetlaperouse\/wp-json\/wp\/v2\/comments?post=14"}],"version-history":[{"count":17,"href":"https:\/\/blogs.univ-jfc.fr\/projetlaperouse\/wp-json\/wp\/v2\/pages\/14\/revisions"}],"predecessor-version":[{"id":4679,"href":"https:\/\/blogs.univ-jfc.fr\/projetlaperouse\/wp-json\/wp\/v2\/pages\/14\/revisions\/4679"}],"wp:featuredmedia":[{"embeddable":true,"href":"https:\/\/blogs.univ-jfc.fr\/projetlaperouse\/wp-json\/wp\/v2\/media\/452"}],"wp:attachment":[{"href":"https:\/\/blogs.univ-jfc.fr\/projetlaperouse\/wp-json\/wp\/v2\/media?parent=14"}],"curies":[{"name":"wp","href":"https:\/\/api.w.org\/{rel}","templated":true}]}}