{"id":1669,"date":"2014-03-25T19:18:43","date_gmt":"2014-03-25T18:18:43","guid":{"rendered":"http:\/\/blogs.univ-jfc.fr\/projetlaperouse\/?page_id=1669"},"modified":"2014-03-26T20:59:26","modified_gmt":"2014-03-26T19:59:26","slug":"institutionnalisation","status":"publish","type":"page","link":"https:\/\/blogs.univ-jfc.fr\/projetlaperouse\/de-la-nature-et-des-hommes\/sciences-naturelles\/linstitutionnalisation-des-sciences\/institutionnalisation\/","title":{"rendered":"institutionnalisation"},"content":{"rendered":"<p align=\"JUSTIFY\"><span style=\"color: #000000\">Le terme institutionnalisation d\u00e9signe le moment o\u00f9 un institut, des groupes sociaux etc&#8230; est rendu l\u00e9gitime par le pouvoir politique. C&rsquo;est l&rsquo;acceptation et la promotion officielle d&rsquo;un syst\u00e8me de relation sociale.<\/span><\/p>\n","protected":false},"excerpt":{"rendered":"<p>Le terme institutionnalisation d\u00e9signe le moment o\u00f9 un institut, des groupes sociaux etc&#8230; est rendu l\u00e9gitime par le pouvoir politique. C&rsquo;est l&rsquo;acceptation et la promotion officielle d&rsquo;un syst\u00e8me de relation sociale.<\/p>\n","protected":false},"author":19,"featured_media":0,"parent":1070,"menu_order":0,"comment_status":"closed","ping_status":"open","template":"","meta":[],"_links":{"self":[{"href":"https:\/\/blogs.univ-jfc.fr\/projetlaperouse\/wp-json\/wp\/v2\/pages\/1669"}],"collection":[{"href":"https:\/\/blogs.univ-jfc.fr\/projetlaperouse\/wp-json\/wp\/v2\/pages"}],"about":[{"href":"https:\/\/blogs.univ-jfc.fr\/projetlaperouse\/wp-json\/wp\/v2\/types\/page"}],"author":[{"embeddable":true,"href":"https:\/\/blogs.univ-jfc.fr\/projetlaperouse\/wp-json\/wp\/v2\/users\/19"}],"replies":[{"embeddable":true,"href":"https:\/\/blogs.univ-jfc.fr\/projetlaperouse\/wp-json\/wp\/v2\/comments?post=1669"}],"version-history":[{"count":2,"href":"https:\/\/blogs.univ-jfc.fr\/projetlaperouse\/wp-json\/wp\/v2\/pages\/1669\/revisions"}],"predecessor-version":[{"id":2046,"href":"https:\/\/blogs.univ-jfc.fr\/projetlaperouse\/wp-json\/wp\/v2\/pages\/1669\/revisions\/2046"}],"up":[{"embeddable":true,"href":"https:\/\/blogs.univ-jfc.fr\/projetlaperouse\/wp-json\/wp\/v2\/pages\/1070"}],"wp:attachment":[{"href":"https:\/\/blogs.univ-jfc.fr\/projetlaperouse\/wp-json\/wp\/v2\/media?parent=1669"}],"curies":[{"name":"wp","href":"https:\/\/api.w.org\/{rel}","templated":true}]}}