{"id":1672,"date":"2014-03-25T19:22:41","date_gmt":"2014-03-25T18:22:41","guid":{"rendered":"http:\/\/blogs.univ-jfc.fr\/projetlaperouse\/?page_id=1672"},"modified":"2014-03-26T20:56:26","modified_gmt":"2014-03-26T19:56:26","slug":"royal-society","status":"publish","type":"page","link":"https:\/\/blogs.univ-jfc.fr\/projetlaperouse\/de-la-nature-et-des-hommes\/sciences-naturelles\/linstitutionnalisation-des-sciences\/royal-society\/","title":{"rendered":"Royal Society"},"content":{"rendered":"<p align=\"JUSTIFY\"><span style=\"color: #000000\">La Royal Society, dont le nom officiel est Royal Society of London for\u00a0<\/span><span style=\"color: #000000\"><span style=\"font-family: Arial, sans-serif\"><span style=\"font-size: medium\"><i>the Improvement of Natural Knowledge<\/i><\/span><\/span><\/span><span style=\"color: #000000\">\u00a0est ce que l&rsquo;on peut traduire litt\u00e9ralement par \u00ab Soci\u00e9t\u00e9 royale de Londres pour l&rsquo;am\u00e9lioration du savoir naturel \u00bb. C&rsquo;est une institution fond\u00e9e en 1603 \u00e0 Londres est destin\u00e9e \u00e0 la promotion des sciences. Cette institution c\u00e9l\u00e8bre est la premi\u00e8re acad\u00e9mie cr\u00e9e sp\u00e9cifiquement pour les sciences naturelles. Suit tr\u00e8s vite sa concurrente fran\u00e7aise en 1666.<\/span><\/p>\n<p align=\"JUSTIFY\"><a href=\"http:\/\/royalsociety.org\/about-us\/history\/\">En savoir plus.<\/a><\/p>\n","protected":false},"excerpt":{"rendered":"<p>La Royal Society, dont le nom officiel est Royal Society of London for\u00a0the Improvement of Natural Knowledge\u00a0est ce que l&rsquo;on peut traduire litt\u00e9ralement par \u00ab Soci\u00e9t\u00e9 royale de Londres pour l&rsquo;am\u00e9lioration du savoir naturel \u00bb. C&rsquo;est une institution fond\u00e9e en &hellip; <a href=\"https:\/\/blogs.univ-jfc.fr\/projetlaperouse\/de-la-nature-et-des-hommes\/sciences-naturelles\/linstitutionnalisation-des-sciences\/royal-society\/\">Lire la suite <span class=\"meta-nav\">&rarr;<\/span><\/a><\/p>\n","protected":false},"author":19,"featured_media":0,"parent":1070,"menu_order":0,"comment_status":"closed","ping_status":"open","template":"","meta":[],"_links":{"self":[{"href":"https:\/\/blogs.univ-jfc.fr\/projetlaperouse\/wp-json\/wp\/v2\/pages\/1672"}],"collection":[{"href":"https:\/\/blogs.univ-jfc.fr\/projetlaperouse\/wp-json\/wp\/v2\/pages"}],"about":[{"href":"https:\/\/blogs.univ-jfc.fr\/projetlaperouse\/wp-json\/wp\/v2\/types\/page"}],"author":[{"embeddable":true,"href":"https:\/\/blogs.univ-jfc.fr\/projetlaperouse\/wp-json\/wp\/v2\/users\/19"}],"replies":[{"embeddable":true,"href":"https:\/\/blogs.univ-jfc.fr\/projetlaperouse\/wp-json\/wp\/v2\/comments?post=1672"}],"version-history":[{"count":3,"href":"https:\/\/blogs.univ-jfc.fr\/projetlaperouse\/wp-json\/wp\/v2\/pages\/1672\/revisions"}],"predecessor-version":[{"id":2042,"href":"https:\/\/blogs.univ-jfc.fr\/projetlaperouse\/wp-json\/wp\/v2\/pages\/1672\/revisions\/2042"}],"up":[{"embeddable":true,"href":"https:\/\/blogs.univ-jfc.fr\/projetlaperouse\/wp-json\/wp\/v2\/pages\/1070"}],"wp:attachment":[{"href":"https:\/\/blogs.univ-jfc.fr\/projetlaperouse\/wp-json\/wp\/v2\/media?parent=1672"}],"curies":[{"name":"wp","href":"https:\/\/api.w.org\/{rel}","templated":true}]}}