{"id":1824,"date":"2014-03-26T11:57:45","date_gmt":"2014-03-26T10:57:45","guid":{"rendered":"http:\/\/blogs.univ-jfc.fr\/projetlaperouse\/?page_id=1824"},"modified":"2014-04-22T20:04:04","modified_gmt":"2014-04-22T19:04:04","slug":"i-terreur-et-angoisse","status":"publish","type":"page","link":"https:\/\/blogs.univ-jfc.fr\/projetlaperouse\/la-mer-au-siecles-des-lumieres\/un-nouveau-regard\/i-terreur-et-angoisse\/","title":{"rendered":"Terreur et angoisse"},"content":{"rendered":"<p align=\"JUSTIFY\"><span style=\"font-family: Arial,sans-serif\"><a href=\"http:\/\/blogs.univ-jfc.fr\/projetlaperouse\/wp-content\/uploads\/sites\/9\/2014\/03\/800px-Cook-death.jpg\"><img loading=\"lazy\" class=\"alignnone  wp-image-1870\" title=\"La mort du capitaine Cook, &quot;A Collection of Voyages round te World ... Captain Cook's First, Second, Third and Last Voyages ...&quot; Volume VI, London, 1790, page 1969. (http:\/\/www.photolib.noaa.gov\/library\/libr0189.htm)\" alt=\"\" src=\"http:\/\/blogs.univ-jfc.fr\/projetlaperouse\/wp-content\/uploads\/sites\/9\/2014\/03\/800px-Cook-death.jpg\" width=\"800\" height=\"451\" \/><\/a><\/span><\/p>\n<p align=\"JUSTIFY\"><span style=\"font-family: Arial,sans-serif\">En 1768, <a href=\"http:\/\/blogs.univ-jfc.fr\/projetlaperouse\/la-decouverte-du-pacifique\/bougainville-et-cook\/\">James Cook<\/a>, navigateur britannique, embarque sur L&rsquo;Endeavour afin de d\u00e9couvrir le Pacifique. Le 14 f\u00e9vrier 1779, il<\/span><span style=\"font-family: Arial,sans-serif\"> est massacr\u00e9 sur une plage des \u00eeles Sandwich \u00e0 Hawa\u00ef par des sauvages. <\/span><span style=\"color: #000000\"><span style=\"font-family: Arial,sans-serif\">Ses troupes se seraient battues contre les habitants de cette \u00eele. Selon la l\u00e9gende, une fl\u00e8che aurait \u00e9t\u00e9 fabriqu\u00e9e \u00e0 partir d&rsquo;un des os de Cook. En 1824, le roi d\u2019Hawa\u00ef a remis cette fl\u00e8che \u00e0 un m\u00e9decin britannique de la famille de l&rsquo;\u00e9pouse de James Cook. Puis l&rsquo;objet a \u00e9t\u00e9 donn\u00e9 au mus\u00e9e australien en 1890. Mais en r\u00e9alit\u00e9 rien ne prouve qu&rsquo;il eut \u00e9t\u00e9 mang\u00e9 par les indig\u00e8nes, il aurait plut\u00f4t \u00e9t\u00e9 tu\u00e9 dans la bataille. N\u00e9anmoins, cette<\/span><\/span><span style=\"color: #000000\"><span style=\"font-family: Arial,sans-serif\"> disparition renforce l&rsquo;image n\u00e9gative de la mer et contribue amplement \u00e0 renforcer le sentiment de peur que la population du XVIIIe si\u00e8cle s&rsquo;en faisait. Cette l\u00e9gende est \u00e9galement accentu\u00e9e par le fait que la mer ne garde aucune trace de l&rsquo;humain apr\u00e8s avoir p\u00e9ri dans ses profondeurs.<\/span><\/span><\/p>\n<p align=\"JUSTIFY\"><a href=\"http:\/\/blogs.univ-jfc.fr\/projetlaperouse\/wp-content\/uploads\/sites\/9\/2014\/03\/lap.jpg\"><img loading=\"lazy\" class=\"alignnone  wp-image-2589\" title=\"Naufrage des canots de Lap\u00e9rouse au Port-des-Fran\u00e7ais, Louis-Philippe Cr\u00e9pin, 1806. (http:\/\/www.frontenac-ameriques.org\/histoire-et-memoire\/article\/laperouse-a-port-des-francais)\" alt=\"\" src=\"http:\/\/blogs.univ-jfc.fr\/projetlaperouse\/wp-content\/uploads\/sites\/9\/2014\/03\/lap.jpg\" width=\"1562\" height=\"1174\" \/><\/a><\/p>\n<p align=\"JUSTIFY\"><span style=\"color: #000000\"><span style=\"font-family: Arial, sans-serif\">De 1785 \u00e0 1788, <a href=\"http:\/\/blogs.univ-jfc.fr\/projetlaperouse\/un-gentilhomme-provincial\/la-naissance-le-milieu-familial-la-premiere-education\/\">Lap\u00e9rouse<\/a>, \u00e0 la demande du roi Louis XVI, alla explorer de <\/span><\/span><span style=\"font-family: Arial, sans-serif\"><span style=\"color: #000000\">nouvelles terres sur l&rsquo;Oc\u00e9an Pacifique dans la lign\u00e9e de James Cook. A l&rsquo;\u00e9poque, la mer \u00e9tait un univers inconnu, inqui\u00e9tant et fascinant<a href=\"#sdfootnote2sym\" name=\"sdfootnote2anc\"><sup>2<\/sup><\/a>. Or, on ne saura que bien plus tard qu&rsquo;il s&rsquo;\u00e9chouera \u00e0 Vanikoro, en 1788, ce qui ajoute encore plus de <a href=\"http:\/\/blogs.univ-jfc.fr\/projetlaperouse\/vanikoro-et-apres\/un-mystere-qui-seclaircit-peu-a-peu\/\">myst\u00e8re<\/a>, de terreur et d&rsquo;angoisse \u00e0 son voyage. <\/span><\/span><\/p>\n<p align=\"JUSTIFY\"><span style=\"font-family: Arial, sans-serif\"> Dans son <a href=\"http:\/\/blogs.univ-jfc.fr\/projetlaperouse\/le-voyage\/journaux-et-correspondance\/\">journal<\/a>, Lap\u00e9rouse d\u00e9crit la mer n\u00e9gativement<a href=\"#sdfootnote3sym\" name=\"sdfootnote3anc\"><sup>3<\/sup><\/a>. En voici, quelques exemples\u00a0:<\/span><\/p>\n<p align=\"JUSTIFY\"><span style=\"color: #000000\"><span style=\"font-family: Arial, sans-serif\">\u00ab\u00a0nous avions toujours navigu\u00e9 au milieu des plus grosses lames\u00a0\u00bb, \u00ab un coup de mer avait m\u00eame emport\u00e9 notre petit canot\u00a0\u00bb (p327)<\/span><\/span><\/p>\n<p align=\"JUSTIFY\"><span style=\"font-family: Arial, sans-serif\">\u00ab\u00a0la mer \u00e9tait extr\u00eamement grosse\u00a0\u00bb, \u00ab\u00a0les vents furent tr\u00e8s variables et les mers tr\u00e8s agit\u00e9es\u00a0\u00bb (p329)<\/span><\/p>\n<p align=\"JUSTIFY\"><span style=\"color: #000000\"><span style=\"font-family: Arial, sans-serif\">\u00ab\u00a0Ces pluies, ces orages et ces grosses mers\u00a0\u00bb (p331)<\/span><\/span><\/p>\n<p align=\"JUSTIFY\"><span style=\"color: #000000\"><span style=\"font-family: Arial, sans-serif\">\u00ab\u00a0Une grosse houle de l&rsquo;ouest rendait notre navigation extr\u00eamement fatigante\u00a0\u00bb (p332)<\/span><\/span><\/p>\n<p align=\"JUSTIFY\"><span style=\"color: #000000\"><span style=\"font-family: Arial, sans-serif\">\u00ab\u00a0la mer brisait avec fureur\u00a0\u00bb (p338)<\/span><\/span><\/p>\n<p align=\"JUSTIFY\"><span style=\"color: #000000\"><span style=\"font-family: Arial, sans-serif\">A travers ces citations, l&rsquo;auteur montre bien que la mer est un \u00e9l\u00e9ment dangereux, d&rsquo;une extr\u00eame violence pour l&rsquo;Homme et qui n&rsquo;inspire pas confiance. La notion d&rsquo;ins\u00e9curit\u00e9 s&rsquo;ancre davantage dans les esprits de l&rsquo;\u00e9poque.<\/span><\/span><\/p>\n<p align=\"JUSTIFY\"><span style=\"color: #000000\"> <span style=\"font-family: Arial, sans-serif\">De plus, Lap\u00e9rouse d\u00e9crivit la mer comme un lieu d\u00e9sertique, o\u00f9 l&rsquo;Homme est seul face au monde\u00a0:<\/span><\/span><\/p>\n<p align=\"JUSTIFY\"><span style=\"color: #000000\"><span style=\"font-family: Arial, sans-serif\">\u00ab\u00a0notre horizon \u00e9tait tr\u00e8s \u00e9tendu\u00a0: nous n\u2019aper\u00e7\u00fbmes aucune terre\u00a0\u00bb (p329)<\/span><\/span><\/p>\n<p align=\"JUSTIFY\"><span style=\"color: #000000\"><span style=\"font-family: Arial, sans-serif\">\u00ab\u00a0cette vaste mer\u00a0\u00bb, \u00ab\u00a0dans le grand oc\u00e9an\u00a0\u00bb (p330)<\/span><\/span><\/p>\n<p align=\"JUSTIFY\"><span style=\"color: #000000\"><span style=\"font-family: Arial, sans-serif\">\u00ab\u00a0un horizon de la plus grande \u00e9tendue\u00a0\u00bb (p331)<\/span><\/span><\/p>\n<p align=\"JUSTIFY\"><span style=\"color: #000000\"><span style=\"font-family: Arial, sans-serif\">\u00ab\u00a0l&rsquo;espoir de rencontrer quelque terre\u00a0; mais, quoique l&rsquo;horizon fut de la plus vaste \u00e9tendue, aucune ne s&rsquo;offrait \u00e0 notre vue\u00a0\u00bb (p332)<\/span><\/span><\/p>\n<p align=\"JUSTIFY\"><span style=\"color: #000000\"><span style=\"font-family: Arial, sans-serif\">En ayant exp\u00e9riment\u00e9 la mer, Lap\u00e9rouse ne change pas le regard de la mer dans les moeurs du XVIIIe si\u00e8cle. Ce qu&rsquo;il raconte \u00e0 travers son journal renforce les pr\u00e9jug\u00e9s (que la mer est l&rsquo;ennemie de l&rsquo;Homme, par exemple) des personnes de cette \u00e9poque. La mer reste en tout point un lieu redout\u00e9. <\/span><\/span><\/p>\n<p><a href=\"http:\/\/blogs.univ-jfc.fr\/projetlaperouse\/la-mer-au-siecles-des-lumieres\/un-nouveau-regard\/ii-les-regards-des-artistes-et-des-scientifiques-sur-la-mer-des-visions-qui-sement-le-doute-chez-les-contemporains\/\">Les regards des artistes et des scientifiques sur la mer : des visions qui s\u00e8ment le doute chez les contemporains<\/a><\/p>\n<div id=\"sdfootnote1\">\n<p><a href=\"#sdfootnote1anc\" name=\"sdfootnote1sym\">1<\/a>(1741-1788), Jean-Fran\u00e7ois Galaup de Lap\u00e9rouse, officier de marine et explorateur fran\u00e7ais<\/p>\n<\/div>\n<div id=\"sdfootnote2\">\n<p><a href=\"#sdfootnote2anc\" name=\"sdfootnote2sym\">2<\/a>Corbin A. et Richard H. <i>La mer\u00a0: Terreur et fascination<\/i>, Paris, BNF, 2005, 251 p.<\/p>\n<\/div>\n<div id=\"sdfootnote3\">\n<p><a href=\"#sdfootnote3anc\" name=\"sdfootnote3sym\">3<\/a>Lap\u00e9rouse J-F. <i>Voyage autour du monde sur l&rsquo;Astrolabe et la Boussole<\/i>, Paris, \u00e9dition la d\u00e9couverte poche, 2008, 414 p.<\/p>\n<\/div>\n","protected":false},"excerpt":{"rendered":"<p>En 1768, James Cook, navigateur britannique, embarque sur L&rsquo;Endeavour afin de d\u00e9couvrir le Pacifique. Le 14 f\u00e9vrier 1779, il est massacr\u00e9 sur une plage des \u00eeles Sandwich \u00e0 Hawa\u00ef par des sauvages. Ses troupes se seraient battues contre les habitants &hellip; <a href=\"https:\/\/blogs.univ-jfc.fr\/projetlaperouse\/la-mer-au-siecles-des-lumieres\/un-nouveau-regard\/i-terreur-et-angoisse\/\">Lire la suite <span class=\"meta-nav\">&rarr;<\/span><\/a><\/p>\n","protected":false},"author":44,"featured_media":0,"parent":260,"menu_order":0,"comment_status":"closed","ping_status":"open","template":"","meta":[],"_links":{"self":[{"href":"https:\/\/blogs.univ-jfc.fr\/projetlaperouse\/wp-json\/wp\/v2\/pages\/1824"}],"collection":[{"href":"https:\/\/blogs.univ-jfc.fr\/projetlaperouse\/wp-json\/wp\/v2\/pages"}],"about":[{"href":"https:\/\/blogs.univ-jfc.fr\/projetlaperouse\/wp-json\/wp\/v2\/types\/page"}],"author":[{"embeddable":true,"href":"https:\/\/blogs.univ-jfc.fr\/projetlaperouse\/wp-json\/wp\/v2\/users\/44"}],"replies":[{"embeddable":true,"href":"https:\/\/blogs.univ-jfc.fr\/projetlaperouse\/wp-json\/wp\/v2\/comments?post=1824"}],"version-history":[{"count":33,"href":"https:\/\/blogs.univ-jfc.fr\/projetlaperouse\/wp-json\/wp\/v2\/pages\/1824\/revisions"}],"predecessor-version":[{"id":1856,"href":"https:\/\/blogs.univ-jfc.fr\/projetlaperouse\/wp-json\/wp\/v2\/pages\/1824\/revisions\/1856"}],"up":[{"embeddable":true,"href":"https:\/\/blogs.univ-jfc.fr\/projetlaperouse\/wp-json\/wp\/v2\/pages\/260"}],"wp:attachment":[{"href":"https:\/\/blogs.univ-jfc.fr\/projetlaperouse\/wp-json\/wp\/v2\/media?parent=1824"}],"curies":[{"name":"wp","href":"https:\/\/api.w.org\/{rel}","templated":true}]}}