{"id":183,"date":"2013-06-12T07:22:38","date_gmt":"2013-06-12T06:22:38","guid":{"rendered":"http:\/\/blogs.univ-jfc.fr\/projetlaperouse\/?page_id=183"},"modified":"2014-06-16T09:54:07","modified_gmt":"2014-06-16T08:54:07","slug":"la-vie-au-long-cours","status":"publish","type":"page","link":"https:\/\/blogs.univ-jfc.fr\/projetlaperouse\/naviguer-au-xviiie-siecle\/la-vie-au-long-cours\/","title":{"rendered":"La vie au long cours"},"content":{"rendered":"<p align=\"justify\"><span style=\"color: #000000\"><span style=\"font-family: Arial, sans-serif\"><span style=\"font-size: medium\"><a href=\"http:\/\/blogs.univ-jfc.fr\/projetlaperouse\/wp-content\/uploads\/sites\/9\/2013\/06\/3.jpg\"><img loading=\"lazy\" class=\" wp-image-875 alignleft\" title=\"La vaisselle des officiers\" alt=\"\" src=\"http:\/\/blogs.univ-jfc.fr\/projetlaperouse\/wp-content\/uploads\/sites\/9\/2013\/06\/3.jpg\" width=\"145\" height=\"196\" srcset=\"https:\/\/blogs.univ-jfc.fr\/projetlaperouse\/wp-content\/uploads\/sites\/9\/2013\/06\/3.jpg 242w, https:\/\/blogs.univ-jfc.fr\/projetlaperouse\/wp-content\/uploads\/sites\/9\/2013\/06\/3-222x300.jpg 222w\" sizes=\"(max-width: 145px) 100vw, 145px\" \/><\/a>Au XVIIIe si\u00e8cle, il est d\u00e9j\u00e0 difficile de conserver les aliments, mais cela l&rsquo;est encore plus lors d&rsquo;un voyage comme celui de Lap\u00e9rouse qui dura trois ans. Tous les codes alimentaires qui sont valables sur terre : la cuisson, la pr\u00e9paration et la d\u00e9gustation, vont changer sur la mer. Lap\u00e9rouse va pourtant essayer de trouver des solutions \u00e0 la question de \u201c<a title=\"Se nourrir\" href=\"http:\/\/blogs.univ-jfc.fr\/projetlaperouse\/naviguer-au-xviiie-siecle\/la-vie-au-long-cours\/se-nourrir\/\">se nourrir<\/a>\u201d, pour le bon d\u00e9roulement de la vie sur ses navires.<\/span><\/span><\/span><\/p>\n<p>&nbsp;<\/p>\n<p align=\"justify\"><a href=\"http:\/\/blogs.univ-jfc.fr\/projetlaperouse\/wp-content\/uploads\/sites\/9\/2013\/06\/rembrandt1.jpg\"><img loading=\"lazy\" class=\"wp-image-1484 alignright\" title=\"M\u00e9decins et chirurgiens\" alt=\"rembrandt1\" src=\"http:\/\/blogs.univ-jfc.fr\/projetlaperouse\/wp-content\/uploads\/sites\/9\/2013\/06\/rembrandt1.jpg\" width=\"239\" height=\"180\" \/><\/a><span style=\"color: #000000\"><span style=\"font-family: Arial, sans-serif\"><span style=\"font-size: medium\">Maintenir une bonne<\/span><\/span><\/span><span style=\"color: #000000\"><span style=\"font-family: Arial, sans-serif\"><span style=\"font-size: medium\"> hygi\u00e8ne \u00e0 bord d&rsquo;un <\/span><\/span><\/span><span style=\"color: #000000\"><span style=\"font-family: Arial, sans-serif\"><span style=\"font-size: medium\">navire est primordial pour conserver la bonne sant\u00e9 de <\/span><\/span><\/span><span style=\"color: #000000\"><span style=\"font-family: Arial, sans-serif\"><span style=\"font-size: medium\">l&rsquo;\u00e9quipage pendant un voyage au long cours. Cependant, cela est tr\u00e8s difficile et les marins doivent faire face \u00e0 de nombreuses maladies, parfois graves et mortelles. Les chirurgiens et m\u00e9decins de la Marine ont pour r\u00f4le d&rsquo;am\u00e9liorer <a title=\"Hygi\u00e8ne et sant\u00e9\" href=\"http:\/\/blogs.univ-jfc.fr\/projetlaperouse\/naviguer-au-xviiie-siecle\/la-vie-au-long-cours\/hygiene-et-sante\/\">l&rsquo;hygi\u00e8ne et la sant\u00e9<\/a> de ces marins dont la situation s&rsquo;am\u00e9liore toutefois de plus en plus rapidem<\/span><\/span><\/span><span style=\"color: #000000\"><span style=\"font-family: Arial, sans-serif\"><span style=\"font-size: medium\">ent \u00e0 la fin du XVIIIe si\u00e8cle.<\/span><\/span><\/span><\/p>\n<p align=\"justify\"><span style=\"color: #ffffff\">0<\/span><\/p>\n<p lang=\"en-US\" style=\"text-align: justify\" align=\"justify\"><span style=\"color: #000000\"><span style=\"font-family: Arial, sans-serif\"><span style=\"font-size: medium\"><a href=\"http:\/\/blogs.univ-jfc.fr\/projetlaperouse\/wp-content\/uploads\/sites\/9\/2013\/06\/5.jpg\"><img loading=\"lazy\" class=\" wp-image-909 alignleft\" title=\"Mise en sc\u00e8ne de la vie \u00e0 bord\" alt=\"\" src=\"http:\/\/blogs.univ-jfc.fr\/projetlaperouse\/wp-content\/uploads\/sites\/9\/2013\/06\/5.jpg\" width=\"229\" height=\"177\" srcset=\"https:\/\/blogs.univ-jfc.fr\/projetlaperouse\/wp-content\/uploads\/sites\/9\/2013\/06\/5.jpg 700w, https:\/\/blogs.univ-jfc.fr\/projetlaperouse\/wp-content\/uploads\/sites\/9\/2013\/06\/5-387x300.jpg 387w\" sizes=\"(max-width: 229px) 100vw, 229px\" \/><\/a><\/span><\/span><\/span><span style=\"color: #000000\"><span style=\"font-family: Arial,sans-serif\"><span style=\"font-size: medium\"><a title=\"Vivre ensemble\" href=\"http:\/\/blogs.univ-jfc.fr\/projetlaperouse\/naviguer-au-xviiie-siecle\/la-vie-au-long-cours\/vivre-ensemble\/\">\u00ab\u00a0Le vivre ensemble\u00a0\u00bb<\/a> devient un v\u00e9ritable d\u00e9fi lors de la navigation de long cours. La promiscuit\u00e9 d&rsquo;un milieu de vie satur\u00e9, les conditions de vie d\u00e9grad\u00e9es sont des explications de la difficult\u00e9 de la vie sociale. Pourtant, la navigation de long cours est le th\u00e9\u00e2tre d&rsquo;une socialisation qui s&rsquo;exprime \u00e0 la fois dans le quotidien, mais aussi dans des \u00e9v\u00e8nements \u00e0 caract\u00e8re exceptionnel. <\/span><\/span><\/span><\/p>\n<p lang=\"en-US\" style=\"text-align: justify\" align=\"justify\"><strong>R\u00e9dacteurs :\u00a0<\/strong>Guiraud Luc-Edouard, Lavit Lola, Belloncle Marine, Corbi\u00e8re Nad\u00e8ge<\/p>\n","protected":false},"excerpt":{"rendered":"<p>Au XVIIIe si\u00e8cle, il est d\u00e9j\u00e0 difficile de conserver les aliments, mais cela l&rsquo;est encore plus lors d&rsquo;un voyage comme celui de Lap\u00e9rouse qui dura trois ans. Tous les codes alimentaires qui sont valables sur terre : la cuisson, la &hellip; <a href=\"https:\/\/blogs.univ-jfc.fr\/projetlaperouse\/naviguer-au-xviiie-siecle\/la-vie-au-long-cours\/\">Lire la suite <span class=\"meta-nav\">&rarr;<\/span><\/a><\/p>\n","protected":false},"author":15,"featured_media":4641,"parent":23,"menu_order":2,"comment_status":"closed","ping_status":"open","template":"","meta":[],"_links":{"self":[{"href":"https:\/\/blogs.univ-jfc.fr\/projetlaperouse\/wp-json\/wp\/v2\/pages\/183"}],"collection":[{"href":"https:\/\/blogs.univ-jfc.fr\/projetlaperouse\/wp-json\/wp\/v2\/pages"}],"about":[{"href":"https:\/\/blogs.univ-jfc.fr\/projetlaperouse\/wp-json\/wp\/v2\/types\/page"}],"author":[{"embeddable":true,"href":"https:\/\/blogs.univ-jfc.fr\/projetlaperouse\/wp-json\/wp\/v2\/users\/15"}],"replies":[{"embeddable":true,"href":"https:\/\/blogs.univ-jfc.fr\/projetlaperouse\/wp-json\/wp\/v2\/comments?post=183"}],"version-history":[{"count":58,"href":"https:\/\/blogs.univ-jfc.fr\/projetlaperouse\/wp-json\/wp\/v2\/pages\/183\/revisions"}],"predecessor-version":[{"id":4642,"href":"https:\/\/blogs.univ-jfc.fr\/projetlaperouse\/wp-json\/wp\/v2\/pages\/183\/revisions\/4642"}],"up":[{"embeddable":true,"href":"https:\/\/blogs.univ-jfc.fr\/projetlaperouse\/wp-json\/wp\/v2\/pages\/23"}],"wp:featuredmedia":[{"embeddable":true,"href":"https:\/\/blogs.univ-jfc.fr\/projetlaperouse\/wp-json\/wp\/v2\/media\/4641"}],"wp:attachment":[{"href":"https:\/\/blogs.univ-jfc.fr\/projetlaperouse\/wp-json\/wp\/v2\/media?parent=183"}],"curies":[{"name":"wp","href":"https:\/\/api.w.org\/{rel}","templated":true}]}}