{"id":188,"date":"2013-06-12T07:24:28","date_gmt":"2013-06-12T06:24:28","guid":{"rendered":"http:\/\/blogs.univ-jfc.fr\/projetlaperouse\/?page_id=188"},"modified":"2014-05-27T10:56:41","modified_gmt":"2014-05-27T09:56:41","slug":"officiers-et-matelots-2","status":"publish","type":"page","link":"https:\/\/blogs.univ-jfc.fr\/projetlaperouse\/naviguer-au-xviiie-siecle\/officiers-et-matelots-2\/","title":{"rendered":"Officiers et matelots"},"content":{"rendered":"<p><a href=\"http:\/\/blogs.univ-jfc.fr\/projetlaperouse\/wp-content\/uploads\/sites\/9\/2013\/06\/capitaine-de-vaisseau.png\"><img loading=\"lazy\" class=\"wp-image-866     alignleft\" title=\"Un capitaine de vaisseau au XVIIIe si\u00e8cle\" alt=\"\" src=\"http:\/\/blogs.univ-jfc.fr\/projetlaperouse\/wp-content\/uploads\/sites\/9\/2013\/06\/capitaine-de-vaisseau.png\" width=\"130\" height=\"146\" \/><\/a><\/p>\n<p style=\"text-align: justify\">Au XVIIIe si\u00e8cle, avec l&rsquo;installation de la paix et le d\u00e9veloppement de l&rsquo;instruction, le nombre d&rsquo;officiers augmente. Plusieurs facteurs sont importants dans <a title=\"Les officiers au XVIIIe si\u00e8cle\" href=\"http:\/\/blogs.univ-jfc.fr\/projetlaperouse\/naviguer-au-xviiie-siecle\/officiers-et-matelots-2\/les-officiers-au-xviiie-siecle\/\">le cursus d&rsquo;un officier<\/a>\u00a0: la naissance, les relations sociales, le r\u00e9seau familial, les opinions politiques et religieuses, le m\u00e9rite, la dur\u00e9e de service, la guerre.<\/p>\n<p align=\"JUSTIFY\"><span style=\"font-family: Arial,sans-serif\"><span style=\"font-size: medium\"><a href=\"http:\/\/blogs.univ-jfc.fr\/projetlaperouse\/wp-content\/uploads\/sites\/9\/2014\/03\/Ordonnance-1681.png\"><img loading=\"lazy\" class=\" wp-image-1431 alignright\" title=\"Les hommes recrut\u00e9s pratiquant un m\u00e9tier maritime ont le statut de &quot;gens de mer&quot; d'apr\u00e8s l'Ordonnance de 1681.\" alt=\"Ordonnance 1681\" src=\"http:\/\/blogs.univ-jfc.fr\/projetlaperouse\/wp-content\/uploads\/sites\/9\/2014\/03\/Ordonnance-1681.png\" width=\"174\" height=\"238\" \/><\/a>Faire avancer un navire n\u00e9cessite des officiers et un \u00e9quipage et donc des <a title=\"Les matelots au XVIIIe si\u00e8cle\" href=\"http:\/\/blogs.univ-jfc.fr\/projetlaperouse\/naviguer-au-xviiie-siecle\/officiers-et-matelots-2\/les-matelots-au-xviiie-siecle\/\">matelots<\/a> en grand nombre. Les matelots sont command\u00e9s par les officiers, ce sont des hommes de mer exp\u00e9riment\u00e9s dans la man\u0153uvre d&rsquo;un b\u00e2timent. Ils naviguent sur des bateaux de p\u00eache, de commerce ou de guerre. Ils font le service des voiles et ex\u00e9cutent sous les ordres des ma\u00eetres toutes les op\u00e9rations de la garniture (m\u00e2ts et vergues), du gr\u00e9ement et de la man\u0153uvre. <\/span><\/span><\/p>\n<p align=\"JUSTIFY\"><a href=\"http:\/\/blogs.univ-jfc.fr\/projetlaperouse\/wp-content\/uploads\/sites\/9\/2013\/06\/objet-de-culte.png\"><img loading=\"lazy\" class=\"wp-image-889 alignleft\" title=\"Objets de culte sur la Boussole\" alt=\"\" src=\"http:\/\/blogs.univ-jfc.fr\/projetlaperouse\/wp-content\/uploads\/sites\/9\/2013\/06\/objet-de-culte.png\" width=\"184\" height=\"121\" srcset=\"https:\/\/blogs.univ-jfc.fr\/projetlaperouse\/wp-content\/uploads\/sites\/9\/2013\/06\/objet-de-culte.png 643w, https:\/\/blogs.univ-jfc.fr\/projetlaperouse\/wp-content\/uploads\/sites\/9\/2013\/06\/objet-de-culte-453x300.png 453w\" sizes=\"(max-width: 184px) 100vw, 184px\" \/><\/a><\/p>\n<p align=\"JUSTIFY\"><span style=\"font-family: Arial,sans-serif\"><span style=\"font-size: medium\">Les gens de mer progressent dans un environnement hostile. De ce fait, ils d\u00e9veloppent une <a title=\"La culture maritime\" href=\"http:\/\/blogs.univ-jfc.fr\/projetlaperouse\/naviguer-au-xviiie-siecle\/officiers-et-matelots-2\/la-culture-maritime\/\">mentalit\u00e9 qui leur est propre<\/a>. Comme l&rsquo;ensemble de la soci\u00e9t\u00e9 d&rsquo;Ancien R\u00e9gime, ils sont croyants mais cette foi est port\u00e9e \u00e0 son paroxysme. Ensuite, les marins d\u00e9veloppent certains cultes, li\u00e9s \u00e0 la dangerosit\u00e9 de leurs fonctions. C&rsquo;est d&rsquo;autant plus vrai pour les voyages au long cours. Enfin, m\u00eame si les officiers et les matelots ne se m\u00e9langent pas, certains vecteurs de sociabilit\u00e9 les lient tels que les chants ou le jeu.<\/span><\/span><\/p>\n<p><strong>\u00a0R\u00e9dactrices :<\/strong> Cozette Clara, Braz Kelly, Azema Delphine<\/p>\n","protected":false},"excerpt":{"rendered":"<p>Au XVIIIe si\u00e8cle, avec l&rsquo;installation de la paix et le d\u00e9veloppement de l&rsquo;instruction, le nombre d&rsquo;officiers augmente. Plusieurs facteurs sont importants dans le cursus d&rsquo;un officier\u00a0: la naissance, les relations sociales, le r\u00e9seau familial, les opinions politiques et religieuses, le &hellip; <a href=\"https:\/\/blogs.univ-jfc.fr\/projetlaperouse\/naviguer-au-xviiie-siecle\/officiers-et-matelots-2\/\">Lire la suite <span class=\"meta-nav\">&rarr;<\/span><\/a><\/p>\n","protected":false},"author":15,"featured_media":314,"parent":23,"menu_order":0,"comment_status":"closed","ping_status":"open","template":"","meta":[],"_links":{"self":[{"href":"https:\/\/blogs.univ-jfc.fr\/projetlaperouse\/wp-json\/wp\/v2\/pages\/188"}],"collection":[{"href":"https:\/\/blogs.univ-jfc.fr\/projetlaperouse\/wp-json\/wp\/v2\/pages"}],"about":[{"href":"https:\/\/blogs.univ-jfc.fr\/projetlaperouse\/wp-json\/wp\/v2\/types\/page"}],"author":[{"embeddable":true,"href":"https:\/\/blogs.univ-jfc.fr\/projetlaperouse\/wp-json\/wp\/v2\/users\/15"}],"replies":[{"embeddable":true,"href":"https:\/\/blogs.univ-jfc.fr\/projetlaperouse\/wp-json\/wp\/v2\/comments?post=188"}],"version-history":[{"count":84,"href":"https:\/\/blogs.univ-jfc.fr\/projetlaperouse\/wp-json\/wp\/v2\/pages\/188\/revisions"}],"predecessor-version":[{"id":4698,"href":"https:\/\/blogs.univ-jfc.fr\/projetlaperouse\/wp-json\/wp\/v2\/pages\/188\/revisions\/4698"}],"up":[{"embeddable":true,"href":"https:\/\/blogs.univ-jfc.fr\/projetlaperouse\/wp-json\/wp\/v2\/pages\/23"}],"wp:featuredmedia":[{"embeddable":true,"href":"https:\/\/blogs.univ-jfc.fr\/projetlaperouse\/wp-json\/wp\/v2\/media\/314"}],"wp:attachment":[{"href":"https:\/\/blogs.univ-jfc.fr\/projetlaperouse\/wp-json\/wp\/v2\/media?parent=188"}],"curies":[{"name":"wp","href":"https:\/\/api.w.org\/{rel}","templated":true}]}}