{"id":2180,"date":"2014-03-27T08:59:03","date_gmt":"2014-03-27T07:59:03","guid":{"rendered":"http:\/\/blogs.univ-jfc.fr\/projetlaperouse\/?page_id=2180"},"modified":"2014-04-06T10:50:04","modified_gmt":"2014-04-06T09:50:04","slug":"histoire-de-la-baie-dhudson","status":"publish","type":"page","link":"https:\/\/blogs.univ-jfc.fr\/projetlaperouse\/marin-et-soldat\/lexpedition-de-la-baie-dhudson\/histoire-de-la-baie-dhudson\/","title":{"rendered":"Histoire de la baie d&rsquo;Hudson"},"content":{"rendered":"<div id=\"attachment_3812\" style=\"width: 172px\" class=\"wp-caption alignright\"><a href=\"http:\/\/blogs.univ-jfc.fr\/projetlaperouse\/wp-content\/uploads\/sites\/9\/2014\/03\/fr-Coat_of_Arms-1756.jpg\"><img aria-describedby=\"caption-attachment-3812\" loading=\"lazy\" class=\"size-full wp-image-3812 \" alt=\"Voici l'embl\u00e8me de la compagnie de la baie d'Hudson en 1756. La citation latine PRO PELLE CUTEM . Une peau pour une peau. L'auteur nous est inconnu. \" src=\"http:\/\/blogs.univ-jfc.fr\/projetlaperouse\/wp-content\/uploads\/sites\/9\/2014\/03\/fr-Coat_of_Arms-1756.jpg\" width=\"162\" height=\"150\" \/><\/a><p id=\"caption-attachment-3812\" class=\"wp-caption-text\">Voici l&#8217;embl\u00e8me de<a href=\"http:\/\/www.patrimoinehbc.ca\/hbcheritage\/collections\/images\/coatofarms\/accueil\"> la compagnie de la baie d&rsquo;Hudson en 1756<\/a>. La citation latine PRO PELLE CUTEM . Une peau pour une peau. L&rsquo;auteur nous est inconnu.<\/p><\/div>\n<p style=\"text-align: justify\" align=\"JUSTIFY\"><span style=\"font-family: Arial,sans-serif\">La baie d&rsquo;Hudson fut d\u00e9couverte par l&rsquo;explorateur <a title=\"Henry Hudson\" href=\"http:\/\/blogs.univ-jfc.fr\/projetlaperouse\/marin-et-soldat\/lexpedition-de-la-baie-dhudson\/henry-hudson\/\">Henry Hudson<\/a> en 1610. Hudson partit d&rsquo;Angleterre le 17 juin 1610 sur le navire <i>Discovery<\/i>. Croyant avoir trouv\u00e9 le passage nord-ouest vers l&rsquo;Asie, il dirigea son navire en direction du sud et de l&rsquo;est et se fit pi\u00e9ger le 1<sup>er <\/sup>novembre par la mer gel\u00e9e. Il p\u00e9n\u00e9tra dans la fameuse baie. Il en explora les rives orientales et hiverna sur place. <\/span>Son \u00e9quipage se mutina et les matelots l\u2019abandonn\u00e8rent en 1611. <span style=\"font-family: Arial,sans-serif\">En 1660, deux explorateurs fran\u00e7ais, <a title=\"Pierre-Esprit Radisson\" href=\"http:\/\/blogs.univ-jfc.fr\/projetlaperouse\/marin-et-soldat\/lexpedition-de-la-baie-dhudson\/pierre-esprit-radisson\/\">Pierre-Esprit Radisson<\/a> et son beau-fr\u00e8re, <a href=\"http:\/\/blogs.univ-jfc.fr\/projetlaperouse\/marin-et-soldat\/lexpedition-de-la-baie-dhudson\/medart-chouart-des-groseillers\/\">M\u00e9dard Chouart des Groseilliers<\/a>, apprirent par des autochtones indiens, l&rsquo;existence d&rsquo;une mer sal\u00e9e, la baie d&rsquo;Hudson. \u00c0 leur retour au Qu\u00e9bec en 1660, ils rapportent une soixantaine de canots charg\u00e9s de fourrures confisqu\u00e9es par le gouverneur de la Nouvelle-France, <a title=\"Pierre de Voyer d\u2019Argenson\" href=\"http:\/\/blogs.univ-jfc.fr\/projetlaperouse\/marin-et-soldat\/lexpedition-de-la-baie-dhudson\/pierre-de-voyer-dargenson\/\">le marquis d&rsquo;Argenson<\/a>, qui leur reprocha d&rsquo;avoir quitt\u00e9 la compagnie sans autorisation. Froiss\u00e9s, les deux Fran\u00e7ais d\u00e9cid\u00e8rent d&rsquo;offrir leurs services \u00e0 des commanditaires plus g\u00e9n\u00e9reux, ce qui se fit sans plus tarder lorsqu&rsquo;ils s&rsquo;associ\u00e8rent \u00e0 un envoy\u00e9 de Charles II, le roi d&rsquo;Angleterre. En connaissance de ce commerce fructueux et conscient des int\u00e9r\u00eats \u00e9conomiques profitables \u00e0 la Grande-Bretagne, le roi d&rsquo;Angleterre accorda le contr\u00f4le de la Compagnie de la Baie d&rsquo;Hudson \u00e0 son cousin le Prince Rupert le 2 mars 1670 sous le nom de <i>The Governor and Company of adventurers of England, trading into Hudson&rsquo;s bay, the company of English Adventurers<\/i>. En retour, ce dernier eu la charge morale d&rsquo;effectuer l&rsquo;exploration compl\u00e8te en qu\u00eate de nouvelles potentialit\u00e9s mat\u00e9rielles, ainsi que la recherche du passage nord-ouest (passage vers l&rsquo;Asie via l&rsquo;Oc\u00e9an Arctique et le P\u00f4le-Nord). De plus, la compagnie avait une immense autorit\u00e9 sur un territoire d&rsquo;environ deux millions et demi de kilom\u00e8tres carr\u00e9s. Ceci l&rsquo;obligea \u00e0 g\u00e9rer les affaires avec les Indiens et bien entendu \u00e0 d\u00e9fendre la baie ainsi que la compagnie.<\/span><\/p>\n","protected":false},"excerpt":{"rendered":"<p>La baie d&rsquo;Hudson fut d\u00e9couverte par l&rsquo;explorateur Henry Hudson en 1610. Hudson partit d&rsquo;Angleterre le 17 juin 1610 sur le navire Discovery. Croyant avoir trouv\u00e9 le passage nord-ouest vers l&rsquo;Asie, il dirigea son navire en direction du sud et de &hellip; <a href=\"https:\/\/blogs.univ-jfc.fr\/projetlaperouse\/marin-et-soldat\/lexpedition-de-la-baie-dhudson\/histoire-de-la-baie-dhudson\/\">Lire la suite <span class=\"meta-nav\">&rarr;<\/span><\/a><\/p>\n","protected":false},"author":39,"featured_media":0,"parent":279,"menu_order":3,"comment_status":"closed","ping_status":"open","template":"","meta":[],"_links":{"self":[{"href":"https:\/\/blogs.univ-jfc.fr\/projetlaperouse\/wp-json\/wp\/v2\/pages\/2180"}],"collection":[{"href":"https:\/\/blogs.univ-jfc.fr\/projetlaperouse\/wp-json\/wp\/v2\/pages"}],"about":[{"href":"https:\/\/blogs.univ-jfc.fr\/projetlaperouse\/wp-json\/wp\/v2\/types\/page"}],"author":[{"embeddable":true,"href":"https:\/\/blogs.univ-jfc.fr\/projetlaperouse\/wp-json\/wp\/v2\/users\/39"}],"replies":[{"embeddable":true,"href":"https:\/\/blogs.univ-jfc.fr\/projetlaperouse\/wp-json\/wp\/v2\/comments?post=2180"}],"version-history":[{"count":18,"href":"https:\/\/blogs.univ-jfc.fr\/projetlaperouse\/wp-json\/wp\/v2\/pages\/2180\/revisions"}],"predecessor-version":[{"id":3973,"href":"https:\/\/blogs.univ-jfc.fr\/projetlaperouse\/wp-json\/wp\/v2\/pages\/2180\/revisions\/3973"}],"up":[{"embeddable":true,"href":"https:\/\/blogs.univ-jfc.fr\/projetlaperouse\/wp-json\/wp\/v2\/pages\/279"}],"wp:attachment":[{"href":"https:\/\/blogs.univ-jfc.fr\/projetlaperouse\/wp-json\/wp\/v2\/media?parent=2180"}],"curies":[{"name":"wp","href":"https:\/\/api.w.org\/{rel}","templated":true}]}}