{"id":2333,"date":"2014-03-27T09:35:24","date_gmt":"2014-03-27T08:35:24","guid":{"rendered":"http:\/\/blogs.univ-jfc.fr\/projetlaperouse\/?page_id=2333"},"modified":"2014-04-07T12:41:46","modified_gmt":"2014-04-07T11:41:46","slug":"dernieres-missions-et-temps-du-retour-1775-1777","status":"publish","type":"page","link":"https:\/\/blogs.univ-jfc.fr\/projetlaperouse\/marin-et-soldat\/dans-locean-indien\/dernieres-missions-et-temps-du-retour-1775-1777\/","title":{"rendered":"Derni\u00e8res missions et temps du retour (1775-1777)"},"content":{"rendered":"<p style=\"text-align: justify\"><strong><\/strong><span style=\"font-family: Arial, sans-serif\"><span style=\"font-size: medium\"><span style=\"color: #000000\">Affaibli par cinq ann\u00e9es de commandement dans l\u2019Oc\u00e9an Indien et par l&rsquo;\u00e9prouvante campagne militaire sur la c\u00f4te Malabar, Lap\u00e9rouse d\u00e9cida de passer un an \u00e0 terre en \u00cele de France. C&rsquo;est durant cette p\u00e9riode qu&rsquo;il retrouva <a title=\"El\u00e9onore Broudou\" href=\"http:\/\/blogs.univ-jfc.fr\/projetlaperouse\/marin-et-soldat\/dans-locean-indien\/eleonore-broudou\/\">\u00c9l\u00e9onore Broudou<\/a><\/span><span style=\"color: #000000\">\u00a0et envisagea m\u00eame un mariage avec elle, cependant, le refus de son p\u00e8re entrava cette alliance. Durant cette ann\u00e9e, Lap\u00e9rouse participa \u00e0 la nette \u00e9volution de Port-Louis. Il contribua \u00e0 la conception de cartes et de journaux. Lap\u00e9rouse apporta \u00e9galement son aide dans la lecture des notes de commandants ou d&rsquo;officiers. Avant son retour en m\u00e9tropole Lap\u00e9rouse se vit attribuer une derni\u00e8re mission \u00e0 Madagascar, en tant que commandant de l&rsquo;<\/span><span style=\"color: #000000\"><i>Iphig\u00e9nie. <\/i><\/span><span style=\"color: #000000\">I<\/span><span style=\"color: #000000\">l d\u00fbt accompagner le futur Gouverneur G\u00e9n\u00e9ral Bellecombe pour une exp\u00e9dition d&rsquo;inspection \u00e0 l\u2019\u00e9gard du baron B\u00e9nyowsky qui avait la r\u00e9putation d&rsquo;y exercer une politique tyrannique.<\/span><\/span><\/span><\/p>\n<p style=\"text-align: justify\" align=\"JUSTIFY\"><span style=\"color: #000000\">L&rsquo;intendant de l\u2019\u00eele de France ne supportait plus la gestion financi\u00e8re du baron. Il d\u00e9crivait sa capitale, Louisbourg, comme une ville en plein essor, or beaucoup disaient le contraire en affirmant y \u00eatre pass\u00e9s et n&rsquo;avoir vu qu&rsquo;une sorte de camp sans aucune \u00e9volution positive. Lap\u00e9rouse d\u00fbt donc se rendre sur place pour faire un rapport sur la situation r\u00e9elle du comptoir. Ainsi, le 17 septembre 1776, il d\u00e9barqua \u00e0 Foulointe, situ\u00e9e dans la r\u00e9gion de Tamatave, dans l&rsquo;Est de l\u2019\u00eele.<\/span><\/p>\n<div id=\"attachment_3978\" style=\"width: 610px\" class=\"wp-caption alignnone\"><a href=\"http:\/\/blogs.univ-jfc.fr\/projetlaperouse\/wp-content\/uploads\/sites\/9\/2014\/03\/ocean_indien.jpg\"><img aria-describedby=\"caption-attachment-3978\" loading=\"lazy\" class=\" wp-image-3978 \" alt=\"Carte et r\u00e9cit d'un voyage des vaisseaux du Roy L'Agr\u00e9able et La Mutine aux Indes orientales et leur retour en France en 1701. Encre de Chine sur papier. Unique quant \u00e0 la connaissance topographique du d\u00e9but du XVIIIe si\u00e8cle. source.\" src=\"http:\/\/blogs.univ-jfc.fr\/projetlaperouse\/wp-content\/uploads\/sites\/9\/2014\/03\/ocean_indien.jpg\" width=\"600\" height=\"396\" \/><\/a><p id=\"caption-attachment-3978\" class=\"wp-caption-text\">Carte et r\u00e9cit d&rsquo;un voyage des vaisseaux du Roy L&rsquo;Agr\u00e9able et La Mutine aux Indes orientales et leur retour en France en 1701. Encre de Chine sur papier. <a href=\"http:\/\/www.potomitan.info\/dodo\/c24.php\" target=\"_blank\">Source<\/a>.<\/p><\/div>\n<p align=\"JUSTIFY\"><span style=\"color: #000000\"> <span style=\"font-family: Calibri, sans-serif\"><span><span style=\"font-family: Arial, sans-serif\"><span style=\"font-size: medium\"> Dans ce village Lap\u00e9rouse se rendit compte que la population noire vivait dans la mis\u00e8re, que le commerce et les r\u00e9coltes \u00e9taient d\u00e9plorables et les hommes du corps de B\u00e9nyowsky semblaient tr\u00e8s affaiblis. Dans les jours qui suivirent, Lap\u00e9rouse se rendit \u00e0 Louisbourg, cens\u00e9 \u00eatre le lieu que B\u00e9nyowsky d\u00e9crivait comme resplendissante dans ses rapports. La r\u00e9alit\u00e9 \u00e9tait tout autre, les \u00e9tablissements \u00e9taient en friche. Lap\u00e9rouse tomba sur une centaine d&rsquo;europ\u00e9ens qui faisaient partie de l&rsquo;entourage du Baron, ceux-ci se trouvaient en tr\u00e8s mauvais \u00e9tat. De plus la politique int\u00e9rieure de B\u00e9nyowsky laissait \u00e9clater les conflits entre les clans autochtones, ravageant les terres et mena\u00e7ant la ma\u00eetrise du territoire. Suite \u00e0 cela, Monsieur de Bellecombe commen\u00e7a \u00e0 dresser un rapport catastrophique de la situation de l\u2019\u00eele et des dangers qu&rsquo;elle encourait. Ensuite Lap\u00e9rouse alla \u00e0 la baie d&rsquo;Antongil, situ\u00e9e au Nord de l\u2019\u00eele, avec les deux navires. Il vit une population encore plus mis\u00e9rable qu&rsquo;\u00e0 Louisbourg. Suite \u00e0 \u00e7a, il est rentr\u00e9 \u00e0 l\u2019\u00cele de France, dresser un rapport de la situation au gouverneur de Ternay. Il mit 45 jours, au lieu d&rsquo;une semaine, pour rejoindre sa destination, car sa coque \u00e9tait bien endommag\u00e9e.\u00a0<\/span><\/span><\/span><\/span><\/span><\/p>\n<p align=\"JUSTIFY\"><span style=\"font-family: Calibri, sans-serif\"><span style=\"color: #000000\"><span style=\"font-family: Arial, sans-serif\"><span style=\"font-size: medium\">En f\u00e9vrier 1776, Lap\u00e9rouse pr\u00e9pare son retour en France avec le chevalier de Ternay. Le 23 mai 1776, Lap\u00e9rouse vendit son habitation du Mesnil. Durant cette p\u00e9riode \u00c9l\u00e9onore Broudou et Lap\u00e9rouse ne cess\u00e8rent de s&rsquo;envoyer des lettres. Il lui aurait m\u00eame demand\u00e9 dans une de celles-ci de partir elle aussi pour la France. Car Lap\u00e9rouse pense pouvoir changer la vision de sa famille envers mademoiselle Broudou. C&rsquo;est un 16 d\u00e9cembre \u00e0 bord de La <\/span><\/span><\/span><span style=\"color: #000000\"><span style=\"font-family: Arial, sans-serif\"><span style=\"font-size: medium\"><i>Belle Poule <\/i><\/span><\/span><\/span><span style=\"color: #000000\"><span style=\"font-family: Arial, sans-serif\"><span style=\"font-size: medium\"> que <\/span><\/span><\/span><span style=\"color: #000000\"><span style=\"font-family: Arial, sans-serif\"><span style=\"font-size: medium\">Lap\u00e9rouse embarqua. Il fit halte \u00e0 l&rsquo;\u00eele Bourbon, qui \u00e9tait une escale traditionnelle, puis repartit en direction du Cap le premier janvier 1777. Le navire resta environ un mois ancr\u00e9 au Cap. Cette longue escale servit particuli\u00e8rement pour consolider la coque. Le 26 f\u00e9vrier, la <\/span><\/span><\/span><span style=\"color: #000000\"><span style=\"font-family: Arial, sans-serif\"><span style=\"font-size: medium\"><i>Belle poule, <\/i><\/span><\/span><\/span><span style=\"color: #000000\"><span style=\"font-family: Arial, sans-serif\"><span style=\"font-size: medium\">prit le large et arriva \u00e0 Lorient le 7 mai 1777, suite \u00e0 une courte escale \u00e0 l&rsquo;Ascension. Lap\u00e9rouse se rendit \u00e0 Paris le 15 mai o\u00f9 il re\u00e7ut sont brevet de lieutenant de vaisseau.<\/span><\/span><\/span><\/span><\/p>\n<p align=\"JUSTIFY\"><span style=\"color: #000000\"><span style=\"font-family: Arial, sans-serif\"><span style=\"font-size: medium\"> Au regard de la dur\u00e9e de son s\u00e9jour dans l&rsquo;Oc\u00e9an Indien de 1772 \u00e0 1777, la carri\u00e8re de l&rsquo;enseigne de vaisseau Lap\u00e9rouse dans cette r\u00e9gion, appara\u00eet comme une \u00e9tape br\u00e8ve de sa carri\u00e8re, d&rsquo;autant plus br\u00e8ve si l&rsquo;on compte les temps de trajets qui nous paraissent avec notre regard actuel d\u00e9mesur\u00e9ment longs. Mais il est ind\u00e9niable que cet \u00e9pisode maritime participe \u00e0 parfaire sa formation de navigateur et aur\u00e9ole d&rsquo;un succ\u00e8s militaire avec l&rsquo;\u00e9pisode de la d\u00e9fense de Mah\u00e9, sa jeune carri\u00e8re. Son passage dans l&rsquo;Oc\u00e9an Indien marquera sa vie personnelle par la rencontre de sa future \u00e9pouse \u00c9l\u00e9onore Broudou, \u00e9pisode tr\u00e8s important pour le navigateur. Son retour en France et son envoi en Am\u00e9rique pour soutenir l&rsquo;action des <i>insurgents<\/i> contre la couronne britannique n&rsquo;auront de cesse de confirmer son talent de marin et soldat dont <a title=\"L\u2019exp\u00e9dition de la baie d\u2019Hudson\" href=\"http:\/\/blogs.univ-jfc.fr\/projetlaperouse\/marin-et-soldat\/lexpedition-de-la-baie-dhudson\/\">le fait d&rsquo;arme de la baie d&rsquo;Hudson <\/a>en est l&rsquo;exemple le plus embl\u00e9matique.<\/span><\/span><\/span><\/p>\n<p align=\"CENTER\"><a title=\"Bibliographie &amp; sitographie\" href=\"http:\/\/blogs.univ-jfc.fr\/projetlaperouse\/bibliographie\/\"><span style=\"color: #000000\"><span style=\"font-family: Arial, sans-serif\"><span style=\"font-size: medium\"><span style=\"color: #0000ff\">[bibliographie<\/span><span style=\"color: #2323dc\">]<\/span><\/span><\/span><\/span><\/a><\/p>\n","protected":false},"excerpt":{"rendered":"<p>Affaibli par cinq ann\u00e9es de commandement dans l\u2019Oc\u00e9an Indien et par l&rsquo;\u00e9prouvante campagne militaire sur la c\u00f4te Malabar, Lap\u00e9rouse d\u00e9cida de passer un an \u00e0 terre en \u00cele de France. C&rsquo;est durant cette p\u00e9riode qu&rsquo;il retrouva \u00c9l\u00e9onore Broudou\u00a0et envisagea m\u00eame &hellip; <a href=\"https:\/\/blogs.univ-jfc.fr\/projetlaperouse\/marin-et-soldat\/dans-locean-indien\/dernieres-missions-et-temps-du-retour-1775-1777\/\">Lire la suite <span class=\"meta-nav\">&rarr;<\/span><\/a><\/p>\n","protected":false},"author":43,"featured_media":0,"parent":277,"menu_order":3,"comment_status":"closed","ping_status":"open","template":"","meta":[],"_links":{"self":[{"href":"https:\/\/blogs.univ-jfc.fr\/projetlaperouse\/wp-json\/wp\/v2\/pages\/2333"}],"collection":[{"href":"https:\/\/blogs.univ-jfc.fr\/projetlaperouse\/wp-json\/wp\/v2\/pages"}],"about":[{"href":"https:\/\/blogs.univ-jfc.fr\/projetlaperouse\/wp-json\/wp\/v2\/types\/page"}],"author":[{"embeddable":true,"href":"https:\/\/blogs.univ-jfc.fr\/projetlaperouse\/wp-json\/wp\/v2\/users\/43"}],"replies":[{"embeddable":true,"href":"https:\/\/blogs.univ-jfc.fr\/projetlaperouse\/wp-json\/wp\/v2\/comments?post=2333"}],"version-history":[{"count":15,"href":"https:\/\/blogs.univ-jfc.fr\/projetlaperouse\/wp-json\/wp\/v2\/pages\/2333\/revisions"}],"predecessor-version":[{"id":2688,"href":"https:\/\/blogs.univ-jfc.fr\/projetlaperouse\/wp-json\/wp\/v2\/pages\/2333\/revisions\/2688"}],"up":[{"embeddable":true,"href":"https:\/\/blogs.univ-jfc.fr\/projetlaperouse\/wp-json\/wp\/v2\/pages\/277"}],"wp:attachment":[{"href":"https:\/\/blogs.univ-jfc.fr\/projetlaperouse\/wp-json\/wp\/v2\/media?parent=2333"}],"curies":[{"name":"wp","href":"https:\/\/api.w.org\/{rel}","templated":true}]}}